CRAN Package Check Results for Package cubing

Last updated on 2019-08-21 02:49:03 CEST.

Flavor Version Tinstall Tcheck Ttotal Status Flags
r-devel-linux-x86_64-debian-clang 1.0-5 26.22 56.44 82.66 OK
r-devel-linux-x86_64-debian-gcc 1.0-5 23.65 44.31 67.96 OK
r-devel-linux-x86_64-fedora-clang 1.0-5 104.49 OK
r-devel-linux-x86_64-fedora-gcc 1.0-5 103.22 OK
r-devel-windows-ix86+x86_64 1.0-5 49.00 111.00 160.00 OK
r-patched-linux-x86_64 1.0-5 25.43 55.68 81.11 OK
r-patched-solaris-x86 1.0-5 171.20 OK
r-release-linux-x86_64 1.0-5 26.60 56.00 82.60 OK
r-release-windows-ix86+x86_64 1.0-5 37.00 82.00 119.00 OK
r-release-osx-x86_64 1.0-5 WARN
r-oldrel-windows-ix86+x86_64 1.0-5 45.00 107.00 152.00 OK
r-oldrel-osx-x86_64 1.0-5 OK

Check Details

Version: 1.0-5
Check: whether package can be installed
Result: WARN
    Found the following significant warnings:
     Warning: 'rgl_init' failed, running with rgl.useNULL = TRUE
Flavor: r-release-osx-x86_64