CRAN Package Check Results for Package cudaBayesreg

Last updated on 2014-09-02 08:47:12.

Flavor Version Tinstall Tcheck Ttotal Status Flags
r-devel-linux-x86_64-debian-clang 0.3-15 1.94 22.20 24.14 OK --install=fake
r-devel-linux-x86_64-debian-gcc 0.3-15 1.75 21.18 22.93 OK --install=fake
r-devel-linux-x86_64-fedora-clang 0.3-15 48.16 OK --install=fake
r-devel-linux-x86_64-fedora-gcc 0.3-15 44.18 OK --install=fake
r-patched-linux-x86_64 0.3-15 1.87 21.94 23.81 OK --install=fake
r-release-linux-ix86 0.3-15 2.42 29.68 32.09 OK --install=fake
r-release-linux-x86_64 0.3-15 1.90 22.79 24.69 OK --install=fake
r-release-osx-x86_64-mavericks 0.3-15 ERROR
r-release-osx-x86_64-snowleopard 0.3-15 ERROR

Check Details

Version: 0.3-15
Check: whether package can be installed
Result: ERROR
    Installation failed.
Flavors: r-release-osx-x86_64-mavericks, r-release-osx-x86_64-snowleopard