CRAN Package Check Results for Package cudaBayesreg

Last updated on 2015-02-01 11:47:08.

Flavor Version Tinstall Tcheck Ttotal Status Flags
r-devel-linux-x86_64-debian-clang 0.3-16 1.34 17.52 18.86 NOTE --install=fake
r-devel-linux-x86_64-debian-gcc 0.3-16 1.27 17.57 18.84 NOTE --install=fake
r-devel-linux-x86_64-fedora-clang 0.3-16 43.91 NOTE --install=fake
r-devel-linux-x86_64-fedora-gcc 0.3-16 34.22 NOTE --install=fake
r-patched-linux-x86_64 0.3-16 1.82 22.92 24.74 NOTE --install=fake
r-release-linux-ix86 0.3-16 2.17 29.50 31.67 OK --install=fake
r-release-linux-x86_64 0.3-16 1.71 23.01 24.72 OK --install=fake
r-release-osx-x86_64-mavericks 0.3-16 ERROR
r-release-osx-x86_64-snowleopard 0.3-16 ERROR

Check Details

Version: 0.3-16
Flags: --install=fake
Check: S3 generic/method consistency
Result: NOTE
    Found the following apparent S3 methods exported but not registered:
     plot.bayesm.mat plot.hcoef.post
    See section ‘Registering S3 methods’ in the ‘Writing R Extensions’
    manual.
Flavors: r-devel-linux-x86_64-debian-clang, r-devel-linux-x86_64-debian-gcc, r-devel-linux-x86_64-fedora-clang, r-devel-linux-x86_64-fedora-gcc

Version: 0.3-16
Flags: --install=fake
Check: for GNU extensions in Makefiles
Result: NOTE
    GNU make is a SystemRequirements.
Flavors: r-devel-linux-x86_64-debian-clang, r-devel-linux-x86_64-debian-gcc, r-devel-linux-x86_64-fedora-clang, r-devel-linux-x86_64-fedora-gcc, r-patched-linux-x86_64

Version: 0.3-16
Check: whether package can be installed
Result: ERROR
    Installation failed.
Flavors: r-release-osx-x86_64-mavericks, r-release-osx-x86_64-snowleopard