CRAN Package Check Results for Package cudaBayesreg

Last updated on 2014-07-23 08:49:45.

Flavor Version Tinstall Tcheck Ttotal Status Flags
r-devel-linux-x86_64-debian-clang 0.3-15 1.76 22.55 24.31 OK --install=fake
r-devel-linux-x86_64-debian-gcc 0.3-15 1.73 21.92 23.65 OK --install=fake
r-devel-linux-x86_64-fedora-clang 0.3-15 47.87 OK --install=fake
r-devel-linux-x86_64-fedora-gcc 0.3-15 44.93 OK --install=fake
r-patched-linux-x86_64 0.3-15 1.74 21.99 23.73 OK --install=fake
r-release-linux-ix86 0.3-15 2.22 31.86 34.08 OK --install=fake
r-release-linux-x86_64 0.3-15 1.87 22.05 23.92 OK --install=fake
r-release-osx-x86_64-mavericks 0.3-15 ERROR
r-release-osx-x86_64-snowleopard 0.3-15 ERROR

Check Details

Version: 0.3-15
Check: whether package can be installed
Result: ERROR
    Installation failed.
    See ‘/Builds/CRAN-QA-Simon/packages/mavericks-x86_64/results/3.1/cudaBayesreg.Rcheck/00install.out’ for details.
Flavor: r-release-osx-x86_64-mavericks

Version: 0.3-15
Check: whether package can be installed
Result: ERROR
    Installation failed.
    See ‘/Volumes/XT3/Builds/R-dev-web/QA/Simon/packages/snowleopard-x86_64/results/3.1/cudaBayesreg.Rcheck/00install.out’ for details.
Flavor: r-release-osx-x86_64-snowleopard