CRAN Package Check Results for Package cudaBayesreg

Last updated on 2015-05-22 21:46:26.

Flavor Version Tinstall Tcheck Ttotal Status Flags
r-devel-linux-x86_64-debian-clang 0.3-16 1.61 21.26 22.88 NOTE --install=fake
r-devel-linux-x86_64-debian-gcc 0.3-16 1.87 20.26 22.13 NOTE --install=fake
r-devel-linux-x86_64-fedora-clang 0.3-16 41.61 NOTE --install=fake
r-devel-linux-x86_64-fedora-gcc 0.3-16 41.45 NOTE --install=fake
r-patched-linux-x86_64 0.3-16 1.62 20.22 21.84 NOTE --install=fake
r-release-linux-x86_64 0.3-16 2.24 20.36 22.60 NOTE --install=fake
r-release-osx-x86_64-mavericks 0.3-16 ERROR
r-release-osx-x86_64-snowleopard 0.3-16 ERROR

Check Details

Version: 0.3-16
Flags: --install=fake
Check: S3 generic/method consistency
Result: NOTE
    Found the following apparent S3 methods exported but not registered:
     plot.bayesm.mat plot.hcoef.post
    See section ‘Registering S3 methods’ in the ‘Writing R Extensions’
    manual.
Flavors: r-devel-linux-x86_64-debian-clang, r-devel-linux-x86_64-debian-gcc, r-devel-linux-x86_64-fedora-clang, r-devel-linux-x86_64-fedora-gcc, r-patched-linux-x86_64, r-release-linux-x86_64

Version: 0.3-16
Flags: --install=fake
Check: for GNU extensions in Makefiles
Result: NOTE
    GNU make is a SystemRequirements.
Flavors: r-devel-linux-x86_64-debian-clang, r-devel-linux-x86_64-debian-gcc, r-devel-linux-x86_64-fedora-clang, r-devel-linux-x86_64-fedora-gcc, r-patched-linux-x86_64, r-release-linux-x86_64

Version: 0.3-16
Check: whether package can be installed
Result: ERROR
    Installation failed.
Flavors: r-release-osx-x86_64-mavericks, r-release-osx-x86_64-snowleopard