CRAN Package Check Results for Package cudaBayesreg

Last updated on 2014-12-21 18:52:02.

Flavor Version Tinstall Tcheck Ttotal Status Flags
r-devel-linux-x86_64-debian-clang 0.3-15 1.75 22.73 24.48 OK --install=fake
r-devel-linux-x86_64-debian-gcc 0.3-15 1.58 21.63 23.21 OK --install=fake
r-devel-linux-x86_64-fedora-clang 0.3-15 48.08 OK --install=fake
r-devel-linux-x86_64-fedora-gcc 0.3-15 44.20 OK --install=fake
r-patched-linux-x86_64 0.3-15 1.71 23.04 24.75 OK --install=fake
r-release-linux-ix86 0.3-15 2.12 28.74 30.85 OK --install=fake
r-release-linux-x86_64 0.3-15 1.72 23.76 25.47 OK --install=fake
r-release-osx-x86_64-mavericks 0.3-15 ERROR
r-release-osx-x86_64-snowleopard 0.3-15 ERROR

Check Details

Version: 0.3-15
Check: whether package can be installed
Result: ERROR
    Installation failed.
Flavors: r-release-osx-x86_64-mavericks, r-release-osx-x86_64-snowleopard