CRAN Package Check Results for Package cudaBayesreg

Last updated on 2015-03-06 09:49:29.

Flavor Version Tinstall Tcheck Ttotal Status Flags
r-devel-linux-x86_64-debian-clang 0.3-16 1.97 17.97 19.94 NOTE --install=fake
r-devel-linux-x86_64-debian-gcc 0.3-16 1.24 17.65 18.90 NOTE --install=fake
r-devel-linux-x86_64-fedora-clang 0.3-16 35.78 NOTE --install=fake
r-devel-linux-x86_64-fedora-gcc 0.3-16 33.09 NOTE --install=fake
r-patched-linux-x86_64 0.3-16 1.74 23.41 25.15 NOTE --install=fake
r-release-linux-ix86 0.3-16 2.17 29.78 31.95 OK --install=fake
r-release-linux-x86_64 0.3-16 1.78 22.44 24.22 OK --install=fake
r-release-osx-x86_64-mavericks 0.3-16 ERROR
r-release-osx-x86_64-snowleopard 0.3-16 ERROR

Check Details

Version: 0.3-16
Flags: --install=fake
Check: S3 generic/method consistency
Result: NOTE
    Found the following apparent S3 methods exported but not registered:
     plot.bayesm.mat plot.hcoef.post
    See section ‘Registering S3 methods’ in the ‘Writing R Extensions’
    manual.
Flavors: r-devel-linux-x86_64-debian-clang, r-devel-linux-x86_64-debian-gcc, r-devel-linux-x86_64-fedora-clang, r-devel-linux-x86_64-fedora-gcc

Version: 0.3-16
Flags: --install=fake
Check: for GNU extensions in Makefiles
Result: NOTE
    GNU make is a SystemRequirements.
Flavors: r-devel-linux-x86_64-debian-clang, r-devel-linux-x86_64-debian-gcc, r-devel-linux-x86_64-fedora-clang, r-devel-linux-x86_64-fedora-gcc, r-patched-linux-x86_64

Version: 0.3-16
Check: whether package can be installed
Result: ERROR
    Installation failed.
Flavors: r-release-osx-x86_64-mavericks, r-release-osx-x86_64-snowleopard