CRAN Package Check Results for Package cudaBayesreg

Last updated on 2014-11-22 10:52:58.

Flavor Version Tinstall Tcheck Ttotal Status Flags
r-devel-linux-x86_64-debian-clang 0.3-15 1.69 22.71 24.40 OK --install=fake
r-devel-linux-x86_64-debian-gcc 0.3-15 2.18 21.64 23.81 OK --install=fake
r-devel-linux-x86_64-fedora-clang 0.3-15 47.71 OK --install=fake
r-devel-linux-x86_64-fedora-gcc 0.3-15 43.25 OK --install=fake
r-patched-linux-x86_64 0.3-15 1.86 22.90 24.76 OK --install=fake
r-release-linux-ix86 0.3-15 2.11 28.76 30.87 OK --install=fake
r-release-linux-x86_64 0.3-15 1.74 22.52 24.26 OK --install=fake
r-release-osx-x86_64-mavericks 0.3-15 ERROR
r-release-osx-x86_64-snowleopard 0.3-15 ERROR

Check Details

Version: 0.3-15
Check: whether package can be installed
Result: ERROR
    Installation failed.
Flavors: r-release-osx-x86_64-mavericks, r-release-osx-x86_64-snowleopard