CRAN Package Check Results for Package cudaBayesreg

Last updated on 2014-04-24 11:48:43.

Flavor Version Tinstall Tcheck Ttotal Status Flags
r-devel-linux-x86_64-debian-clang 0.3-15 1.86 23.69 25.55 OK --install=fake
r-devel-linux-x86_64-debian-gcc 0.3-15 1.85 23.88 25.72 OK --install=fake
r-devel-linux-x86_64-fedora-clang 0.3-15 48.25 OK --install=fake
r-devel-linux-x86_64-fedora-gcc 0.3-15 45.74 OK --install=fake
r-devel-osx-x86_64-gcc 0.3-15 ERROR
r-patched-linux-x86_64 0.3-15 2.00 24.14 26.14 OK --install=fake
r-release-linux-ix86 0.3-15 3.00 42.00 45.00 OK --install=fake
r-release-linux-x86_64 0.3-15 1.89 23.68 25.56 OK --install=fake
r-release-osx-x86_64-mavericks 0.3-15 ERROR
r-release-osx-x86_64-snowleopard 0.3-15 ERROR

Check Details

Version: 0.3-15
Check: whether package can be installed
Result: ERROR
    Installation failed.
    See ‘/Volumes/XT3/Builds/R-dev-web/QA/Simon/packages/snowleopard-x86_64/results/3.2/cudaBayesreg.Rcheck/00install.out’ for details.
Flavor: r-devel-osx-x86_64-gcc

Version: 0.3-15
Check: whether package can be installed
Result: ERROR
    Installation failed.
    See ‘/Builds/CRAN-QA-Simon/packages/mavericks-x86_64/results/3.1/cudaBayesreg.Rcheck/00install.out’ for details.
Flavor: r-release-osx-x86_64-mavericks

Version: 0.3-15
Check: whether package can be installed
Result: ERROR
    Installation failed.
    See ‘/Volumes/XT3/Builds/R-dev-web/QA/Simon/packages/snowleopard-x86_64/results/3.1/cudaBayesreg.Rcheck/00install.out’ for details.
Flavor: r-release-osx-x86_64-snowleopard