CRAN Package Check Results for Package cudaBayesreg

Last updated on 2014-10-26 01:48:03.

Flavor Version Tinstall Tcheck Ttotal Status Flags
r-devel-linux-x86_64-debian-clang 0.3-15 1.71 22.52 24.23 OK --install=fake
r-devel-linux-x86_64-debian-gcc 0.3-15 1.63 21.88 23.51 OK --install=fake
r-devel-linux-x86_64-fedora-clang 0.3-15 40.47 OK --install=fake
r-devel-linux-x86_64-fedora-gcc 0.3-15 42.97 OK --install=fake
r-patched-linux-x86_64 0.3-15 1.74 22.72 24.46 OK --install=fake
r-release-linux-ix86 0.3-15 2.27 30.00 32.27 OK --install=fake
r-release-linux-x86_64 0.3-15 1.78 23.25 25.03 OK --install=fake
r-release-osx-x86_64-mavericks 0.3-15 ERROR
r-release-osx-x86_64-snowleopard 0.3-15 ERROR

Check Details

Version: 0.3-15
Check: whether package can be installed
Result: ERROR
    Installation failed.
Flavors: r-release-osx-x86_64-mavericks, r-release-osx-x86_64-snowleopard