CRAN Package Check Results for Package cudaBayesreg

Last updated on 2014-08-23 06:48:30.

Flavor Version Tinstall Tcheck Ttotal Status Flags
r-devel-linux-x86_64-debian-clang 0.3-15 2.36 22.40 24.76 OK --install=fake
r-devel-linux-x86_64-debian-gcc 0.3-15 1.67 21.69 23.36 OK --install=fake
r-devel-linux-x86_64-fedora-clang 0.3-15 46.27 OK --install=fake
r-devel-linux-x86_64-fedora-gcc 0.3-15 43.25 OK --install=fake
r-patched-linux-x86_64 0.3-15 1.75 22.08 23.83 OK --install=fake
r-release-linux-ix86 0.3-15 2.28 30.25 32.53 OK --install=fake
r-release-linux-x86_64 0.3-15 1.81 22.48 24.29 OK --install=fake
r-release-osx-x86_64-mavericks 0.3-15 ERROR
r-release-osx-x86_64-snowleopard 0.3-15 ERROR

Check Details

Version: 0.3-15
Check: whether package can be installed
Result: ERROR
    Installation failed.
Flavors: r-release-osx-x86_64-mavericks, r-release-osx-x86_64-snowleopard