CRAN Package Check Results for Package cultevo

Last updated on 2020-05-27 14:48:50 CEST.

Flavor Version Tinstall Tcheck Ttotal Status Flags
r-devel-linux-x86_64-debian-clang 1.0.2 2.96 320.34 323.30 OK
r-devel-linux-x86_64-debian-gcc 1.0.2 2.85 233.75 236.60 OK
r-devel-linux-x86_64-fedora-clang 1.0.2 365.44 OK
r-devel-linux-x86_64-fedora-gcc 1.0.2 363.61 OK
r-devel-windows-ix86+x86_64 1.0.2 15.00 400.00 415.00 OK
r-patched-linux-x86_64 1.0.2 3.95 300.16 304.11 OK
r-patched-solaris-x86 1.0.2 746.70 OK
r-release-linux-x86_64 1.0.2 4.10 305.84 309.94 OK
r-release-osx-x86_64 1.0.2 NOTE
r-release-windows-ix86+x86_64 1.0.2 12.00 400.00 412.00 OK
r-oldrel-osx-x86_64 1.0.2 NOTE
r-oldrel-windows-ix86+x86_64 1.0.2 6.00 318.00 324.00 OK

Check Details

Version: 1.0.2
Check: dependencies in R code
Result: NOTE
    Namespace in Imports field not imported from: ‘pspearman’
     All declared Imports should be used.
Flavors: r-release-osx-x86_64, r-oldrel-osx-x86_64