CRAN Package Check Results for Package cultevo

Last updated on 2021-12-06 11:51:52 CET.

Flavor Version Tinstall Tcheck Ttotal Status Flags
r-devel-linux-x86_64-debian-clang 1.0.2 3.55 325.74 329.29 OK
r-devel-linux-x86_64-debian-gcc 1.0.2 3.07 238.16 241.23 OK
r-devel-linux-x86_64-fedora-clang 1.0.2 380.61 OK
r-devel-linux-x86_64-fedora-gcc 1.0.2 359.71 OK
r-devel-windows-x86_64-new-UL 1.0.2 12.00 354.00 366.00 OK
r-devel-windows-x86_64-new-TK 1.0.2 NOTE
r-devel-windows-x86_64-old 1.0.2 8.00 304.00 312.00 OK
r-patched-linux-x86_64 1.0.2 3.48 291.92 295.40 OK
r-release-linux-x86_64 1.0.2 2.33 297.78 300.11 OK
r-release-macos-arm64 1.0.2 NOTE
r-release-macos-x86_64 1.0.2 NOTE
r-release-windows-ix86+x86_64 1.0.2 8.00 368.00 376.00 OK
r-oldrel-macos-x86_64 1.0.2 NOTE
r-oldrel-windows-ix86+x86_64 1.0.2 9.00 378.00 387.00 OK

Check Details

Version: 1.0.2
Check: dependencies in R code
Result: NOTE
    Namespace in Imports field not imported from: 'pspearman'
     All declared Imports should be used.
Flavors: r-devel-windows-x86_64-new-TK, r-release-macos-arm64, r-release-macos-x86_64, r-oldrel-macos-x86_64