CRAN Package Check Results for Package cultevo

Last updated on 2019-11-13 17:47:10 CET.

Flavor Version Tinstall Tcheck Ttotal Status Flags
r-devel-linux-x86_64-debian-clang 1.0.2 3.82 296.29 300.11 OK
r-devel-linux-x86_64-debian-gcc 1.0.2 2.71 223.12 225.83 OK
r-devel-linux-x86_64-fedora-clang 1.0.2 337.81 OK
r-devel-linux-x86_64-fedora-gcc 1.0.2 338.55 OK
r-devel-windows-ix86+x86_64 1.0.2 10.00 398.00 408.00 OK
r-patched-linux-x86_64 1.0.2 2.42 283.93 286.35 OK
r-patched-solaris-x86 1.0.2 697.80 OK
r-release-linux-x86_64 1.0.2 3.17 287.76 290.93 OK
r-release-windows-ix86+x86_64 1.0.2 11.00 295.00 306.00 OK
r-release-osx-x86_64 1.0.2 NOTE
r-oldrel-windows-ix86+x86_64 1.0.2 5.00 85.00 90.00 OK
r-oldrel-osx-x86_64 1.0.2 NOTE

Check Details

Version: 1.0.2
Check: dependencies in R code
Result: NOTE
    Namespace in Imports field not imported from: ‘pspearman’
     All declared Imports should be used.
Flavors: r-release-osx-x86_64, r-oldrel-osx-x86_64