CRAN Package Check Results for Package currentSurvival

Last updated on 2015-07-03 13:46:26.

Flavor Version Tinstall Tcheck Ttotal Status Flags
r-devel-linux-x86_64-debian-clang 1.0 0.78 16.36 17.14 NOTE
r-devel-linux-x86_64-debian-gcc 1.0 0.71 15.77 16.48 NOTE
r-devel-linux-x86_64-fedora-clang 1.0 30.83 NOTE
r-devel-linux-x86_64-fedora-gcc 1.0 29.45 NOTE
r-devel-osx-x86_64-clang 1.0 30.95 OK
r-devel-windows-ix86+x86_64 1.0 6.00 27.00 33.00 OK
r-patched-linux-x86_64 1.0 0.75 15.54 16.28 OK
r-patched-solaris-sparc 1.0 202.50 OK
r-patched-solaris-x86 1.0 43.30 OK
r-release-linux-x86_64 1.0 0.76 17.24 18.00 OK
r-release-osx-x86_64-mavericks 1.0 OK
r-release-windows-ix86+x86_64 1.0 3.00 25.00 28.00 OK
r-oldrel-windows-ix86+x86_64 1.0 4.00 32.00 36.00 OK

Check Details

Version: 1.0
Check: R code for possible problems
Result: NOTE
    cci.nostrat: no visible global function definition for ‘quantile’
    cci.nostrat: no visible global function definition for ‘plot’
    cci.nostrat: no visible global function definition for ‘axis’
    cci.nostrat: no visible global function definition for ‘lines’
    cci.nostrat: no visible global function definition for ‘legend’
    cci.strat: no visible global function definition for ‘plot’
    cci.strat: no visible global function definition for ‘axis’
    cci.strat: no visible global function definition for ‘lines’
    cci.strat: no visible global function definition for ‘legend’
    clfs.nostrat: no visible global function definition for ‘quantile’
    clfs.nostrat: no visible global function definition for ‘plot’
    clfs.nostrat: no visible global function definition for ‘axis’
    clfs.nostrat: no visible global function definition for ‘lines’
    clfs.nostrat: no visible global function definition for ‘legend’
    clfs.strat: no visible global function definition for ‘plot’
    clfs.strat: no visible global function definition for ‘axis’
    clfs.strat: no visible global function definition for ‘lines’
    clfs.strat: no visible global function definition for ‘legend’
    pvals.2cat: no visible global function definition for ‘pchisq’
    pvals.cat: no visible global function definition for ‘pchisq’
    Undefined global functions or variables:
     axis legend lines pchisq plot quantile
Flavors: r-devel-linux-x86_64-debian-clang, r-devel-linux-x86_64-debian-gcc, r-devel-linux-x86_64-fedora-clang, r-devel-linux-x86_64-fedora-gcc