Last updated on 2023-03-30 03:52:31 CEST.
Flavor | Version | Tinstall | Tcheck | Ttotal | Status | Flags |
---|---|---|---|---|---|---|
r-devel-linux-x86_64-debian-clang | 1.1 | 11.06 | 78.91 | 89.97 | OK | |
r-devel-linux-x86_64-debian-gcc | 1.1 | 7.76 | 60.62 | 68.38 | OK | |
r-devel-linux-x86_64-fedora-clang | 1.1 | 111.20 | OK | |||
r-devel-linux-x86_64-fedora-gcc | 1.1 | 107.55 | OK | |||
r-devel-windows-x86_64 | 1.1 | 43.00 | 0.00 | 43.00 | OK | |
r-patched-linux-x86_64 | 1.1 | 12.40 | 75.64 | 88.04 | OK | |
r-release-linux-x86_64 | 1.1 | 8.28 | 75.83 | 84.11 | OK | |
r-release-macos-arm64 | 1.1 | 38.00 | OK | |||
r-release-macos-x86_64 | 1.1 | 49.00 | OK | |||
r-release-windows-x86_64 | 1.1 | 46.00 | 110.00 | 156.00 | OK | |
r-oldrel-macos-arm64 | 1.0 | 41.00 | NOTE | |||
r-oldrel-macos-x86_64 | 1.0 | 61.00 | NOTE | |||
r-oldrel-windows-ix86+x86_64 | 1.0 | 20.00 | 87.00 | 107.00 | NOTE |
Version: 1.0
Check: R code for possible problems
Result: NOTE
cci.nostrat: no visible global function definition for ‘quantile’
cci.nostrat: no visible global function definition for ‘axis’
cci.nostrat: no visible global function definition for ‘lines’
cci.nostrat: no visible global function definition for ‘legend’
cci.strat: no visible global function definition for ‘axis’
cci.strat: no visible global function definition for ‘lines’
cci.strat: no visible global function definition for ‘legend’
clfs.nostrat: no visible global function definition for ‘quantile’
clfs.nostrat: no visible global function definition for ‘axis’
clfs.nostrat: no visible global function definition for ‘lines’
clfs.nostrat: no visible global function definition for ‘legend’
clfs.strat: no visible global function definition for ‘axis’
clfs.strat: no visible global function definition for ‘lines’
clfs.strat: no visible global function definition for ‘legend’
pvals.2cat: no visible global function definition for ‘pchisq’
pvals.cat: no visible global function definition for ‘pchisq’
Undefined global functions or variables:
axis legend lines pchisq quantile
Consider adding
importFrom("graphics", "axis", "legend", "lines")
importFrom("stats", "pchisq", "quantile")
to your NAMESPACE file.
Flavors: r-oldrel-macos-arm64, r-oldrel-macos-x86_64, r-oldrel-windows-ix86+x86_64