CRAN Package Check Results for Package currentSurvival

Last updated on 2017-04-30 05:48:15.

Flavor Version Tinstall Tcheck Ttotal Status Flags
r-devel-linux-x86_64-debian-clang 1.0 2.54 36.70 39.25 NOTE
r-devel-linux-x86_64-debian-gcc 1.0 2.43 36.67 39.11 NOTE
r-devel-linux-x86_64-fedora-clang 1.0 85.32 NOTE --no-stop-on-test-error
r-devel-linux-x86_64-fedora-gcc 1.0 82.82 NOTE --no-stop-on-test-error
r-devel-windows-ix86+x86_64 1.0 10.00 66.00 76.00 NOTE
r-patched-linux-x86_64 1.0 2.64 36.91 39.55 NOTE
r-patched-solaris-sparc 1.0 502.70 NOTE
r-patched-solaris-x86 1.0 112.70 NOTE
r-release-linux-x86_64 1.0 2.49 37.09 39.59 NOTE
r-release-windows-ix86+x86_64 1.0 13.00 87.00 100.00 NOTE
r-release-osx-x86_64 1.0 NOTE
r-oldrel-windows-ix86+x86_64 1.0 10.00 80.00 90.00 NOTE
r-oldrel-osx-x86_64 1.0 NOTE

Check Details

Version: 1.0
Check: R code for possible problems
Result: NOTE
    cci.nostrat: no visible global function definition for ‘quantile’
    cci.nostrat: no visible global function definition for ‘plot’
    cci.nostrat: no visible global function definition for ‘axis’
    cci.nostrat: no visible global function definition for ‘lines’
    cci.nostrat: no visible global function definition for ‘legend’
    cci.strat: no visible global function definition for ‘plot’
    cci.strat: no visible global function definition for ‘axis’
    cci.strat: no visible global function definition for ‘lines’
    cci.strat: no visible global function definition for ‘legend’
    clfs.nostrat: no visible global function definition for ‘quantile’
    clfs.nostrat: no visible global function definition for ‘plot’
    clfs.nostrat: no visible global function definition for ‘axis’
    clfs.nostrat: no visible global function definition for ‘lines’
    clfs.nostrat: no visible global function definition for ‘legend’
    clfs.strat: no visible global function definition for ‘plot’
    clfs.strat: no visible global function definition for ‘axis’
    clfs.strat: no visible global function definition for ‘lines’
    clfs.strat: no visible global function definition for ‘legend’
    pvals.2cat: no visible global function definition for ‘pchisq’
    pvals.cat: no visible global function definition for ‘pchisq’
    Undefined global functions or variables:
     axis legend lines pchisq plot quantile
    Consider adding
     importFrom("graphics", "axis", "legend", "lines", "plot")
     importFrom("stats", "pchisq", "quantile")
    to your NAMESPACE file.
Flavors: r-devel-linux-x86_64-debian-clang, r-devel-linux-x86_64-debian-gcc, r-devel-windows-ix86+x86_64, r-patched-linux-x86_64, r-patched-solaris-sparc, r-patched-solaris-x86, r-release-linux-x86_64, r-release-windows-ix86+x86_64, r-release-osx-x86_64, r-oldrel-windows-ix86+x86_64, r-oldrel-osx-x86_64

Version: 1.0
Flags: --no-stop-on-test-error
Check: R code for possible problems
Result: NOTE
    cci.nostrat: no visible global function definition for ‘quantile’
    cci.nostrat: no visible global function definition for ‘plot’
    cci.nostrat: no visible global function definition for ‘axis’
    cci.nostrat: no visible global function definition for ‘lines’
    cci.nostrat: no visible global function definition for ‘legend’
    cci.strat: no visible global function definition for ‘plot’
    cci.strat: no visible global function definition for ‘axis’
    cci.strat: no visible global function definition for ‘lines’
    cci.strat: no visible global function definition for ‘legend’
    clfs.nostrat: no visible global function definition for ‘quantile’
    clfs.nostrat: no visible global function definition for ‘plot’
    clfs.nostrat: no visible global function definition for ‘axis’
    clfs.nostrat: no visible global function definition for ‘lines’
    clfs.nostrat: no visible global function definition for ‘legend’
    clfs.strat: no visible global function definition for ‘plot’
    clfs.strat: no visible global function definition for ‘axis’
    clfs.strat: no visible global function definition for ‘lines’
    clfs.strat: no visible global function definition for ‘legend’
    pvals.2cat: no visible global function definition for ‘pchisq’
    pvals.cat: no visible global function definition for ‘pchisq’
    Undefined global functions or variables:
     axis legend lines pchisq plot quantile
    Consider adding
     importFrom("graphics", "axis", "legend", "lines", "plot")
     importFrom("stats", "pchisq", "quantile")
    to your NAMESPACE file.
Flavors: r-devel-linux-x86_64-fedora-clang, r-devel-linux-x86_64-fedora-gcc