CRAN Package Check Results for Package currentSurvival

Last updated on 2016-07-30 08:48:09.

Flavor Version Tinstall Tcheck Ttotal Status Flags
r-devel-linux-x86_64-debian-clang 1.0 2.80 36.11 38.90 NOTE
r-devel-linux-x86_64-debian-gcc 1.0 2.55 36.11 38.67 NOTE
r-devel-linux-x86_64-fedora-clang 1.0 73.80 NOTE
r-devel-linux-x86_64-fedora-gcc 1.0 69.51 NOTE
r-devel-osx-x86_64-clang 1.0 59.29 NOTE
r-devel-windows-ix86+x86_64 1.0 6.00 64.00 70.00 NOTE
r-patched-linux-x86_64 1.0 3.08 40.70 43.79 NOTE
r-patched-solaris-sparc 1.0 438.60 NOTE
r-patched-solaris-x86 1.0 95.50 NOTE
r-release-linux-x86_64 1.0 3.20 41.71 44.92 NOTE
r-release-osx-x86_64-mavericks 1.0 NOTE
r-release-windows-ix86+x86_64 1.0 10.00 82.00 92.00 NOTE
r-oldrel-windows-ix86+x86_64 1.0 11.00 83.00 94.00 OK

Check Details

Version: 1.0
Check: R code for possible problems
Result: NOTE
    cci.nostrat: no visible global function definition for ‘quantile’
    cci.nostrat: no visible global function definition for ‘plot’
    cci.nostrat: no visible global function definition for ‘axis’
    cci.nostrat: no visible global function definition for ‘lines’
    cci.nostrat: no visible global function definition for ‘legend’
    cci.strat: no visible global function definition for ‘plot’
    cci.strat: no visible global function definition for ‘axis’
    cci.strat: no visible global function definition for ‘lines’
    cci.strat: no visible global function definition for ‘legend’
    clfs.nostrat: no visible global function definition for ‘quantile’
    clfs.nostrat: no visible global function definition for ‘plot’
    clfs.nostrat: no visible global function definition for ‘axis’
    clfs.nostrat: no visible global function definition for ‘lines’
    clfs.nostrat: no visible global function definition for ‘legend’
    clfs.strat: no visible global function definition for ‘plot’
    clfs.strat: no visible global function definition for ‘axis’
    clfs.strat: no visible global function definition for ‘lines’
    clfs.strat: no visible global function definition for ‘legend’
    pvals.2cat: no visible global function definition for ‘pchisq’
    pvals.cat: no visible global function definition for ‘pchisq’
    Undefined global functions or variables:
     axis legend lines pchisq plot quantile
    Consider adding
     importFrom("graphics", "axis", "legend", "lines", "plot")
     importFrom("stats", "pchisq", "quantile")
    to your NAMESPACE file.
Flavors: r-devel-linux-x86_64-debian-clang, r-devel-linux-x86_64-debian-gcc, r-devel-linux-x86_64-fedora-clang, r-devel-linux-x86_64-fedora-gcc, r-devel-osx-x86_64-clang, r-devel-windows-ix86+x86_64, r-patched-linux-x86_64, r-patched-solaris-sparc, r-patched-solaris-x86, r-release-linux-x86_64, r-release-osx-x86_64-mavericks, r-release-windows-ix86+x86_64