CRAN Package Check Results for Package currentSurvival

Last updated on 2017-02-19 14:51:49.

Flavor Version Tinstall Tcheck Ttotal Status Flags
r-devel-linux-x86_64-debian-clang 1.0 2.53 37.18 39.71 NOTE
r-devel-linux-x86_64-debian-gcc 1.0 2.40 36.24 38.64 NOTE
r-devel-linux-x86_64-fedora-clang 1.0 84.56 NOTE --no-stop-on-test-error
r-devel-linux-x86_64-fedora-gcc 1.0 85.14 NOTE --no-stop-on-test-error
r-devel-macos-x86_64-clang 1.0 64.23 NOTE --no-stop-on-test-error
r-devel-windows-ix86+x86_64 1.0 8.00 85.00 93.00 NOTE
r-patched-linux-x86_64 1.0 2.50 32.42 34.91 NOTE
r-patched-solaris-sparc 1.0 446.70 NOTE
r-patched-solaris-x86 1.0 98.40 NOTE
r-release-linux-x86_64 1.0 2.29 32.10 34.39 NOTE
r-release-osx-x86_64-mavericks 1.0 NOTE
r-release-windows-ix86+x86_64 1.0 7.00 58.00 65.00 NOTE
r-oldrel-windows-ix86+x86_64 1.0 10.00 80.00 90.00 OK

Check Details

Version: 1.0
Check: R code for possible problems
Result: NOTE
    cci.nostrat: no visible global function definition for ‘quantile’
    cci.nostrat: no visible global function definition for ‘plot’
    cci.nostrat: no visible global function definition for ‘axis’
    cci.nostrat: no visible global function definition for ‘lines’
    cci.nostrat: no visible global function definition for ‘legend’
    cci.strat: no visible global function definition for ‘plot’
    cci.strat: no visible global function definition for ‘axis’
    cci.strat: no visible global function definition for ‘lines’
    cci.strat: no visible global function definition for ‘legend’
    clfs.nostrat: no visible global function definition for ‘quantile’
    clfs.nostrat: no visible global function definition for ‘plot’
    clfs.nostrat: no visible global function definition for ‘axis’
    clfs.nostrat: no visible global function definition for ‘lines’
    clfs.nostrat: no visible global function definition for ‘legend’
    clfs.strat: no visible global function definition for ‘plot’
    clfs.strat: no visible global function definition for ‘axis’
    clfs.strat: no visible global function definition for ‘lines’
    clfs.strat: no visible global function definition for ‘legend’
    pvals.2cat: no visible global function definition for ‘pchisq’
    pvals.cat: no visible global function definition for ‘pchisq’
    Undefined global functions or variables:
     axis legend lines pchisq plot quantile
    Consider adding
     importFrom("graphics", "axis", "legend", "lines", "plot")
     importFrom("stats", "pchisq", "quantile")
    to your NAMESPACE file.
Flavors: r-devel-linux-x86_64-debian-clang, r-devel-linux-x86_64-debian-gcc, r-devel-windows-ix86+x86_64, r-patched-linux-x86_64, r-patched-solaris-sparc, r-patched-solaris-x86, r-release-linux-x86_64, r-release-osx-x86_64-mavericks, r-release-windows-ix86+x86_64

Version: 1.0
Flags: --no-stop-on-test-error
Check: R code for possible problems
Result: NOTE
    cci.nostrat: no visible global function definition for ‘quantile’
    cci.nostrat: no visible global function definition for ‘plot’
    cci.nostrat: no visible global function definition for ‘axis’
    cci.nostrat: no visible global function definition for ‘lines’
    cci.nostrat: no visible global function definition for ‘legend’
    cci.strat: no visible global function definition for ‘plot’
    cci.strat: no visible global function definition for ‘axis’
    cci.strat: no visible global function definition for ‘lines’
    cci.strat: no visible global function definition for ‘legend’
    clfs.nostrat: no visible global function definition for ‘quantile’
    clfs.nostrat: no visible global function definition for ‘plot’
    clfs.nostrat: no visible global function definition for ‘axis’
    clfs.nostrat: no visible global function definition for ‘lines’
    clfs.nostrat: no visible global function definition for ‘legend’
    clfs.strat: no visible global function definition for ‘plot’
    clfs.strat: no visible global function definition for ‘axis’
    clfs.strat: no visible global function definition for ‘lines’
    clfs.strat: no visible global function definition for ‘legend’
    pvals.2cat: no visible global function definition for ‘pchisq’
    pvals.cat: no visible global function definition for ‘pchisq’
    Undefined global functions or variables:
     axis legend lines pchisq plot quantile
    Consider adding
     importFrom("graphics", "axis", "legend", "lines", "plot")
     importFrom("stats", "pchisq", "quantile")
    to your NAMESPACE file.
Flavors: r-devel-linux-x86_64-fedora-clang, r-devel-linux-x86_64-fedora-gcc, r-devel-macos-x86_64-clang