CRAN Package Check Results for Package currentSurvival

Last updated on 2017-01-16 22:54:56.

Flavor Version Tinstall Tcheck Ttotal Status Flags
r-devel-linux-x86_64-debian-clang 1.0 2.29 35.94 38.23 NOTE
r-devel-linux-x86_64-debian-gcc 1.0 2.41 36.23 38.63 NOTE
r-devel-linux-x86_64-fedora-clang 1.0 82.72 NOTE --no-stop-on-test-error
r-devel-linux-x86_64-fedora-gcc 1.0 81.52 NOTE --no-stop-on-test-error
r-devel-macos-x86_64-clang 1.0 62.02 NOTE --no-stop-on-test-error
r-devel-windows-ix86+x86_64 1.0 9.00 69.00 78.00 NOTE
r-patched-linux-x86_64 1.0 2.25 30.82 33.07 NOTE
r-patched-solaris-sparc 1.0 446.70 NOTE
r-patched-solaris-x86 1.0 95.30 NOTE
r-release-linux-x86_64 1.0 2.42 31.58 34.00 NOTE
r-release-osx-x86_64-mavericks 1.0 NOTE
r-release-windows-ix86+x86_64 1.0 9.00 76.00 85.00 NOTE
r-oldrel-windows-ix86+x86_64 1.0 7.00 77.00 84.00 OK

Check Details

Version: 1.0
Check: R code for possible problems
Result: NOTE
    cci.nostrat: no visible global function definition for ‘quantile’
    cci.nostrat: no visible global function definition for ‘plot’
    cci.nostrat: no visible global function definition for ‘axis’
    cci.nostrat: no visible global function definition for ‘lines’
    cci.nostrat: no visible global function definition for ‘legend’
    cci.strat: no visible global function definition for ‘plot’
    cci.strat: no visible global function definition for ‘axis’
    cci.strat: no visible global function definition for ‘lines’
    cci.strat: no visible global function definition for ‘legend’
    clfs.nostrat: no visible global function definition for ‘quantile’
    clfs.nostrat: no visible global function definition for ‘plot’
    clfs.nostrat: no visible global function definition for ‘axis’
    clfs.nostrat: no visible global function definition for ‘lines’
    clfs.nostrat: no visible global function definition for ‘legend’
    clfs.strat: no visible global function definition for ‘plot’
    clfs.strat: no visible global function definition for ‘axis’
    clfs.strat: no visible global function definition for ‘lines’
    clfs.strat: no visible global function definition for ‘legend’
    pvals.2cat: no visible global function definition for ‘pchisq’
    pvals.cat: no visible global function definition for ‘pchisq’
    Undefined global functions or variables:
     axis legend lines pchisq plot quantile
    Consider adding
     importFrom("graphics", "axis", "legend", "lines", "plot")
     importFrom("stats", "pchisq", "quantile")
    to your NAMESPACE file.
Flavors: r-devel-linux-x86_64-debian-clang, r-devel-linux-x86_64-debian-gcc, r-devel-windows-ix86+x86_64, r-patched-linux-x86_64, r-patched-solaris-sparc, r-patched-solaris-x86, r-release-linux-x86_64, r-release-osx-x86_64-mavericks, r-release-windows-ix86+x86_64

Version: 1.0
Flags: --no-stop-on-test-error
Check: R code for possible problems
Result: NOTE
    cci.nostrat: no visible global function definition for ‘quantile’
    cci.nostrat: no visible global function definition for ‘plot’
    cci.nostrat: no visible global function definition for ‘axis’
    cci.nostrat: no visible global function definition for ‘lines’
    cci.nostrat: no visible global function definition for ‘legend’
    cci.strat: no visible global function definition for ‘plot’
    cci.strat: no visible global function definition for ‘axis’
    cci.strat: no visible global function definition for ‘lines’
    cci.strat: no visible global function definition for ‘legend’
    clfs.nostrat: no visible global function definition for ‘quantile’
    clfs.nostrat: no visible global function definition for ‘plot’
    clfs.nostrat: no visible global function definition for ‘axis’
    clfs.nostrat: no visible global function definition for ‘lines’
    clfs.nostrat: no visible global function definition for ‘legend’
    clfs.strat: no visible global function definition for ‘plot’
    clfs.strat: no visible global function definition for ‘axis’
    clfs.strat: no visible global function definition for ‘lines’
    clfs.strat: no visible global function definition for ‘legend’
    pvals.2cat: no visible global function definition for ‘pchisq’
    pvals.cat: no visible global function definition for ‘pchisq’
    Undefined global functions or variables:
     axis legend lines pchisq plot quantile
    Consider adding
     importFrom("graphics", "axis", "legend", "lines", "plot")
     importFrom("stats", "pchisq", "quantile")
    to your NAMESPACE file.
Flavors: r-devel-linux-x86_64-fedora-clang, r-devel-linux-x86_64-fedora-gcc, r-devel-macos-x86_64-clang