CRAN Package Check Results for Package curvHDR

Last updated on 2019-05-24 05:47:31 CEST.

Flavor Version Tinstall Tcheck Ttotal Status Flags
r-devel-linux-x86_64-debian-clang 1.2-1 10.36 79.68 90.04 OK
r-devel-linux-x86_64-debian-gcc 1.2-1 9.21 64.04 73.25 OK
r-devel-linux-x86_64-fedora-clang 1.2-1 115.37 OK
r-devel-linux-x86_64-fedora-gcc 1.2-1 117.16 OK
r-devel-windows-ix86+x86_64 1.2-1 26.00 170.00 196.00 OK
r-patched-linux-x86_64 1.2-1 9.95 80.90 90.85 OK
r-patched-solaris-x86 1.2-1 206.50 OK
r-release-linux-x86_64 1.2-1 10.76 81.33 92.09 OK
r-release-windows-ix86+x86_64 1.2-1 46.00 726.00 772.00 OK
r-release-osx-x86_64 1.2-1 WARN
r-oldrel-windows-ix86+x86_64 1.2-1 24.00 165.00 189.00 OK
r-oldrel-osx-x86_64 1.2-1 OK

Check Details

Version: 1.2-1
Check: whether package can be installed
Result: WARN
    Found the following significant warnings:
     Warning: 'rgl_init' failed, running with rgl.useNULL = TRUE
Flavor: r-release-osx-x86_64