CRAN Package Check Results for Package curvecomp

Last updated on 2020-08-07 19:47:11 CEST.

Flavor Version Tinstall Tcheck Ttotal Status Flags
r-devel-linux-x86_64-debian-clang 0.1.0 7.76 61.17 68.93 NOTE
r-devel-linux-x86_64-debian-gcc 0.1.0 5.61 46.35 51.96 NOTE
r-devel-linux-x86_64-fedora-clang 0.1.0 88.50 NOTE
r-devel-linux-x86_64-fedora-gcc 0.1.0 78.15 NOTE
r-devel-windows-ix86+x86_64 0.1.0 23.00 67.00 90.00 OK
r-patched-linux-x86_64 0.1.0 7.12 59.53 66.65 NOTE
r-patched-solaris-x86 0.1.0 121.20 NOTE
r-release-linux-x86_64 0.1.0 7.18 58.76 65.94 NOTE
r-release-macos-x86_64 0.1.0 OK
r-release-windows-ix86+x86_64 0.1.0 22.00 107.00 129.00 OK
r-oldrel-macos-x86_64 0.1.0 OK
r-oldrel-windows-ix86+x86_64 0.1.0 13.00 59.00 72.00 OK

Check Details

Version: 0.1.0
Check: for non-standard things in the check directory
Result: NOTE
    Found the following files/directories:
     'Adjusted_p_values.pdf' 'Effect_Size_Curves.pdf'
     'Mean_Difference_Curves.pdf'
Flavors: r-devel-linux-x86_64-debian-clang, r-devel-linux-x86_64-debian-gcc, r-devel-linux-x86_64-fedora-clang, r-devel-linux-x86_64-fedora-gcc, r-patched-linux-x86_64, r-patched-solaris-x86, r-release-linux-x86_64