CRAN Package Check Results for Package curvecomp

Last updated on 2021-01-25 00:47:54 CET.

Flavor Version Tinstall Tcheck Ttotal Status Flags
r-devel-linux-x86_64-debian-clang 0.1.0 9.10 63.99 73.09 NOTE
r-devel-linux-x86_64-debian-gcc 0.1.0 6.89 49.87 56.76 NOTE
r-devel-linux-x86_64-fedora-clang 0.1.0 92.68 NOTE
r-devel-linux-x86_64-fedora-gcc 0.1.0 84.56 NOTE
r-devel-windows-ix86+x86_64 0.1.0 18.00 81.00 99.00 OK
r-patched-linux-x86_64 0.1.0 8.00 59.96 67.96 NOTE
r-patched-solaris-x86 0.1.0 125.30 NOTE
r-release-linux-x86_64 0.1.0 8.13 59.51 67.64 NOTE
r-release-macos-x86_64 0.1.0 OK
r-release-windows-ix86+x86_64 0.1.0 22.00 85.00 107.00 OK
r-oldrel-macos-x86_64 0.1.0 OK
r-oldrel-windows-ix86+x86_64 0.1.0 14.00 78.00 92.00 OK

Check Details

Version: 0.1.0
Check: for non-standard things in the check directory
Result: NOTE
    Found the following files/directories:
     'Adjusted_p_values.pdf' 'Effect_Size_Curves.pdf'
     'Mean_Difference_Curves.pdf'
Flavors: r-devel-linux-x86_64-debian-clang, r-devel-linux-x86_64-debian-gcc, r-devel-linux-x86_64-fedora-clang, r-devel-linux-x86_64-fedora-gcc, r-patched-linux-x86_64, r-patched-solaris-x86, r-release-linux-x86_64