CRAN Package Check Results for Package curvetest

Last updated on 2014-08-28 00:46:58.

Flavor Version Tinstall Tcheck Ttotal Status Flags
r-devel-linux-x86_64-debian-clang 2.2 0.84 25.95 26.80 NOTE
r-devel-linux-x86_64-debian-gcc 2.2 0.86 25.67 26.53 NOTE
r-devel-linux-x86_64-fedora-clang 2.2 54.38 NOTE
r-devel-linux-x86_64-fedora-gcc 2.2 50.55 NOTE
r-devel-osx-x86_64-clang 2.2 46.39 NOTE
r-devel-windows-ix86+x86_64 2.2 3.00 41.00 44.00 NOTE
r-patched-linux-x86_64 2.2 0.85 25.35 26.20 NOTE
r-patched-solaris-sparc 2.2 317.20 NOTE
r-patched-solaris-x86 2.2 67.20 NOTE
r-release-linux-ix86 2.2 1.23 34.34 35.56 NOTE
r-release-linux-x86_64 2.2 0.98 26.88 27.86 NOTE
r-release-osx-x86_64-mavericks 2.2 NOTE
r-release-osx-x86_64-snowleopard 2.2 NOTE
r-release-windows-ix86+x86_64 2.2 4.00 44.00 48.00 NOTE
r-oldrel-windows-ix86+x86_64 2.2 4.00 44.00 48.00 NOTE

Check Details

Version: 2.2
Check: dependencies in R code
Result: NOTE
    'library' or 'require' call to ‘locfit’ which was already attached by Depends.
     Please remove these calls from your code.
    Packages in Depends field not imported from:
     ‘R.methodsS3’ ‘R.oo’ ‘locfit’ ‘methods’
     These packages need to be imported from (in the NAMESPACE file)
     for when this namespace is loaded but not attached.
    See the information on DESCRIPTION files in the chapter ‘Creating R
    packages’ of the ‘Writing R Extensions’ manual.
Flavors: r-devel-linux-x86_64-debian-clang, r-devel-linux-x86_64-debian-gcc, r-devel-linux-x86_64-fedora-clang, r-devel-linux-x86_64-fedora-gcc, r-devel-osx-x86_64-clang, r-devel-windows-ix86+x86_64, r-patched-linux-x86_64, r-patched-solaris-sparc, r-patched-solaris-x86, r-release-linux-ix86, r-release-linux-x86_64, r-release-osx-x86_64-mavericks, r-release-windows-ix86+x86_64, r-oldrel-windows-ix86+x86_64

Version: 2.2
Check: R code for possible problems
Result: NOTE
    getoptimalalpha: no visible global function definition for ‘gcvplot’
Flavors: r-devel-linux-x86_64-debian-clang, r-devel-linux-x86_64-debian-gcc, r-devel-linux-x86_64-fedora-clang, r-devel-linux-x86_64-fedora-gcc, r-devel-osx-x86_64-clang, r-devel-windows-ix86+x86_64

Version: 2.2
Check: Rd line widths
Result: NOTE
    Rd file 'alpha2h.Rd':
     \examples lines wider than 100 characters:
     (h=alpha2h(0.3, at=0.5, xseq=x)) ##get the window width h around x=.5 so that 30% data points of xseq fall in the area.
    
    Rd file 'curvefit.Rd':
     \usage lines wider than 90 characters:
     curvefit(formula, data, kernel = "Quartic", alpha = 0.5, bw = NULL, myx, bcorrect = "simple", getit = F)
    
    Rd file 'curvetest.Rd':
     \usage lines wider than 90 characters:
     curvetest(formula, data1 = NULL, data2 = NULL, equal.var = TRUE, alpha = 0.5, bw = NULL, plotit = TRUE, conf.level = 0.05, kernel = c(" ... [TRUNCATED]
     \examples lines wider than 100 characters:
     curvetest(y~x,data.frame(x=x1,y=y1), data.frame(x=x2,y=y2), alpha = 0.7, equal.var=TRUE,plotit=TRUE)
    
    These lines will be truncated in the PDF manual.
Flavors: r-devel-linux-x86_64-fedora-clang, r-devel-linux-x86_64-fedora-gcc

Version: 2.2
Check: dependencies in R code
Result: NOTE
    'library' or 'require' call to 'locfit' which was already attached by Depends.
     Please remove these calls from your code.
    See the information on DESCRIPTION files in the chapter 'Creating R
    packages' of the 'Writing R Extensions' manual.
Flavor: r-release-osx-x86_64-snowleopard