CRAN Package Check Results for Package curvetest

Last updated on 2015-05-30 17:46:32.

Flavor Version Tinstall Tcheck Ttotal Status Flags
r-devel-linux-x86_64-debian-clang 2.2 0.70 23.77 24.47 NOTE
r-devel-linux-x86_64-debian-gcc 2.2 0.75 24.08 24.83 NOTE
r-devel-linux-x86_64-fedora-clang 2.2 49.69 NOTE
r-devel-linux-x86_64-fedora-gcc 2.2 44.93 NOTE
r-devel-osx-x86_64-clang 2.2 44.93 NOTE
r-devel-windows-ix86+x86_64 2.2 3.00 36.00 39.00 NOTE
r-patched-linux-x86_64 2.2 0.72 23.12 23.83 NOTE
r-patched-solaris-sparc 2.2 300.80 NOTE
r-patched-solaris-x86 2.2 60.90 NOTE
r-release-linux-x86_64 2.2 0.80 23.34 24.14 NOTE
r-release-osx-x86_64-mavericks 2.2 NOTE
r-release-osx-x86_64-snowleopard 2.2 NOTE
r-release-windows-ix86+x86_64 2.2 3.00 40.00 43.00 NOTE
r-oldrel-windows-ix86+x86_64 2.2 3.00 60.00 63.00 NOTE

Check Details

Version: 2.2
Check: DESCRIPTION meta-information
Result: NOTE
    Malformed Title field: should not end in a period.
Flavors: r-devel-linux-x86_64-debian-clang, r-devel-linux-x86_64-debian-gcc, r-devel-linux-x86_64-fedora-clang, r-devel-linux-x86_64-fedora-gcc, r-devel-osx-x86_64-clang, r-devel-windows-ix86+x86_64, r-patched-linux-x86_64, r-patched-solaris-sparc, r-patched-solaris-x86, r-release-linux-x86_64, r-release-osx-x86_64-mavericks, r-release-osx-x86_64-snowleopard, r-release-windows-ix86+x86_64

Version: 2.2
Check: dependencies in R code
Result: NOTE
    'library' or 'require' call to ‘locfit’ which was already attached by Depends.
     Please remove these calls from your code.
    Packages in Depends field not imported from:
     ‘R.methodsS3’ ‘R.oo’ ‘locfit’ ‘methods’
     These packages need to be imported from (in the NAMESPACE file)
     for when this namespace is loaded but not attached.
Flavors: r-devel-linux-x86_64-debian-clang, r-devel-linux-x86_64-debian-gcc, r-devel-linux-x86_64-fedora-clang, r-devel-linux-x86_64-fedora-gcc, r-devel-osx-x86_64-clang, r-devel-windows-ix86+x86_64, r-patched-linux-x86_64, r-patched-solaris-sparc, r-patched-solaris-x86, r-release-linux-x86_64, r-release-osx-x86_64-mavericks, r-release-osx-x86_64-snowleopard, r-release-windows-ix86+x86_64, r-oldrel-windows-ix86+x86_64

Version: 2.2
Check: S3 generic/method consistency
Result: NOTE
    Found the following apparent S3 methods exported but not registered:
     lines.curvefit plot.curvefit print.curvefit print.curvetest
    See section ‘Registering S3 methods’ in the ‘Writing R Extensions’
    manual.
Flavors: r-devel-linux-x86_64-debian-clang, r-devel-linux-x86_64-debian-gcc, r-devel-linux-x86_64-fedora-clang, r-devel-linux-x86_64-fedora-gcc, r-devel-osx-x86_64-clang, r-patched-linux-x86_64, r-patched-solaris-sparc, r-patched-solaris-x86, r-release-linux-x86_64

Version: 2.2
Check: R code for possible problems
Result: NOTE
    getoptimalalpha: no visible global function definition for ‘gcvplot’
Flavors: r-devel-linux-x86_64-debian-clang, r-devel-linux-x86_64-debian-gcc, r-devel-linux-x86_64-fedora-clang, r-devel-linux-x86_64-fedora-gcc, r-devel-osx-x86_64-clang, r-devel-windows-ix86+x86_64, r-patched-linux-x86_64, r-patched-solaris-sparc, r-patched-solaris-x86, r-release-linux-x86_64, r-release-osx-x86_64-mavericks, r-release-osx-x86_64-snowleopard, r-release-windows-ix86+x86_64, r-oldrel-windows-ix86+x86_64

Version: 2.2
Check: Rd line widths
Result: NOTE
    Rd file 'alpha2h.Rd':
     \examples lines wider than 100 characters:
     (h=alpha2h(0.3, at=0.5, xseq=x)) ##get the window width h around x=.5 so that 30% data points of xseq fall in the area.
    
    Rd file 'curvefit.Rd':
     \usage lines wider than 90 characters:
     curvefit(formula, data, kernel = "Quartic", alpha = 0.5, bw = NULL, myx, bcorrect = "simple", getit = F)
    
    Rd file 'curvetest.Rd':
     \usage lines wider than 90 characters:
     curvetest(formula, data1 = NULL, data2 = NULL, equal.var = TRUE, alpha = 0.5, bw = NULL, plotit = TRUE, conf.level = 0.05, kernel = c(" ... [TRUNCATED]
     \examples lines wider than 100 characters:
     curvetest(y~x,data.frame(x=x1,y=y1), data.frame(x=x2,y=y2), alpha = 0.7, equal.var=TRUE,plotit=TRUE)
    
    These lines will be truncated in the PDF manual.
Flavors: r-devel-linux-x86_64-debian-clang, r-devel-linux-x86_64-debian-gcc, r-devel-linux-x86_64-fedora-clang, r-devel-linux-x86_64-fedora-gcc, r-patched-linux-x86_64, r-release-linux-x86_64