CRAN Package Check Results for Package cvAUC

Last updated on 2017-03-25 06:47:40.

Flavor Version Tinstall Tcheck Ttotal Status Flags
r-devel-linux-x86_64-debian-clang 1.1.0 0.90 17.71 18.62 NOTE
r-devel-linux-x86_64-debian-gcc 1.1.0 1.00 18.00 19.01 NOTE
r-devel-linux-x86_64-fedora-clang 1.1.0 30.40 NOTE --no-stop-on-test-error
r-devel-linux-x86_64-fedora-gcc 1.1.0 29.60 NOTE --no-stop-on-test-error
r-devel-macos-x86_64-clang 1.1.0 26.21 NOTE --no-stop-on-test-error
r-patched-linux-x86_64 1.1.0 0.95 14.56 15.51 NOTE
r-patched-solaris-sparc 1.1.0 193.10 NOTE
r-patched-solaris-x86 1.1.0 43.70 NOTE
r-release-linux-x86_64 1.1.0 0.91 14.81 15.72 NOTE
r-release-osx-x86_64-mavericks 1.1.0 NOTE
r-release-windows-ix86+x86_64 1.1.0 5.00 35.00 40.00 NOTE
r-oldrel-windows-ix86+x86_64 1.1.0 3.00 34.00 37.00 OK

Check Details

Version: 1.1.0
Check: R code for possible problems
Result: NOTE
    ci.cvAUC: no visible global function definition for ‘qnorm’
    ci.pooled.cvAUC: no visible global function definition for ‘qnorm’
    Undefined global functions or variables:
     qnorm
    Consider adding
     importFrom("stats", "qnorm")
    to your NAMESPACE file.
Flavors: r-devel-linux-x86_64-debian-clang, r-devel-linux-x86_64-debian-gcc, r-patched-linux-x86_64, r-patched-solaris-sparc, r-patched-solaris-x86, r-release-linux-x86_64, r-release-osx-x86_64-mavericks, r-release-windows-ix86+x86_64

Version: 1.1.0
Flags: --no-stop-on-test-error
Check: R code for possible problems
Result: NOTE
    ci.cvAUC: no visible global function definition for ‘qnorm’
    ci.pooled.cvAUC: no visible global function definition for ‘qnorm’
    Undefined global functions or variables:
     qnorm
    Consider adding
     importFrom("stats", "qnorm")
    to your NAMESPACE file.
Flavors: r-devel-linux-x86_64-fedora-clang, r-devel-linux-x86_64-fedora-gcc, r-devel-macos-x86_64-clang