CRAN Package Check Results for Package cvAUC

Last updated on 2016-05-27 23:47:09.

Flavor Version Tinstall Tcheck Ttotal Status Flags
r-devel-linux-x86_64-debian-gcc 1.1.0 0.90 14.75 15.65 NOTE
r-devel-linux-x86_64-fedora-clang 1.1.0 29.88 NOTE
r-devel-linux-x86_64-fedora-gcc 1.1.0 25.30 NOTE
r-devel-osx-x86_64-clang 1.1.0 29.32 NOTE
r-devel-windows-ix86+x86_64 1.1.0 3.00 34.00 37.00 NOTE
r-patched-linux-x86_64 1.1.0 1.01 14.10 15.11 NOTE
r-patched-solaris-sparc 1.1.0 159.70 NOTE
r-patched-solaris-x86 1.1.0 36.30 NOTE
r-release-linux-x86_64 1.1.0 0.92 14.28 15.21 NOTE
r-release-osx-x86_64-mavericks 1.1.0 NOTE
r-release-windows-ix86+x86_64 1.1.0 6.00 35.00 41.00 NOTE

Check Details

Version: 1.1.0
Check: R code for possible problems
Result: NOTE
    ci.cvAUC: no visible global function definition for ‘qnorm’
    ci.pooled.cvAUC: no visible global function definition for ‘qnorm’
    Undefined global functions or variables:
     qnorm
    Consider adding
     importFrom("stats", "qnorm")
    to your NAMESPACE file.
Flavors: r-devel-linux-x86_64-debian-gcc, r-devel-linux-x86_64-fedora-clang, r-devel-linux-x86_64-fedora-gcc, r-devel-osx-x86_64-clang, r-devel-windows-ix86+x86_64, r-patched-linux-x86_64, r-patched-solaris-sparc, r-patched-solaris-x86, r-release-linux-x86_64, r-release-osx-x86_64-mavericks, r-release-windows-ix86+x86_64