CRAN Package Check Results for Package cvAUC

Last updated on 2018-01-16 23:48:42 CET.

Flavor Version Tinstall Tcheck Ttotal Status Flags
r-devel-linux-x86_64-debian-clang 1.1.0 1.30 26.62 27.92 NOTE
r-devel-linux-x86_64-debian-gcc 1.1.0 0.79 20.91 21.70 NOTE
r-devel-linux-x86_64-fedora-clang 1.1.0 32.01 NOTE
r-devel-linux-x86_64-fedora-gcc 1.1.0 30.66 NOTE
r-devel-windows-ix86+x86_64 1.1.0 6.00 64.00 70.00 NOTE
r-patched-linux-x86_64 1.1.0 1.21 25.95 27.16 NOTE
r-patched-solaris-x86 1.1.0 47.90 NOTE
r-release-linux-x86_64 1.1.0 1.24 25.67 26.91 NOTE
r-release-windows-ix86+x86_64 1.1.0 4.00 51.00 55.00 NOTE
r-release-osx-x86_64 1.1.0 NOTE
r-oldrel-windows-ix86+x86_64 1.1.0 5.00 37.00 42.00 NOTE
r-oldrel-osx-x86_64 1.1.0 NOTE

Check Details

Version: 1.1.0
Check: R code for possible problems
Result: NOTE
    ci.cvAUC: no visible global function definition for ‘qnorm’
    ci.pooled.cvAUC: no visible global function definition for ‘qnorm’
    Undefined global functions or variables:
     qnorm
    Consider adding
     importFrom("stats", "qnorm")
    to your NAMESPACE file.
Flavors: r-devel-linux-x86_64-debian-clang, r-devel-linux-x86_64-debian-gcc, r-devel-linux-x86_64-fedora-clang, r-devel-linux-x86_64-fedora-gcc, r-devel-windows-ix86+x86_64, r-patched-linux-x86_64, r-patched-solaris-x86, r-release-linux-x86_64, r-release-windows-ix86+x86_64, r-release-osx-x86_64, r-oldrel-windows-ix86+x86_64, r-oldrel-osx-x86_64