CRAN Package Check Results for Package cvAUC

Last updated on 2016-08-29 00:46:52.

Flavor Version Tinstall Tcheck Ttotal Status Flags
r-devel-linux-x86_64-debian-clang 1.1.0 0.96 15.01 15.97 NOTE
r-devel-linux-x86_64-debian-gcc 1.1.0 1.02 15.16 16.17 NOTE
r-devel-linux-x86_64-fedora-clang 1.1.0 27.28 NOTE
r-devel-linux-x86_64-fedora-gcc 1.1.0 25.49 NOTE
r-devel-osx-x86_64-clang 1.1.0 22.95 NOTE
r-devel-windows-ix86+x86_64 1.1.0 7.00 31.00 38.00 NOTE
r-patched-linux-x86_64 1.1.0 0.88 15.25 16.13 NOTE
r-patched-solaris-sparc 1.1.0 158.60 NOTE
r-patched-solaris-x86 1.1.0 36.10 NOTE
r-release-linux-x86_64 1.1.0 0.99 16.03 17.03 NOTE
r-release-osx-x86_64-mavericks 1.1.0 NOTE
r-release-windows-ix86+x86_64 1.1.0 12.00 44.00 56.00 NOTE
r-oldrel-windows-ix86+x86_64 1.1.0 6.00 81.00 87.00 OK

Check Details

Version: 1.1.0
Check: R code for possible problems
Result: NOTE
    ci.cvAUC: no visible global function definition for ‘qnorm’
    ci.pooled.cvAUC: no visible global function definition for ‘qnorm’
    Undefined global functions or variables:
     qnorm
    Consider adding
     importFrom("stats", "qnorm")
    to your NAMESPACE file.
Flavors: r-devel-linux-x86_64-debian-clang, r-devel-linux-x86_64-debian-gcc, r-devel-linux-x86_64-fedora-clang, r-devel-linux-x86_64-fedora-gcc, r-devel-osx-x86_64-clang, r-devel-windows-ix86+x86_64, r-patched-linux-x86_64, r-patched-solaris-sparc, r-patched-solaris-x86, r-release-linux-x86_64, r-release-osx-x86_64-mavericks, r-release-windows-ix86+x86_64