CRAN Package Check Results for Package cvAUC

Last updated on 2016-06-27 14:47:31.

Flavor Version Tinstall Tcheck Ttotal Status Flags
r-devel-linux-x86_64-debian-gcc 1.1.0 0.94 14.41 15.35 NOTE
r-devel-linux-x86_64-fedora-clang 1.1.0 26.26 NOTE
r-devel-linux-x86_64-fedora-gcc 1.1.0 25.24 NOTE
r-devel-osx-x86_64-clang 1.1.0 23.77 NOTE
r-devel-windows-ix86+x86_64 1.1.0 3.00 33.00 36.00 NOTE
r-patched-linux-x86_64 1.1.0 0.92 15.83 16.75 NOTE
r-patched-solaris-sparc 1.1.0 158.60 NOTE
r-patched-solaris-x86 1.1.0 36.00 NOTE
r-release-linux-x86_64 1.1.0 0.91 14.88 15.79 NOTE
r-release-osx-x86_64-mavericks 1.1.0 NOTE
r-release-windows-ix86+x86_64 1.1.0 4.00 34.00 38.00 NOTE
r-oldrel-windows-ix86+x86_64 1.1.0 5.00 53.00 58.00 OK

Check Details

Version: 1.1.0
Check: R code for possible problems
Result: NOTE
    ci.cvAUC: no visible global function definition for ‘qnorm’
    ci.pooled.cvAUC: no visible global function definition for ‘qnorm’
    Undefined global functions or variables:
     qnorm
    Consider adding
     importFrom("stats", "qnorm")
    to your NAMESPACE file.
Flavors: r-devel-linux-x86_64-debian-gcc, r-devel-linux-x86_64-fedora-clang, r-devel-linux-x86_64-fedora-gcc, r-devel-osx-x86_64-clang, r-devel-windows-ix86+x86_64, r-patched-linux-x86_64, r-patched-solaris-sparc, r-patched-solaris-x86, r-release-linux-x86_64, r-release-osx-x86_64-mavericks, r-release-windows-ix86+x86_64