CRAN Package Check Results for Package cvAUC

Last updated on 2017-10-22 22:48:41.

Flavor Version Tinstall Tcheck Ttotal Status Flags
r-devel-linux-x86_64-debian-clang 1.1.0 1.08 16.88 17.96 NOTE
r-devel-linux-x86_64-debian-gcc 1.1.0 1.17 18.16 19.32 NOTE
r-devel-linux-x86_64-fedora-clang 1.1.0 31.74 NOTE
r-devel-linux-x86_64-fedora-gcc 1.1.0 31.24 NOTE
r-devel-windows-ix86+x86_64 1.1.0 3.00 40.00 43.00 NOTE
r-patched-linux-x86_64 1.1.0 1.05 16.96 18.01 NOTE
r-patched-solaris-x86 1.1.0 44.90 NOTE
r-release-linux-x86_64 1.1.0 0.95 17.04 17.99 NOTE
r-release-windows-ix86+x86_64 1.1.0 6.00 63.00 69.00 NOTE
r-release-osx-x86_64 1.1.0 NOTE
r-oldrel-windows-ix86+x86_64 1.1.0 4.00 45.00 49.00 NOTE
r-oldrel-osx-x86_64 1.1.0 NOTE

Check Details

Version: 1.1.0
Check: R code for possible problems
Result: NOTE
    ci.cvAUC: no visible global function definition for ‘qnorm’
    ci.pooled.cvAUC: no visible global function definition for ‘qnorm’
    Undefined global functions or variables:
     qnorm
    Consider adding
     importFrom("stats", "qnorm")
    to your NAMESPACE file.
Flavors: r-devel-linux-x86_64-debian-clang, r-devel-linux-x86_64-debian-gcc, r-devel-linux-x86_64-fedora-clang, r-devel-linux-x86_64-fedora-gcc, r-devel-windows-ix86+x86_64, r-patched-linux-x86_64, r-patched-solaris-x86, r-release-linux-x86_64, r-release-windows-ix86+x86_64, r-release-osx-x86_64, r-oldrel-windows-ix86+x86_64, r-oldrel-osx-x86_64