CRAN Package Check Results for Package cvAUC

Last updated on 2016-12-11 06:57:16.

Flavor Version Tinstall Tcheck Ttotal Status Flags
r-devel-linux-x86_64-debian-clang 1.1.0 1.00 18.14 19.15 NOTE
r-devel-linux-x86_64-debian-gcc 1.1.0 1.07 17.24 18.31 NOTE
r-devel-linux-x86_64-fedora-clang 1.1.0 33.44 NOTE --no-stop-on-test-error
r-devel-linux-x86_64-fedora-gcc 1.1.0 31.53 NOTE --no-stop-on-test-error
r-devel-macos-x86_64-clang 1.1.0 26.40 NOTE --no-stop-on-test-error
r-devel-windows-ix86+x86_64 1.1.0 4.00 59.00 63.00 NOTE
r-patched-linux-x86_64 1.1.0 0.86 14.63 15.50 NOTE
r-patched-solaris-sparc 1.1.0 158.60 NOTE
r-patched-solaris-x86 1.1.0 35.20 NOTE
r-release-linux-x86_64 1.1.0 0.96 14.71 15.67 NOTE
r-release-osx-x86_64-mavericks 1.1.0 NOTE
r-release-windows-ix86+x86_64 1.1.0 5.00 36.00 41.00 NOTE
r-oldrel-windows-ix86+x86_64 1.1.0 6.00 32.00 38.00 OK

Check Details

Version: 1.1.0
Check: R code for possible problems
Result: NOTE
    ci.cvAUC: no visible global function definition for ‘qnorm’
    ci.pooled.cvAUC: no visible global function definition for ‘qnorm’
    Undefined global functions or variables:
     qnorm
    Consider adding
     importFrom("stats", "qnorm")
    to your NAMESPACE file.
Flavors: r-devel-linux-x86_64-debian-clang, r-devel-linux-x86_64-debian-gcc, r-devel-windows-ix86+x86_64, r-patched-linux-x86_64, r-patched-solaris-sparc, r-patched-solaris-x86, r-release-linux-x86_64, r-release-osx-x86_64-mavericks, r-release-windows-ix86+x86_64

Version: 1.1.0
Flags: --no-stop-on-test-error
Check: R code for possible problems
Result: NOTE
    ci.cvAUC: no visible global function definition for ‘qnorm’
    ci.pooled.cvAUC: no visible global function definition for ‘qnorm’
    Undefined global functions or variables:
     qnorm
    Consider adding
     importFrom("stats", "qnorm")
    to your NAMESPACE file.
Flavors: r-devel-linux-x86_64-fedora-clang, r-devel-linux-x86_64-fedora-gcc, r-devel-macos-x86_64-clang