CRAN Package Check Results for Package cvAUC

Last updated on 2017-08-17 09:46:52.

Flavor Version Tinstall Tcheck Ttotal Status Flags
r-devel-linux-x86_64-debian-clang 1.1.0 0.98 17.37 18.35 NOTE
r-devel-linux-x86_64-debian-gcc 1.1.0 0.90 16.52 17.42 NOTE
r-devel-linux-x86_64-fedora-clang 1.1.0 31.73 NOTE
r-devel-linux-x86_64-fedora-gcc 1.1.0 29.79 NOTE
r-devel-windows-ix86+x86_64 1.1.0 4.00 38.00 42.00 NOTE
r-patched-linux-x86_64 1.1.0 0.93 16.91 17.84 NOTE
r-patched-solaris-x86 1.1.0 44.80 NOTE
r-release-linux-x86_64 1.1.0 0.91 16.57 17.48 NOTE
r-release-windows-ix86+x86_64 1.1.0 3.00 36.00 39.00 NOTE
r-release-osx-x86_64 1.1.0 NOTE
r-oldrel-windows-ix86+x86_64 1.1.0 6.00 36.00 42.00 NOTE
r-oldrel-osx-x86_64 1.1.0 NOTE

Check Details

Version: 1.1.0
Check: R code for possible problems
Result: NOTE
    ci.cvAUC: no visible global function definition for ‘qnorm’
    ci.pooled.cvAUC: no visible global function definition for ‘qnorm’
    Undefined global functions or variables:
     qnorm
    Consider adding
     importFrom("stats", "qnorm")
    to your NAMESPACE file.
Flavors: r-devel-linux-x86_64-debian-clang, r-devel-linux-x86_64-debian-gcc, r-devel-linux-x86_64-fedora-clang, r-devel-linux-x86_64-fedora-gcc, r-devel-windows-ix86+x86_64, r-patched-linux-x86_64, r-patched-solaris-x86, r-release-linux-x86_64, r-release-windows-ix86+x86_64, r-release-osx-x86_64, r-oldrel-windows-ix86+x86_64, r-oldrel-osx-x86_64