CRAN Package Check Results for Package cvAUC

Last updated on 2016-07-29 08:48:05.

Flavor Version Tinstall Tcheck Ttotal Status Flags
r-devel-linux-x86_64-debian-clang 1.1.0 0.94 14.79 15.74 NOTE
r-devel-linux-x86_64-debian-gcc 1.1.0 1.20 17.75 18.95 NOTE
r-devel-linux-x86_64-fedora-clang 1.1.0 26.65 NOTE
r-devel-linux-x86_64-fedora-gcc 1.1.0 24.10 NOTE
r-devel-osx-x86_64-clang 1.1.0 22.70 NOTE
r-devel-windows-ix86+x86_64 1.1.0 5.00 35.00 40.00 NOTE
r-patched-linux-x86_64 1.1.0 1.07 18.11 19.19 NOTE
r-patched-solaris-sparc 1.1.0 158.60 NOTE
r-patched-solaris-x86 1.1.0 35.00 NOTE
r-release-linux-x86_64 1.1.0 1.27 17.62 18.89 NOTE
r-release-osx-x86_64-mavericks 1.1.0 NOTE
r-release-windows-ix86+x86_64 1.1.0 7.00 64.00 71.00 NOTE
r-oldrel-windows-ix86+x86_64 1.1.0 6.00 34.00 40.00 OK

Check Details

Version: 1.1.0
Check: R code for possible problems
Result: NOTE
    ci.cvAUC: no visible global function definition for ‘qnorm’
    ci.pooled.cvAUC: no visible global function definition for ‘qnorm’
    Undefined global functions or variables:
     qnorm
    Consider adding
     importFrom("stats", "qnorm")
    to your NAMESPACE file.
Flavors: r-devel-linux-x86_64-debian-clang, r-devel-linux-x86_64-debian-gcc, r-devel-linux-x86_64-fedora-clang, r-devel-linux-x86_64-fedora-gcc, r-devel-osx-x86_64-clang, r-devel-windows-ix86+x86_64, r-patched-linux-x86_64, r-patched-solaris-sparc, r-patched-solaris-x86, r-release-linux-x86_64, r-release-osx-x86_64-mavericks, r-release-windows-ix86+x86_64