CRAN Package Check Results for Package cvAUC

Last updated on 2015-09-01 12:48:08.

Flavor Version Tinstall Tcheck Ttotal Status Flags
r-devel-linux-x86_64-debian-clang 1.1.0 1.46 16.16 17.62 NOTE
r-devel-linux-x86_64-debian-gcc 1.1.0 1.06 15.88 16.93 NOTE
r-devel-linux-x86_64-fedora-clang 1.1.0 34.39 NOTE
r-devel-linux-x86_64-fedora-gcc 1.1.0 31.63 NOTE
r-devel-osx-x86_64-clang 1.1.0 30.74 OK
r-devel-windows-ix86+x86_64 1.1.0 8.00 50.00 58.00 NOTE
r-patched-linux-x86_64 1.1.0 1.14 16.99 18.13 OK
r-patched-solaris-sparc 1.1.0 227.90 OK
r-patched-solaris-x86 1.1.0 61.30 OK
r-release-linux-x86_64 1.1.0 1.25 16.72 17.97 OK
r-release-osx-x86_64-mavericks 1.1.0 OK
r-release-windows-ix86+x86_64 1.1.0 6.00 32.00 38.00 OK
r-oldrel-windows-ix86+x86_64 1.1.0 12.00 72.00 84.00 OK

Check Details

Version: 1.1.0
Check: R code for possible problems
Result: NOTE
    ci.cvAUC: no visible global function definition for ‘qnorm’
    ci.pooled.cvAUC: no visible global function definition for ‘qnorm’
    Undefined global functions or variables:
     qnorm
    Consider adding
     importFrom("stats", "qnorm")
    to your NAMESPACE.
Flavors: r-devel-linux-x86_64-debian-clang, r-devel-linux-x86_64-debian-gcc, r-devel-linux-x86_64-fedora-clang, r-devel-linux-x86_64-fedora-gcc, r-devel-windows-ix86+x86_64