CRAN Package Check Results for Package cvAUC

Last updated on 2014-07-25 19:50:11.

Flavor Version Tinstall Tcheck Ttotal Status Flags
r-devel-linux-x86_64-debian-clang 1.0-0 0.89 15.95 16.84 NOTE
r-devel-linux-x86_64-debian-gcc 1.0-0 0.97 15.29 16.26 NOTE
r-devel-linux-x86_64-fedora-clang 1.0-0 33.89 NOTE
r-devel-linux-x86_64-fedora-gcc 1.0-0 31.53 NOTE
r-devel-osx-x86_64-clang 1.0-0 33.06 NOTE
r-devel-windows-ix86+x86_64 1.0-0 4.00 30.00 34.00 NOTE
r-patched-linux-x86_64 1.0-0 0.82 15.52 16.34 NOTE
r-patched-solaris-sparc 1.0-0 188.60 NOTE
r-patched-solaris-x86 1.0-0 44.60 NOTE
r-release-linux-ix86 1.0-0 1.24 23.21 24.45 NOTE
r-release-linux-x86_64 1.0-0 0.97 15.70 16.67 NOTE
r-release-osx-x86_64-mavericks 1.0-0 NOTE
r-release-osx-x86_64-snowleopard 1.0-0 NOTE
r-release-windows-ix86+x86_64 1.0-0 3.00 28.00 31.00 NOTE
r-oldrel-windows-ix86+x86_64 1.0-0 5.00 29.00 34.00 NOTE

Check Details

Version: 1.0-0
Check: dependencies in R code
Result: NOTE
    'library' or 'require' call to ‘ROCR’ which was already attached by Depends.
     Please remove these calls from your code.
    See the information on DESCRIPTION files in the chapter ‘Creating R
    packages’ of the ‘Writing R Extensions’ manual.
Flavors: r-devel-linux-x86_64-debian-clang, r-devel-linux-x86_64-debian-gcc, r-devel-linux-x86_64-fedora-clang, r-devel-linux-x86_64-fedora-gcc, r-devel-osx-x86_64-clang, r-devel-windows-ix86+x86_64, r-patched-linux-x86_64, r-patched-solaris-sparc, r-patched-solaris-x86, r-release-linux-ix86, r-release-linux-x86_64, r-release-osx-x86_64-mavericks, r-release-osx-x86_64-snowleopard, r-release-windows-ix86+x86_64, r-oldrel-windows-ix86+x86_64

Version: 1.0-0
Check: Rd line widths
Result: NOTE
    Rd file 'ci.pooled.cvAUC.Rd':
     \examples lines wider than 100 characters:
     out <- ci.pooled.cvAUC(predictions=predictions, labels=data$Y, folds=folds, ids=ids, confidence=0.95)
    
    These lines will be truncated in the PDF manual.
Flavors: r-devel-linux-x86_64-fedora-clang, r-devel-linux-x86_64-fedora-gcc