CRAN Package Check Results for Package cvAUC

Last updated on 2016-02-06 07:47:49.

Flavor Version Tinstall Tcheck Ttotal Status Flags
r-devel-linux-x86_64-debian-gcc 1.1.0 0.88 13.80 14.67 NOTE
r-devel-linux-x86_64-fedora-clang 1.1.0 26.26 NOTE
r-devel-linux-x86_64-fedora-gcc 1.1.0 25.54 NOTE
r-devel-osx-x86_64-clang 1.1.0 27.98 OK
r-devel-windows-ix86+x86_64 1.1.0 5.00 30.00 35.00 NOTE
r-patched-linux-x86_64 1.1.0 1.08 15.01 16.08 OK
r-patched-solaris-sparc 1.1.0 176.40 OK
r-patched-solaris-x86 1.1.0 38.90 OK
r-release-linux-x86_64 1.1.0 1.04 14.79 15.83 OK
r-release-osx-x86_64-mavericks 1.1.0 OK
r-release-windows-ix86+x86_64 1.1.0 5.00 28.00 33.00 OK
r-oldrel-windows-ix86+x86_64 1.1.0 9.00 61.00 70.00 OK

Check Details

Version: 1.1.0
Check: R code for possible problems
Result: NOTE
    ci.cvAUC: no visible global function definition for ‘qnorm’
    ci.pooled.cvAUC: no visible global function definition for ‘qnorm’
    Undefined global functions or variables:
     qnorm
    Consider adding
     importFrom("stats", "qnorm")
    to your NAMESPACE.
Flavors: r-devel-linux-x86_64-debian-gcc, r-devel-linux-x86_64-fedora-clang, r-devel-linux-x86_64-fedora-gcc, r-devel-windows-ix86+x86_64