CRAN Package Check Results for Package cvAUC

Last updated on 2018-05-27 00:46:27 CEST.

Flavor Version Tinstall Tcheck Ttotal Status Flags
r-devel-linux-x86_64-debian-clang 1.1.0 2.00 27.17 29.17 NOTE
r-devel-linux-x86_64-debian-gcc 1.1.0 1.46 21.63 23.09 NOTE
r-devel-linux-x86_64-fedora-clang 1.1.0 33.55 NOTE
r-devel-linux-x86_64-fedora-gcc 1.1.0 32.08 NOTE
r-devel-windows-ix86+x86_64 1.1.0 4.00 52.00 56.00 NOTE
r-patched-linux-x86_64 1.1.0 1.33 24.81 26.14 NOTE
r-patched-solaris-x86 1.1.0 48.50 NOTE
r-release-linux-x86_64 1.1.0 1.66 24.99 26.65 NOTE
r-release-windows-ix86+x86_64 1.1.0 6.00 48.00 54.00 NOTE
r-release-osx-x86_64 1.1.0 NOTE
r-oldrel-windows-ix86+x86_64 1.1.0 4.00 40.00 44.00 NOTE
r-oldrel-osx-x86_64 1.1.0 NOTE

Check Details

Version: 1.1.0
Check: R code for possible problems
Result: NOTE
    ci.cvAUC: no visible global function definition for ‘qnorm’
    ci.pooled.cvAUC: no visible global function definition for ‘qnorm’
    Undefined global functions or variables:
     qnorm
    Consider adding
     importFrom("stats", "qnorm")
    to your NAMESPACE file.
Flavors: r-devel-linux-x86_64-debian-clang, r-devel-linux-x86_64-debian-gcc, r-devel-linux-x86_64-fedora-clang, r-devel-linux-x86_64-fedora-gcc, r-devel-windows-ix86+x86_64, r-patched-linux-x86_64, r-patched-solaris-x86, r-release-linux-x86_64, r-release-windows-ix86+x86_64, r-release-osx-x86_64, r-oldrel-windows-ix86+x86_64, r-oldrel-osx-x86_64