CRAN Package Check Results for Package cvAUC

Last updated on 2015-04-28 12:47:20.

Flavor Version Tinstall Tcheck Ttotal Status Flags
r-devel-linux-x86_64-debian-clang 1.1.0 1.10 16.97 18.07 OK
r-devel-linux-x86_64-debian-gcc 1.1.0 1.10 16.26 17.37 OK
r-devel-linux-x86_64-fedora-clang 1.1.0 36.01 OK
r-devel-linux-x86_64-fedora-gcc 1.1.0 32.82 OK
r-devel-osx-x86_64-clang 1.1.0 35.44 OK
r-devel-windows-ix86+x86_64 1.1.0 4.00 29.00 33.00 OK
r-patched-linux-x86_64 1.1.0 1.11 16.10 17.21 OK
r-patched-solaris-sparc 1.1.0 202.00 OK
r-patched-solaris-x86 1.1.0 49.00 OK
r-release-linux-x86_64 1.1.0 1.08 16.43 17.50 OK
r-release-osx-x86_64-mavericks 1.1.0 OK
r-release-osx-x86_64-snowleopard 1.1.0 WARN
r-release-windows-ix86+x86_64 1.1.0 5.00 30.00 35.00 OK
r-oldrel-windows-ix86+x86_64 1.1.0 6.00 43.00 49.00 OK

Check Details

Version: 1.1.0
Check: Rd files
Result: WARN
    cannot open the connection
    cannot open the connection
    cannot open the connection
    cannot open the connection
    cannot open the connection
    cannot open the connection
    problems found in ‘adherence.Rd’, ‘admissions.Rd’, ‘ci.cvAUC.Rd’, ‘ci.pooled.cvAUC.Rd’, ‘cvAUC-package.Rd’, ‘cvAUC.Rd’
    * checking Rd metadata ...* elapsed time (check, wall clock): 0:37
Flavor: r-release-osx-x86_64-snowleopard