CRAN Package Check Results for Package cvAUC

Last updated on 2017-02-25 11:48:15.

Flavor Version Tinstall Tcheck Ttotal Status Flags
r-devel-linux-x86_64-debian-clang 1.1.0 0.90 17.73 18.62 NOTE
r-devel-linux-x86_64-debian-gcc 1.1.0 1.00 17.22 18.22 NOTE
r-devel-linux-x86_64-fedora-clang 1.1.0 30.85 NOTE --no-stop-on-test-error
r-devel-linux-x86_64-fedora-gcc 1.1.0 29.19 NOTE --no-stop-on-test-error
r-devel-macos-x86_64-clang 1.1.0 26.80 NOTE --no-stop-on-test-error
r-devel-windows-ix86+x86_64 1.1.0 8.00 56.00 64.00 NOTE
r-patched-linux-x86_64 1.1.0 0.86 14.78 15.64 NOTE
r-patched-solaris-sparc 1.1.0 162.30 NOTE
r-patched-solaris-x86 1.1.0 36.80 NOTE
r-release-linux-x86_64 1.1.0 0.84 15.13 15.97 NOTE
r-release-osx-x86_64-mavericks 1.1.0 NOTE
r-release-windows-ix86+x86_64 1.1.0 6.00 57.00 63.00 NOTE
r-oldrel-windows-ix86+x86_64 1.1.0 12.00 71.00 83.00 OK

Check Details

Version: 1.1.0
Check: R code for possible problems
Result: NOTE
    ci.cvAUC: no visible global function definition for ‘qnorm’
    ci.pooled.cvAUC: no visible global function definition for ‘qnorm’
    Undefined global functions or variables:
     qnorm
    Consider adding
     importFrom("stats", "qnorm")
    to your NAMESPACE file.
Flavors: r-devel-linux-x86_64-debian-clang, r-devel-linux-x86_64-debian-gcc, r-devel-windows-ix86+x86_64, r-patched-linux-x86_64, r-patched-solaris-sparc, r-patched-solaris-x86, r-release-linux-x86_64, r-release-osx-x86_64-mavericks, r-release-windows-ix86+x86_64

Version: 1.1.0
Flags: --no-stop-on-test-error
Check: R code for possible problems
Result: NOTE
    ci.cvAUC: no visible global function definition for ‘qnorm’
    ci.pooled.cvAUC: no visible global function definition for ‘qnorm’
    Undefined global functions or variables:
     qnorm
    Consider adding
     importFrom("stats", "qnorm")
    to your NAMESPACE file.
Flavors: r-devel-linux-x86_64-fedora-clang, r-devel-linux-x86_64-fedora-gcc, r-devel-macos-x86_64-clang