CRAN Package Check Results for Package cvAUC

Last updated on 2017-06-29 06:52:47.

Flavor Version Tinstall Tcheck Ttotal Status Flags
r-devel-linux-x86_64-debian-clang 1.1.0 0.98 17.24 18.21 NOTE
r-devel-linux-x86_64-debian-gcc 1.1.0 0.94 16.97 17.91 NOTE
r-devel-linux-x86_64-fedora-clang 1.1.0 31.46 NOTE
r-devel-linux-x86_64-fedora-gcc 1.1.0 29.93 NOTE
r-devel-windows-ix86+x86_64 1.1.0 4.00 36.00 40.00 NOTE
r-patched-linux-x86_64 1.1.0 1.05 16.71 17.76 NOTE
r-patched-solaris-sparc 1.1.0 193.10 NOTE
r-patched-solaris-x86 1.1.0 43.40 NOTE
r-release-linux-x86_64 1.1.0 1.04 16.60 17.64 NOTE
r-release-windows-ix86+x86_64 1.1.0 6.00 38.00 44.00 NOTE
r-release-osx-x86_64 1.1.0 NOTE
r-oldrel-windows-ix86+x86_64 1.1.0 4.00 33.00 37.00 NOTE
r-oldrel-osx-x86_64 1.1.0 NOTE

Check Details

Version: 1.1.0
Check: R code for possible problems
Result: NOTE
    ci.cvAUC: no visible global function definition for ‘qnorm’
    ci.pooled.cvAUC: no visible global function definition for ‘qnorm’
    Undefined global functions or variables:
     qnorm
    Consider adding
     importFrom("stats", "qnorm")
    to your NAMESPACE file.
Flavors: r-devel-linux-x86_64-debian-clang, r-devel-linux-x86_64-debian-gcc, r-devel-linux-x86_64-fedora-clang, r-devel-linux-x86_64-fedora-gcc, r-devel-windows-ix86+x86_64, r-patched-linux-x86_64, r-patched-solaris-sparc, r-patched-solaris-x86, r-release-linux-x86_64, r-release-windows-ix86+x86_64, r-release-osx-x86_64, r-oldrel-windows-ix86+x86_64, r-oldrel-osx-x86_64