CRAN Package Check Results for Package cvAUC

Last updated on 2015-07-31 06:46:50.

Flavor Version Tinstall Tcheck Ttotal Status Flags
r-devel-linux-x86_64-debian-clang 1.1.0 1.14 16.77 17.90 NOTE
r-devel-linux-x86_64-debian-gcc 1.1.0 1.49 16.06 17.55 NOTE
r-devel-linux-x86_64-fedora-clang 1.1.0 37.83 NOTE
r-devel-linux-x86_64-fedora-gcc 1.1.0 32.63 NOTE
r-devel-osx-x86_64-clang 1.1.0 32.62 OK
r-devel-windows-ix86+x86_64 1.1.0 5.00 30.00 35.00 NOTE
r-patched-linux-x86_64 1.1.0 1.12 16.58 17.70 OK
r-patched-solaris-sparc 1.1.0 227.90 OK
r-patched-solaris-x86 1.1.0 55.60 OK
r-release-linux-x86_64 1.1.0 1.10 16.20 17.30 OK
r-release-osx-x86_64-mavericks 1.1.0 OK
r-release-windows-ix86+x86_64 1.1.0 6.00 32.00 38.00 OK
r-oldrel-windows-ix86+x86_64 1.1.0 11.00 52.00 63.00 OK

Check Details

Version: 1.1.0
Check: R code for possible problems
Result: NOTE
    ci.cvAUC: no visible global function definition for ‘qnorm’
    ci.pooled.cvAUC: no visible global function definition for ‘qnorm’
    Undefined global functions or variables:
     qnorm
    Consider adding
     importFrom("stats", "qnorm")
    to your NAMESPACE.
Flavors: r-devel-linux-x86_64-debian-clang, r-devel-linux-x86_64-debian-gcc, r-devel-linux-x86_64-fedora-clang, r-devel-linux-x86_64-fedora-gcc, r-devel-windows-ix86+x86_64