CRAN Package Check Results for Package cvAUC

Last updated on 2014-04-23 12:48:16.

Flavor Version Tinstall Tcheck Ttotal Status Flags
r-devel-linux-x86_64-debian-clang 1.0-0 0.89 16.68 17.57 NOTE
r-devel-linux-x86_64-debian-gcc 1.0-0 0.90 16.04 16.94 NOTE
r-devel-linux-x86_64-fedora-clang 1.0-0 34.04 NOTE
r-devel-linux-x86_64-fedora-gcc 1.0-0 31.85 NOTE
r-devel-osx-x86_64-clang 1.0-0 33.24 NOTE
r-devel-osx-x86_64-gcc 1.0-0 NOTE
r-devel-windows-ix86+x86_64 1.0-0 3.00 27.00 30.00 NOTE
r-patched-linux-x86_64 1.0-0 1.09 16.18 17.27 NOTE
r-patched-solaris-sparc 1.0-0 188.60 NOTE
r-patched-solaris-x86 1.0-0 46.20 NOTE
r-release-linux-ix86 1.0-0 2.00 32.00 34.00 NOTE
r-release-linux-x86_64 1.0-0 0.87 16.21 17.08 NOTE
r-release-osx-x86_64-mavericks 1.0-0 WARN
r-release-osx-x86_64-snowleopard 1.0-0 NOTE
r-release-windows-ix86+x86_64 1.0-0 4.00 28.00 32.00 NOTE
r-oldrel-windows-ix86+x86_64 1.0-0 5.00 29.00 34.00 NOTE

Check Details

Version: 1.0-0
Check: dependencies in R code
Result: NOTE
    'library' or 'require' call to ‘ROCR’ which was already attached by Depends.
     Please remove these calls from your code.
    See the information on DESCRIPTION files in the chapter ‘Creating R
    packages’ of the ‘Writing R Extensions’ manual.
Flavors: r-devel-linux-x86_64-debian-clang, r-devel-linux-x86_64-debian-gcc, r-devel-linux-x86_64-fedora-clang, r-devel-linux-x86_64-fedora-gcc, r-devel-osx-x86_64-clang, r-devel-osx-x86_64-gcc, r-devel-windows-ix86+x86_64, r-patched-linux-x86_64, r-patched-solaris-sparc, r-patched-solaris-x86, r-release-linux-ix86, r-release-linux-x86_64, r-release-osx-x86_64-mavericks, r-release-osx-x86_64-snowleopard, r-release-windows-ix86+x86_64, r-oldrel-windows-ix86+x86_64

Version: 1.0-0
Check: Rd line widths
Result: NOTE
    Rd file 'ci.pooled.cvAUC.Rd':
     \examples lines wider than 100 characters:
     out <- ci.pooled.cvAUC(predictions=predictions, labels=data$Y, folds=folds, ids=ids, confidence=0.95)
    
    These lines will be truncated in the PDF manual.
Flavors: r-devel-linux-x86_64-fedora-clang, r-devel-linux-x86_64-fedora-gcc

Version: 1.0-0
Check: PDF version of manual
Result: WARNING
    LaTeX errors when creating PDF version.
    This typically indicates Rd problems.
    LaTeX errors found:
    ! LaTeX Error: File `upquote.sty' not found.
    
    Type X to quit or <RETURN> to proceed,
    or enter new name. (Default extension: sty)
    
    4fdc516/Rd2.tex:8: ==> Fatal error occurred, no output PDF file produced!
Flavor: r-release-osx-x86_64-mavericks