CRAN Package Check Results for Package cvTools

Last updated on 2017-09-22 20:47:07.

Flavor Version Tinstall Tcheck Ttotal Status Flags
r-devel-linux-x86_64-debian-clang 0.3.2 1.11 78.78 79.90 NOTE
r-devel-linux-x86_64-debian-gcc 0.3.2 1.24 75.29 76.53 NOTE
r-devel-linux-x86_64-fedora-clang 0.3.2 130.92 NOTE
r-devel-linux-x86_64-fedora-gcc 0.3.2 132.24 NOTE
r-devel-windows-ix86+x86_64 0.3.2 4.00 133.00 137.00 NOTE
r-patched-linux-x86_64 0.3.2 1.14 72.91 74.05 NOTE
r-patched-solaris-x86 0.3.2 162.60 NOTE
r-release-linux-x86_64 0.3.2 1.15 75.95 77.10 NOTE
r-release-windows-ix86+x86_64 0.3.2 4.00 126.00 130.00 NOTE
r-release-osx-x86_64 0.3.2 NOTE
r-oldrel-windows-ix86+x86_64 0.3.2 3.00 110.00 113.00 NOTE
r-oldrel-osx-x86_64 0.3.2 NOTE

Check Details

Version: 0.3.2
Check: DESCRIPTION meta-information
Result: NOTE
    Packages listed in more than one of Depends, Imports, Suggests, Enhances:
     ‘lattice’ ‘robustbase’
    A package should be listed in only one of these fields.
Flavors: r-devel-linux-x86_64-debian-clang, r-devel-linux-x86_64-debian-gcc, r-devel-linux-x86_64-fedora-clang, r-devel-linux-x86_64-fedora-gcc, r-devel-windows-ix86+x86_64, r-patched-linux-x86_64, r-patched-solaris-x86, r-release-linux-x86_64, r-release-windows-ix86+x86_64, r-release-osx-x86_64, r-oldrel-windows-ix86+x86_64, r-oldrel-osx-x86_64