CRAN Package Check Results for Package cvTools

Last updated on 2016-05-27 23:47:09.

Flavor Version Tinstall Tcheck Ttotal Status Flags
r-devel-linux-x86_64-debian-gcc 0.3.2 1.03 76.80 77.83 NOTE
r-devel-linux-x86_64-fedora-clang 0.3.2 132.82 NOTE
r-devel-linux-x86_64-fedora-gcc 0.3.2 121.56 NOTE
r-devel-osx-x86_64-clang 0.3.2 122.79 NOTE
r-devel-windows-ix86+x86_64 0.3.2 4.00 111.00 115.00 NOTE
r-patched-linux-x86_64 0.3.2 1.01 75.78 76.79 NOTE
r-patched-solaris-sparc 0.3.2 841.30 NOTE
r-patched-solaris-x86 0.3.2 157.30 NOTE
r-release-linux-x86_64 0.3.2 0.98 75.31 76.29 NOTE
r-release-osx-x86_64-mavericks 0.3.2 NOTE
r-release-windows-ix86+x86_64 0.3.2 5.00 133.00 138.00 NOTE

Check Details

Version: 0.3.2
Check: DESCRIPTION meta-information
Result: NOTE
    Packages listed in more than one of Depends, Imports, Suggests, Enhances:
     ‘lattice’ ‘robustbase’
    A package should be listed in only one of these fields.
Flavors: r-devel-linux-x86_64-debian-gcc, r-devel-linux-x86_64-fedora-clang, r-devel-linux-x86_64-fedora-gcc, r-devel-osx-x86_64-clang, r-devel-windows-ix86+x86_64, r-patched-linux-x86_64, r-patched-solaris-sparc, r-patched-solaris-x86, r-release-linux-x86_64, r-release-osx-x86_64-mavericks, r-release-windows-ix86+x86_64, r-oldrel-windows-ix86+x86_64