CRAN Package Check Results for Package cvTools

Last updated on 2014-09-02 03:49:35.

Flavor Version Tinstall Tcheck Ttotal Status Flags
r-devel-linux-x86_64-debian-clang 0.3.2 1.16 76.04 77.20 NOTE
r-devel-linux-x86_64-debian-gcc 0.3.2 1.10 74.62 75.72 NOTE
r-devel-linux-x86_64-fedora-clang 0.3.2 142.68 NOTE
r-devel-linux-x86_64-fedora-gcc 0.3.2 134.57 NOTE
r-devel-osx-x86_64-clang 0.3.2 105.54 NOTE
r-devel-windows-ix86+x86_64 0.3.2 4.00 99.00 103.00 NOTE
r-patched-linux-x86_64 0.3.2 1.28 76.61 77.89 NOTE
r-patched-solaris-sparc 0.3.2 893.90 NOTE
r-patched-solaris-x86 0.3.2 177.10 NOTE
r-release-linux-ix86 0.3.2 1.58 112.40 113.98 NOTE
r-release-linux-x86_64 0.3.2 1.28 76.71 77.99 NOTE
r-release-osx-x86_64-mavericks 0.3.2 NOTE
r-release-windows-ix86+x86_64 0.3.2 4.00 96.00 100.00 NOTE
r-oldrel-windows-ix86+x86_64 0.3.2 6.00 103.00 109.00 NOTE

Check Details

Version: 0.3.2
Check: DESCRIPTION meta-information
Result: NOTE
    Packages listed in more than one of Depends, Imports, Suggests, Enhances:
     ‘lattice’ ‘robustbase’
    A package should be listed in only one of these fields.
Flavors: r-devel-linux-x86_64-debian-clang, r-devel-linux-x86_64-debian-gcc, r-devel-linux-x86_64-fedora-clang, r-devel-linux-x86_64-fedora-gcc, r-devel-osx-x86_64-clang, r-devel-windows-ix86+x86_64, r-patched-linux-x86_64, r-patched-solaris-sparc, r-patched-solaris-x86, r-release-linux-ix86, r-release-linux-x86_64, r-release-osx-x86_64-mavericks, r-release-windows-ix86+x86_64, r-oldrel-windows-ix86+x86_64