CRAN Package Check Results for Package cvTools

Last updated on 2016-07-02 06:47:12.

Flavor Version Tinstall Tcheck Ttotal Status Flags
r-devel-linux-x86_64-debian-gcc 0.3.2 1.50 89.13 90.64 NOTE
r-devel-linux-x86_64-fedora-clang 0.3.2 126.62 NOTE
r-devel-linux-x86_64-fedora-gcc 0.3.2 119.70 NOTE
r-devel-osx-x86_64-clang 0.3.2 94.81 NOTE
r-devel-windows-ix86+x86_64 0.3.2 5.00 131.00 136.00 NOTE
r-patched-linux-x86_64 0.3.2 1.11 90.41 91.51 NOTE
r-patched-solaris-sparc 0.3.2 848.50 NOTE
r-patched-solaris-x86 0.3.2 158.30 NOTE
r-release-linux-x86_64 0.3.2 0.95 78.60 79.55 NOTE
r-release-osx-x86_64-mavericks 0.3.2 NOTE
r-release-windows-ix86+x86_64 0.3.2 6.00 129.00 135.00 NOTE
r-oldrel-windows-ix86+x86_64 0.3.2 4.00 104.00 108.00 NOTE

Check Details

Version: 0.3.2
Check: DESCRIPTION meta-information
Result: NOTE
    Packages listed in more than one of Depends, Imports, Suggests, Enhances:
     ‘lattice’ ‘robustbase’
    A package should be listed in only one of these fields.
Flavors: r-devel-linux-x86_64-debian-gcc, r-devel-linux-x86_64-fedora-clang, r-devel-linux-x86_64-fedora-gcc, r-devel-osx-x86_64-clang, r-devel-windows-ix86+x86_64, r-patched-linux-x86_64, r-patched-solaris-sparc, r-patched-solaris-x86, r-release-linux-x86_64, r-release-osx-x86_64-mavericks, r-release-windows-ix86+x86_64, r-oldrel-windows-ix86+x86_64