CRAN Package Check Results for Package cvTools

Last updated on 2016-08-24 06:47:36.

Flavor Version Tinstall Tcheck Ttotal Status Flags
r-devel-linux-x86_64-debian-clang 0.3.2 1.14 80.37 81.50 NOTE
r-devel-linux-x86_64-debian-gcc 0.3.2 1.09 81.58 82.66 NOTE
r-devel-linux-x86_64-fedora-clang 0.3.2 126.94 NOTE
r-devel-linux-x86_64-fedora-gcc 0.3.2 121.81 NOTE
r-devel-osx-x86_64-clang 0.3.2 92.92 NOTE
r-devel-windows-ix86+x86_64 0.3.2 5.00 131.00 136.00 NOTE
r-patched-linux-x86_64 0.3.2 1.00 81.14 82.14 NOTE
r-patched-solaris-sparc 0.3.2 848.50 NOTE
r-patched-solaris-x86 0.3.2 156.10 NOTE
r-release-linux-x86_64 0.3.2 0.97 82.08 83.05 NOTE
r-release-osx-x86_64-mavericks 0.3.2 NOTE
r-release-windows-ix86+x86_64 0.3.2 5.00 105.00 110.00 NOTE
r-oldrel-windows-ix86+x86_64 0.3.2 7.00 130.00 137.00 NOTE

Check Details

Version: 0.3.2
Check: DESCRIPTION meta-information
Result: NOTE
    Packages listed in more than one of Depends, Imports, Suggests, Enhances:
     ‘lattice’ ‘robustbase’
    A package should be listed in only one of these fields.
Flavors: r-devel-linux-x86_64-debian-clang, r-devel-linux-x86_64-debian-gcc, r-devel-linux-x86_64-fedora-clang, r-devel-linux-x86_64-fedora-gcc, r-devel-osx-x86_64-clang, r-devel-windows-ix86+x86_64, r-patched-linux-x86_64, r-patched-solaris-sparc, r-patched-solaris-x86, r-release-linux-x86_64, r-release-osx-x86_64-mavericks, r-release-windows-ix86+x86_64, r-oldrel-windows-ix86+x86_64