CRAN Package Check Results for Package cvTools

Last updated on 2017-05-28 23:49:53.

Flavor Version Tinstall Tcheck Ttotal Status Flags
r-devel-linux-x86_64-debian-clang 0.3.2 1.20 86.90 88.10 NOTE
r-devel-linux-x86_64-debian-gcc 0.3.2 1.24 85.04 86.28 NOTE
r-devel-linux-x86_64-fedora-clang 0.3.2 135.99 NOTE
r-devel-linux-x86_64-fedora-gcc 0.3.2 127.00 NOTE
r-devel-windows-ix86+x86_64 0.3.2 4.00 171.00 175.00 NOTE
r-patched-linux-x86_64 0.3.2 1.48 88.04 89.52 NOTE
r-patched-solaris-sparc 0.3.2 872.60 NOTE
r-patched-solaris-x86 0.3.2 163.50 NOTE
r-release-linux-x86_64 0.3.2 1.20 84.29 85.50 NOTE
r-release-windows-ix86+x86_64 0.3.2 7.00 151.00 158.00 NOTE
r-release-osx-x86_64 0.3.2 NOTE
r-oldrel-windows-ix86+x86_64 0.3.2 4.00 111.00 115.00 NOTE
r-oldrel-osx-x86_64 0.3.2 NOTE

Check Details

Version: 0.3.2
Check: DESCRIPTION meta-information
Result: NOTE
    Packages listed in more than one of Depends, Imports, Suggests, Enhances:
     ‘lattice’ ‘robustbase’
    A package should be listed in only one of these fields.
Flavors: r-devel-linux-x86_64-debian-clang, r-devel-linux-x86_64-debian-gcc, r-devel-linux-x86_64-fedora-clang, r-devel-linux-x86_64-fedora-gcc, r-devel-windows-ix86+x86_64, r-patched-linux-x86_64, r-patched-solaris-sparc, r-patched-solaris-x86, r-release-linux-x86_64, r-release-windows-ix86+x86_64, r-release-osx-x86_64, r-oldrel-windows-ix86+x86_64, r-oldrel-osx-x86_64