CRAN Package Check Results for Package cvTools

Last updated on 2015-05-27 17:47:10.

Flavor Version Tinstall Tcheck Ttotal Status Flags
r-devel-linux-x86_64-debian-clang 0.3.2 1.02 75.43 76.45 NOTE
r-devel-linux-x86_64-debian-gcc 0.3.2 1.22 74.92 76.14 NOTE
r-devel-linux-x86_64-fedora-clang 0.3.2 133.17 NOTE
r-devel-linux-x86_64-fedora-gcc 0.3.2 130.66 NOTE
r-devel-osx-x86_64-clang 0.3.2 106.22 NOTE
r-devel-windows-ix86+x86_64 0.3.2 4.00 96.00 100.00 NOTE
r-patched-linux-x86_64 0.3.2 1.04 74.40 75.44 NOTE
r-patched-solaris-sparc 0.3.2 884.90 NOTE
r-patched-solaris-x86 0.3.2 166.70 NOTE
r-release-linux-x86_64 0.3.2 1.27 75.03 76.30 NOTE
r-release-osx-x86_64-mavericks 0.3.2 NOTE
r-release-osx-x86_64-snowleopard 0.3.2 NOTE
r-release-windows-ix86+x86_64 0.3.2 4.00 96.00 100.00 NOTE
r-oldrel-windows-ix86+x86_64 0.3.2 5.00 104.00 109.00 NOTE

Check Details

Version: 0.3.2
Check: DESCRIPTION meta-information
Result: NOTE
    Packages listed in more than one of Depends, Imports, Suggests, Enhances:
     ‘lattice’ ‘robustbase’
    A package should be listed in only one of these fields.
Flavors: r-devel-linux-x86_64-debian-clang, r-devel-linux-x86_64-debian-gcc, r-devel-linux-x86_64-fedora-clang, r-devel-linux-x86_64-fedora-gcc, r-devel-osx-x86_64-clang, r-devel-windows-ix86+x86_64, r-patched-linux-x86_64, r-patched-solaris-sparc, r-patched-solaris-x86, r-release-linux-x86_64, r-release-osx-x86_64-mavericks, r-release-osx-x86_64-snowleopard, r-release-windows-ix86+x86_64, r-oldrel-windows-ix86+x86_64