CRAN Package Check Results for Package cvTools

Last updated on 2014-12-20 21:46:47.

Flavor Version Tinstall Tcheck Ttotal Status Flags
r-devel-linux-x86_64-debian-clang 0.3.2 1.22 76.83 78.05 NOTE
r-devel-linux-x86_64-debian-gcc 0.3.2 1.15 75.68 76.82 NOTE
r-devel-linux-x86_64-fedora-clang 0.3.2 142.40 NOTE
r-devel-linux-x86_64-fedora-gcc 0.3.2 113.22 NOTE
r-devel-osx-x86_64-clang 0.3.2 115.52 NOTE
r-devel-windows-ix86+x86_64 0.3.2 4.00 96.00 100.00 NOTE
r-patched-linux-x86_64 0.3.2 1.26 79.29 80.55 NOTE
r-patched-solaris-sparc 0.3.2 893.90 NOTE
r-patched-solaris-x86 0.3.2 177.50 NOTE
r-release-linux-ix86 0.3.2 1.48 105.52 107.00 NOTE
r-release-linux-x86_64 0.3.2 1.12 79.72 80.84 NOTE
r-release-osx-x86_64-mavericks 0.3.2 NOTE
r-release-windows-ix86+x86_64 0.3.2 5.00 102.00 107.00 NOTE
r-oldrel-windows-ix86+x86_64 0.3.2 6.00 114.00 120.00 NOTE

Check Details

Version: 0.3.2
Check: DESCRIPTION meta-information
Result: NOTE
    Packages listed in more than one of Depends, Imports, Suggests, Enhances:
     ‘lattice’ ‘robustbase’
    A package should be listed in only one of these fields.
Flavors: r-devel-linux-x86_64-debian-clang, r-devel-linux-x86_64-debian-gcc, r-devel-linux-x86_64-fedora-clang, r-devel-linux-x86_64-fedora-gcc, r-devel-osx-x86_64-clang, r-devel-windows-ix86+x86_64, r-patched-linux-x86_64, r-patched-solaris-sparc, r-patched-solaris-x86, r-release-linux-ix86, r-release-linux-x86_64, r-release-osx-x86_64-mavericks, r-release-windows-ix86+x86_64, r-oldrel-windows-ix86+x86_64