CRAN Package Check Results for Package cvTools

Last updated on 2014-07-30 22:47:22.

Flavor Version Tinstall Tcheck Ttotal Status Flags
r-devel-linux-x86_64-debian-clang 0.3.2 1.20 76.32 77.51 NOTE
r-devel-linux-x86_64-debian-gcc 0.3.2 1.17 76.00 77.17 NOTE
r-devel-linux-x86_64-fedora-clang 0.3.2 140.91 NOTE
r-devel-linux-x86_64-fedora-gcc 0.3.2 138.87 NOTE
r-devel-osx-x86_64-clang 0.3.2 110.03 NOTE
r-devel-windows-ix86+x86_64 0.3.2 3.00 100.00 103.00 NOTE
r-patched-linux-x86_64 0.3.2 1.28 76.39 77.68 NOTE
r-patched-solaris-sparc 0.3.2 893.90 NOTE
r-patched-solaris-x86 0.3.2 175.10 NOTE
r-release-linux-ix86 0.3.2 1.58 107.65 109.23 NOTE
r-release-linux-x86_64 0.3.2 1.21 76.72 77.93 NOTE
r-release-osx-x86_64-mavericks 0.3.2 NOTE
r-release-windows-ix86+x86_64 0.3.2 4.00 98.00 102.00 NOTE
r-oldrel-windows-ix86+x86_64 0.3.2 8.00 141.00 149.00 NOTE

Check Details

Version: 0.3.2
Check: DESCRIPTION meta-information
Result: NOTE
    Packages listed in more than one of Depends, Imports, Suggests, Enhances:
     lattice robustbase
    A package should be listed in only one of these fields.
Flavors: r-devel-linux-x86_64-debian-clang, r-devel-linux-x86_64-debian-gcc, r-devel-linux-x86_64-fedora-clang, r-devel-linux-x86_64-fedora-gcc, r-devel-osx-x86_64-clang, r-devel-windows-ix86+x86_64, r-patched-linux-x86_64, r-patched-solaris-sparc, r-patched-solaris-x86, r-release-linux-ix86, r-release-linux-x86_64, r-release-osx-x86_64-mavericks, r-release-windows-ix86+x86_64, r-oldrel-windows-ix86+x86_64