CRAN Package Check Results for Package cvTools

Last updated on 2015-09-01 05:48:12.

Flavor Version Tinstall Tcheck Ttotal Status Flags
r-devel-linux-x86_64-debian-clang 0.3.2 1.08 71.93 73.01 NOTE
r-devel-linux-x86_64-debian-gcc 0.3.2 0.95 71.68 72.62 NOTE
r-devel-linux-x86_64-fedora-clang 0.3.2 129.42 NOTE
r-devel-linux-x86_64-fedora-gcc 0.3.2 122.93 NOTE
r-devel-osx-x86_64-clang 0.3.2 99.65 NOTE
r-devel-windows-ix86+x86_64 0.3.2 7.00 134.00 141.00 NOTE
r-patched-linux-x86_64 0.3.2 1.11 71.99 73.10 NOTE
r-patched-solaris-sparc 0.3.2 888.60 NOTE
r-patched-solaris-x86 0.3.2 164.90 NOTE
r-release-linux-x86_64 0.3.2 1.02 73.22 74.24 NOTE
r-release-osx-x86_64-mavericks 0.3.2 NOTE
r-release-windows-ix86+x86_64 0.3.2 6.00 105.00 111.00 NOTE
r-oldrel-windows-ix86+x86_64 0.3.2 7.00 119.00 126.00 NOTE

Check Details

Version: 0.3.2
Check: DESCRIPTION meta-information
Result: NOTE
    Packages listed in more than one of Depends, Imports, Suggests, Enhances:
     ‘lattice’ ‘robustbase’
    A package should be listed in only one of these fields.
Flavors: r-devel-linux-x86_64-debian-clang, r-devel-linux-x86_64-debian-gcc, r-devel-linux-x86_64-fedora-clang, r-devel-linux-x86_64-fedora-gcc, r-devel-osx-x86_64-clang, r-devel-windows-ix86+x86_64, r-patched-linux-x86_64, r-patched-solaris-sparc, r-patched-solaris-x86, r-release-linux-x86_64, r-release-osx-x86_64-mavericks, r-release-windows-ix86+x86_64, r-oldrel-windows-ix86+x86_64