CRAN Package Check Results for Package cvTools

Last updated on 2015-04-18 03:50:12.

Flavor Version Tinstall Tcheck Ttotal Status Flags
r-devel-linux-x86_64-debian-clang 0.3.2 1.02 75.46 76.47 NOTE
r-devel-linux-x86_64-debian-gcc 0.3.2 1.01 74.58 75.59 NOTE
r-devel-linux-x86_64-fedora-clang 0.3.2 134.35 NOTE
r-devel-linux-x86_64-fedora-gcc 0.3.2 127.30 NOTE
r-devel-osx-x86_64-clang 0.3.2 107.63 NOTE
r-prerel-windows-ix86+x86_64 0.3.2 8.00 101.00 109.00 NOTE
r-prerel-linux-x86_64 0.3.2 1.00 74.60 75.60 NOTE
r-prerel-solaris-sparc 0.3.2 883.30 NOTE
r-prerel-solaris-x86 0.3.2 166.20 NOTE
r-release-linux-x86_64 0.3.2 1.25 78.21 79.46 NOTE
r-release-osx-x86_64-mavericks 0.3.2 NOTE
r-release-windows-ix86+x86_64 0.3.2 3.00 133.00 136.00 NOTE
r-oldrel-windows-ix86+x86_64 0.3.2 5.00 116.00 121.00 NOTE

Check Details

Version: 0.3.2
Check: DESCRIPTION meta-information
Result: NOTE
    Packages listed in more than one of Depends, Imports, Suggests, Enhances:
     ‘lattice’ ‘robustbase’
    A package should be listed in only one of these fields.
Flavors: r-devel-linux-x86_64-debian-clang, r-devel-linux-x86_64-debian-gcc, r-devel-linux-x86_64-fedora-clang, r-devel-linux-x86_64-fedora-gcc, r-devel-osx-x86_64-clang, r-prerel-windows-ix86+x86_64, r-prerel-linux-x86_64, r-prerel-solaris-sparc, r-prerel-solaris-x86, r-release-linux-x86_64, r-release-osx-x86_64-mavericks, r-release-windows-ix86+x86_64, r-oldrel-windows-ix86+x86_64