CRAN Package Check Results for Package cvTools

Last updated on 2017-02-23 05:48:53.

Flavor Version Tinstall Tcheck Ttotal Status Flags
r-devel-linux-x86_64-debian-clang 0.3.2 1.18 84.94 86.13 NOTE
r-devel-linux-x86_64-debian-gcc 0.3.2 1.14 81.46 82.60 NOTE
r-devel-linux-x86_64-fedora-clang 0.3.2 130.26 NOTE --no-stop-on-test-error
r-devel-linux-x86_64-fedora-gcc 0.3.2 127.41 NOTE --no-stop-on-test-error
r-devel-macos-x86_64-clang 0.3.2 96.52 NOTE --no-stop-on-test-error
r-devel-windows-ix86+x86_64 0.3.2 7.00 171.00 178.00 NOTE
r-patched-linux-x86_64 0.3.2 0.99 77.78 78.77 NOTE
r-patched-solaris-sparc 0.3.2 863.30 NOTE
r-patched-solaris-x86 0.3.2 155.10 NOTE
r-release-linux-x86_64 0.3.2 1.09 78.87 79.96 NOTE
r-release-osx-x86_64-mavericks 0.3.2 NOTE
r-release-windows-ix86+x86_64 0.3.2 5.00 136.00 141.00 NOTE
r-oldrel-windows-ix86+x86_64 0.3.2 7.00 142.00 149.00 NOTE

Check Details

Version: 0.3.2
Check: DESCRIPTION meta-information
Result: NOTE
    Packages listed in more than one of Depends, Imports, Suggests, Enhances:
     ‘lattice’ ‘robustbase’
    A package should be listed in only one of these fields.
Flavors: r-devel-linux-x86_64-debian-clang, r-devel-linux-x86_64-debian-gcc, r-devel-windows-ix86+x86_64, r-patched-linux-x86_64, r-patched-solaris-sparc, r-patched-solaris-x86, r-release-linux-x86_64, r-release-osx-x86_64-mavericks, r-release-windows-ix86+x86_64, r-oldrel-windows-ix86+x86_64

Version: 0.3.2
Flags: --no-stop-on-test-error
Check: DESCRIPTION meta-information
Result: NOTE
    Packages listed in more than one of Depends, Imports, Suggests, Enhances:
     ‘lattice’ ‘robustbase’
    A package should be listed in only one of these fields.
Flavors: r-devel-linux-x86_64-fedora-clang, r-devel-linux-x86_64-fedora-gcc, r-devel-macos-x86_64-clang