CRAN Package Check Results for Package cvTools

Last updated on 2017-07-23 17:47:03.

Flavor Version Tinstall Tcheck Ttotal Status Flags
r-devel-linux-x86_64-debian-clang 0.3.2 1.26 91.89 93.15 NOTE
r-devel-linux-x86_64-debian-gcc 0.3.2 1.15 93.68 94.83 NOTE
r-devel-linux-x86_64-fedora-clang 0.3.2 135.34 NOTE
r-devel-linux-x86_64-fedora-gcc 0.3.2 131.72 NOTE
r-devel-windows-ix86+x86_64 0.3.2 7.00 170.00 177.00 NOTE
r-patched-linux-x86_64 0.3.2 1.12 89.35 90.46 NOTE
r-patched-solaris-x86 0.3.2 166.70 NOTE
r-release-linux-x86_64 0.3.2 1.15 89.80 90.95 NOTE
r-release-windows-ix86+x86_64 0.3.2 5.00 168.00 173.00 NOTE
r-release-osx-x86_64 0.3.2 NOTE
r-oldrel-windows-ix86+x86_64 0.3.2 4.00 135.00 139.00 NOTE
r-oldrel-osx-x86_64 0.3.2 NOTE

Check Details

Version: 0.3.2
Check: DESCRIPTION meta-information
Result: NOTE
    Packages listed in more than one of Depends, Imports, Suggests, Enhances:
     ‘lattice’ ‘robustbase’
    A package should be listed in only one of these fields.
Flavors: r-devel-linux-x86_64-debian-clang, r-devel-linux-x86_64-debian-gcc, r-devel-linux-x86_64-fedora-clang, r-devel-linux-x86_64-fedora-gcc, r-devel-windows-ix86+x86_64, r-patched-linux-x86_64, r-patched-solaris-x86, r-release-linux-x86_64, r-release-windows-ix86+x86_64, r-release-osx-x86_64, r-oldrel-windows-ix86+x86_64, r-oldrel-osx-x86_64