CRAN Package Check Results for Package cvTools

Last updated on 2015-02-27 23:47:46.

Flavor Version Tinstall Tcheck Ttotal Status Flags
r-devel-linux-x86_64-debian-clang 0.3.2 1.01 78.36 79.37 NOTE
r-devel-linux-x86_64-debian-gcc 0.3.2 0.99 74.80 75.79 NOTE
r-devel-linux-x86_64-fedora-clang 0.3.2 133.48 NOTE
r-devel-linux-x86_64-fedora-gcc 0.3.2 128.55 NOTE
r-devel-osx-x86_64-clang 0.3.2 111.62 NOTE
r-devel-windows-ix86+x86_64 0.3.2 6.00 100.00 106.00 NOTE
r-patched-linux-x86_64 0.3.2 1.57 79.06 80.63 NOTE
r-patched-solaris-sparc 0.3.2 911.20 NOTE
r-release-linux-ix86 0.3.2 1.52 106.80 108.32 NOTE
r-release-linux-x86_64 0.3.2 1.17 80.65 81.82 NOTE
r-release-osx-x86_64-mavericks 0.3.2 NOTE
r-release-windows-ix86+x86_64 0.3.2 4.00 108.00 112.00 NOTE
r-oldrel-windows-ix86+x86_64 0.3.2 5.00 108.00 113.00 NOTE

Check Details

Version: 0.3.2
Check: DESCRIPTION meta-information
Result: NOTE
    Packages listed in more than one of Depends, Imports, Suggests, Enhances:
     ‘lattice’ ‘robustbase’
    A package should be listed in only one of these fields.
Flavors: r-devel-linux-x86_64-debian-clang, r-devel-linux-x86_64-debian-gcc, r-devel-linux-x86_64-fedora-clang, r-devel-linux-x86_64-fedora-gcc, r-devel-osx-x86_64-clang, r-devel-windows-ix86+x86_64, r-patched-linux-x86_64, r-patched-solaris-sparc, r-release-linux-ix86, r-release-linux-x86_64, r-release-osx-x86_64-mavericks, r-release-windows-ix86+x86_64, r-oldrel-windows-ix86+x86_64