CRAN Package Check Results for Package cvTools

Last updated on 2016-09-26 23:48:06.

Flavor Version Tinstall Tcheck Ttotal Status Flags
r-devel-linux-x86_64-debian-clang 0.3.2 1.04 81.41 82.45 NOTE
r-devel-linux-x86_64-debian-gcc 0.3.2 1.09 85.88 86.98 NOTE
r-devel-linux-x86_64-fedora-clang 0.3.2 126.25 NOTE
r-devel-linux-x86_64-fedora-gcc 0.3.2 121.31 NOTE
r-devel-macos-x86_64-clang 0.3.2 91.94 NOTE
r-devel-windows-ix86+x86_64 0.3.2 11.00 156.00 167.00 NOTE
r-patched-linux-x86_64 0.3.2 0.92 84.49 85.41 NOTE
r-patched-solaris-sparc 0.3.2 848.50 NOTE
r-patched-solaris-x86 0.3.2 155.80 NOTE
r-release-linux-x86_64 0.3.2 1.05 86.82 87.87 NOTE
r-release-osx-x86_64-mavericks 0.3.2 NOTE
r-release-windows-ix86+x86_64 0.3.2 7.00 136.00 143.00 NOTE
r-oldrel-windows-ix86+x86_64 0.3.2 12.00 135.00 147.00 NOTE

Check Details

Version: 0.3.2
Check: DESCRIPTION meta-information
Result: NOTE
    Packages listed in more than one of Depends, Imports, Suggests, Enhances:
     ‘lattice’ ‘robustbase’
    A package should be listed in only one of these fields.
Flavors: r-devel-linux-x86_64-debian-clang, r-devel-linux-x86_64-debian-gcc, r-devel-linux-x86_64-fedora-clang, r-devel-linux-x86_64-fedora-gcc, r-devel-macos-x86_64-clang, r-devel-windows-ix86+x86_64, r-patched-linux-x86_64, r-patched-solaris-sparc, r-patched-solaris-x86, r-release-linux-x86_64, r-release-osx-x86_64-mavericks, r-release-windows-ix86+x86_64, r-oldrel-windows-ix86+x86_64