CRAN Package Check Results for Package cvTools

Last updated on 2015-01-26 17:47:37.

Flavor Version Tinstall Tcheck Ttotal Status Flags
r-devel-linux-x86_64-debian-clang 0.3.2 1.34 76.83 78.16 NOTE
r-devel-linux-x86_64-debian-gcc 0.3.2 1.02 74.76 75.77 NOTE
r-devel-linux-x86_64-fedora-clang 0.3.2 142.27 NOTE
r-devel-linux-x86_64-fedora-gcc 0.3.2 138.11 NOTE
r-devel-osx-x86_64-clang 0.3.2 116.39 NOTE
r-devel-windows-ix86+x86_64 0.3.2 6.00 130.00 136.00 NOTE
r-patched-linux-x86_64 0.3.2 1.13 79.07 80.20 NOTE
r-patched-solaris-sparc 0.3.2 911.20 NOTE
r-patched-solaris-x86 0.3.2 178.00 NOTE
r-release-linux-ix86 0.3.2 1.46 105.03 106.49 NOTE
r-release-linux-x86_64 0.3.2 1.19 79.04 80.23 NOTE
r-release-osx-x86_64-mavericks 0.3.2 NOTE
r-release-windows-ix86+x86_64 0.3.2 5.00 99.00 104.00 NOTE
r-oldrel-windows-ix86+x86_64 0.3.2 9.00 110.00 119.00 NOTE

Check Details

Version: 0.3.2
Check: DESCRIPTION meta-information
Result: NOTE
    Packages listed in more than one of Depends, Imports, Suggests, Enhances:
     ‘lattice’ ‘robustbase’
    A package should be listed in only one of these fields.
Flavors: r-devel-linux-x86_64-debian-clang, r-devel-linux-x86_64-debian-gcc, r-devel-linux-x86_64-fedora-clang, r-devel-linux-x86_64-fedora-gcc, r-devel-osx-x86_64-clang, r-devel-windows-ix86+x86_64, r-patched-linux-x86_64, r-patched-solaris-sparc, r-patched-solaris-x86, r-release-linux-ix86, r-release-linux-x86_64, r-release-osx-x86_64-mavericks, r-release-windows-ix86+x86_64, r-oldrel-windows-ix86+x86_64