CRAN Package Check Results for Package cvTools

Last updated on 2017-03-29 20:49:19.

Flavor Version Tinstall Tcheck Ttotal Status Flags
r-devel-linux-x86_64-debian-clang 0.3.2 1.12 84.27 85.39 NOTE
r-devel-linux-x86_64-debian-gcc 0.3.2 1.16 85.74 86.90 NOTE
r-devel-linux-x86_64-fedora-clang 0.3.2 127.66 NOTE --no-stop-on-test-error
r-devel-linux-x86_64-fedora-gcc 0.3.2 130.01 NOTE --no-stop-on-test-error
r-devel-macos-x86_64-clang 0.3.2 95.33 NOTE --no-stop-on-test-error
r-devel-windows-ix86+x86_64 0.3.2 3.00 101.00 104.00 NOTE
r-patched-linux-x86_64 0.3.2 1.20 83.08 84.28 NOTE
r-patched-solaris-sparc 0.3.2 872.60 NOTE
r-patched-solaris-x86 0.3.2 164.70 NOTE
r-release-linux-x86_64 0.3.2 0.96 76.10 77.06 NOTE
r-release-osx-x86_64-mavericks 0.3.2 NOTE
r-release-windows-ix86+x86_64 0.3.2 4.00 136.00 140.00 NOTE
r-oldrel-windows-ix86+x86_64 0.3.2 12.00 135.00 147.00 NOTE

Check Details

Version: 0.3.2
Check: DESCRIPTION meta-information
Result: NOTE
    Packages listed in more than one of Depends, Imports, Suggests, Enhances:
     ‘lattice’ ‘robustbase’
    A package should be listed in only one of these fields.
Flavors: r-devel-linux-x86_64-debian-clang, r-devel-linux-x86_64-debian-gcc, r-devel-windows-ix86+x86_64, r-patched-linux-x86_64, r-patched-solaris-sparc, r-patched-solaris-x86, r-release-linux-x86_64, r-release-osx-x86_64-mavericks, r-release-windows-ix86+x86_64, r-oldrel-windows-ix86+x86_64

Version: 0.3.2
Flags: --no-stop-on-test-error
Check: DESCRIPTION meta-information
Result: NOTE
    Packages listed in more than one of Depends, Imports, Suggests, Enhances:
     ‘lattice’ ‘robustbase’
    A package should be listed in only one of these fields.
Flavors: r-devel-linux-x86_64-fedora-clang, r-devel-linux-x86_64-fedora-gcc, r-devel-macos-x86_64-clang