CRAN Package Check Results for Package cvTools

Last updated on 2016-04-30 19:52:06.

Flavor Version Tinstall Tcheck Ttotal Status Flags
r-devel-linux-x86_64-debian-gcc 0.3.2 0.98 76.33 77.31 NOTE
r-devel-linux-x86_64-fedora-clang 0.3.2 124.06 NOTE
r-devel-linux-x86_64-fedora-gcc 0.3.2 118.87 NOTE
r-devel-osx-x86_64-clang 0.3.2 121.66 NOTE
r-devel-windows-ix86+x86_64 0.3.2 5.00 111.00 116.00 NOTE
r-patched-linux-x86_64 0.3.2 0.98 77.51 78.48 NOTE
r-patched-solaris-sparc 0.3.2 848.10 NOTE
r-patched-solaris-x86 0.3.2 156.80 NOTE
r-release-linux-x86_64 0.3.2 1.06 75.36 76.41 NOTE
r-release-osx-x86_64-mavericks 0.3.2 NOTE
r-release-windows-ix86+x86_64 0.3.2 9.00 128.00 137.00 NOTE
r-oldrel-windows-ix86+x86_64 0.3.2 10.00 143.00 153.00 NOTE

Check Details

Version: 0.3.2
Check: DESCRIPTION meta-information
Result: NOTE
    Packages listed in more than one of Depends, Imports, Suggests, Enhances:
     ‘lattice’ ‘robustbase’
    A package should be listed in only one of these fields.
Flavors: r-devel-linux-x86_64-debian-gcc, r-devel-linux-x86_64-fedora-clang, r-devel-linux-x86_64-fedora-gcc, r-devel-osx-x86_64-clang, r-devel-windows-ix86+x86_64, r-patched-linux-x86_64, r-patched-solaris-sparc, r-patched-solaris-x86, r-release-linux-x86_64, r-release-osx-x86_64-mavericks, r-release-windows-ix86+x86_64, r-oldrel-windows-ix86+x86_64