CRAN Package Check Results for Package cvTools

Last updated on 2014-11-01 07:48:46.

Flavor Version Tinstall Tcheck Ttotal Status Flags
r-devel-linux-x86_64-debian-clang 0.3.2 1.13 78.41 79.54 NOTE
r-devel-linux-x86_64-debian-gcc 0.3.2 1.19 74.30 75.49 NOTE
r-devel-linux-x86_64-fedora-clang 0.3.2 139.77 NOTE
r-devel-linux-x86_64-fedora-gcc 0.3.2 133.80 NOTE
r-devel-osx-x86_64-clang 0.3.2 111.13 NOTE
r-devel-windows-ix86+x86_64 0.3.2 4.00 97.00 101.00 NOTE
r-patched-linux-x86_64 0.3.2 1.14 77.56 78.70 NOTE
r-patched-solaris-sparc 0.3.2 893.90 NOTE
r-patched-solaris-x86 0.3.2 174.40 NOTE
r-release-linux-ix86 0.3.2 1.60 110.46 112.07 NOTE
r-release-linux-x86_64 0.3.2 1.20 77.51 78.71 NOTE
r-release-osx-x86_64-mavericks 0.3.2 NOTE
r-release-windows-ix86+x86_64 0.3.2 4.00 97.00 101.00 NOTE
r-oldrel-windows-ix86+x86_64 0.3.2 4.00 109.00 113.00 NOTE

Check Details

Version: 0.3.2
Check: DESCRIPTION meta-information
Result: NOTE
    Packages listed in more than one of Depends, Imports, Suggests, Enhances:
     ‘lattice’ ‘robustbase’
    A package should be listed in only one of these fields.
Flavors: r-devel-linux-x86_64-debian-clang, r-devel-linux-x86_64-debian-gcc, r-devel-linux-x86_64-fedora-clang, r-devel-linux-x86_64-fedora-gcc, r-devel-osx-x86_64-clang, r-devel-windows-ix86+x86_64, r-patched-linux-x86_64, r-patched-solaris-sparc, r-patched-solaris-x86, r-release-linux-ix86, r-release-linux-x86_64, r-release-osx-x86_64-mavericks, r-release-windows-ix86+x86_64, r-oldrel-windows-ix86+x86_64