CRAN Package Check Results for Package cvTools

Last updated on 2014-04-25 05:47:13.

Flavor Version Tinstall Tcheck Ttotal Status Flags
r-devel-linux-x86_64-debian-clang 0.3.2 1.24 80.97 82.21 NOTE
r-devel-linux-x86_64-debian-gcc 0.3.2 1.30 77.65 78.95 NOTE
r-devel-linux-x86_64-fedora-clang 0.3.2 142.47 NOTE
r-devel-linux-x86_64-fedora-gcc 0.3.2 139.51 NOTE
r-devel-osx-x86_64-clang 0.3.2 101.16 NOTE
r-devel-osx-x86_64-gcc 0.3.2 ERROR
r-devel-windows-ix86+x86_64 0.3.2 4.00 96.00 100.00 NOTE
r-patched-linux-x86_64 0.3.2 1.30 77.85 79.15 NOTE
r-patched-solaris-sparc 0.3.2 878.20 NOTE
r-patched-solaris-x86 0.3.2 176.10 NOTE
r-release-linux-ix86 0.3.2 2.00 143.00 145.00 NOTE
r-release-linux-x86_64 0.3.2 1.23 78.58 79.81 NOTE
r-release-osx-x86_64-mavericks 0.3.2 WARN
r-release-windows-ix86+x86_64 0.3.2 4.00 104.00 108.00 NOTE
r-oldrel-windows-ix86+x86_64 0.3.2 5.00 108.00 113.00 NOTE

Check Details

Version: 0.3.2
Check: DESCRIPTION meta-information
Result: NOTE
    Packages listed in more than one of Depends, Imports, Suggests, Enhances:
     ‘lattice’ ‘robustbase’
    A package should be listed in only one of these fields.
Flavors: r-devel-linux-x86_64-debian-clang, r-devel-linux-x86_64-debian-gcc, r-devel-linux-x86_64-fedora-clang, r-devel-linux-x86_64-fedora-gcc, r-devel-osx-x86_64-clang, r-devel-windows-ix86+x86_64, r-patched-linux-x86_64, r-patched-solaris-sparc, r-patched-solaris-x86, r-release-linux-ix86, r-release-linux-x86_64, r-release-osx-x86_64-mavericks, r-release-windows-ix86+x86_64, r-oldrel-windows-ix86+x86_64

Version: 0.3.2
Check: package dependencies
Result: ERROR
    Package required but not available: ‘robustbase’
    
    See the information on DESCRIPTION files in the chapter ‘Creating R
    packages’ of the ‘Writing R Extensions’ manual.
Flavor: r-devel-osx-x86_64-gcc

Version: 0.3.2
Check: PDF version of manual
Result: WARNING
    LaTeX errors when creating PDF version.
    This typically indicates Rd problems.
    LaTeX errors found:
    ! LaTeX Error: File `upquote.sty' not found.
    
    Type X to quit or <RETURN> to proceed,
    or enter new name. (Default extension: sty)
    
    44dbe03/Rd2.tex:8: ==> Fatal error occurred, no output PDF file produced!
Flavor: r-release-osx-x86_64-mavericks