CRAN Package Check Results for Package cvTools

Last updated on 2015-08-04 03:47:59.

Flavor Version Tinstall Tcheck Ttotal Status Flags
r-devel-linux-x86_64-debian-clang 0.3.2 1.01 73.44 74.45 NOTE
r-devel-linux-x86_64-debian-gcc 0.3.2 1.05 75.21 76.26 NOTE
r-devel-linux-x86_64-fedora-clang 0.3.2 128.33 NOTE
r-devel-linux-x86_64-fedora-gcc 0.3.2 117.12 NOTE
r-devel-osx-x86_64-clang 0.3.2 106.56 NOTE
r-devel-windows-ix86+x86_64 0.3.2 6.00 100.00 106.00 NOTE
r-patched-linux-x86_64 0.3.2 1.03 72.95 73.98 NOTE
r-patched-solaris-sparc 0.3.2 888.60 NOTE
r-patched-solaris-x86 0.3.2 164.80 NOTE
r-release-linux-x86_64 0.3.2 1.10 72.77 73.88 NOTE
r-release-osx-x86_64-mavericks 0.3.2 NOTE
r-release-windows-ix86+x86_64 0.3.2 6.00 100.00 106.00 NOTE
r-oldrel-windows-ix86+x86_64 0.3.2 7.00 94.00 101.00 NOTE

Check Details

Version: 0.3.2
Check: DESCRIPTION meta-information
Result: NOTE
    Packages listed in more than one of Depends, Imports, Suggests, Enhances:
     ‘lattice’ ‘robustbase’
    A package should be listed in only one of these fields.
Flavors: r-devel-linux-x86_64-debian-clang, r-devel-linux-x86_64-debian-gcc, r-devel-linux-x86_64-fedora-clang, r-devel-linux-x86_64-fedora-gcc, r-devel-osx-x86_64-clang, r-devel-windows-ix86+x86_64, r-patched-linux-x86_64, r-patched-solaris-sparc, r-patched-solaris-x86, r-release-linux-x86_64, r-release-osx-x86_64-mavericks, r-release-windows-ix86+x86_64, r-oldrel-windows-ix86+x86_64