CRAN Package Check Results for Package cvTools

Last updated on 2015-03-29 06:49:45.

Flavor Version Tinstall Tcheck Ttotal Status Flags
r-devel-linux-x86_64-debian-clang 0.3.2 1.02 75.32 76.34 NOTE
r-devel-linux-x86_64-debian-gcc 0.3.2 1.02 74.12 75.14 NOTE
r-devel-linux-x86_64-fedora-clang 0.3.2 132.21 NOTE
r-devel-linux-x86_64-fedora-gcc 0.3.2 131.33 NOTE
r-devel-osx-x86_64-clang 0.3.2 118.89 NOTE
r-prerel-windows-ix86+x86_64 0.3.2 5.00 96.00 101.00 NOTE
r-prerel-linux-x86_64 0.3.2 1.00 74.49 75.49 NOTE
r-prerel-solaris-sparc 0.3.2 883.30 NOTE
r-prerel-solaris-x86 0.3.2 165.80 NOTE
r-release-linux-x86_64 0.3.2 1.18 78.41 79.59 NOTE
r-release-osx-x86_64-mavericks 0.3.2 NOTE
r-release-windows-ix86+x86_64 0.3.2 5.00 103.00 108.00 NOTE
r-oldrel-windows-ix86+x86_64 0.3.2 4.00 112.00 116.00 NOTE

Check Details

Version: 0.3.2
Check: DESCRIPTION meta-information
Result: NOTE
    Packages listed in more than one of Depends, Imports, Suggests, Enhances:
     ‘lattice’ ‘robustbase’
    A package should be listed in only one of these fields.
Flavors: r-devel-linux-x86_64-debian-clang, r-devel-linux-x86_64-debian-gcc, r-devel-linux-x86_64-fedora-clang, r-devel-linux-x86_64-fedora-gcc, r-devel-osx-x86_64-clang, r-prerel-windows-ix86+x86_64, r-prerel-linux-x86_64, r-prerel-solaris-sparc, r-prerel-solaris-x86, r-release-linux-x86_64, r-release-osx-x86_64-mavericks, r-release-windows-ix86+x86_64, r-oldrel-windows-ix86+x86_64