CRAN Package Check Results for Package cvTools

Last updated on 2017-11-22 22:57:06 CET.

Flavor Version Tinstall Tcheck Ttotal Status Flags
r-devel-linux-x86_64-debian-clang 0.3.2 1.03 75.81 76.84 NOTE
r-devel-linux-x86_64-debian-gcc 0.3.2 1.37 149.98 151.35 NOTE
r-devel-linux-x86_64-fedora-clang 0.3.2 127.43 NOTE
r-devel-linux-x86_64-fedora-gcc 0.3.2 145.19 NOTE
r-devel-windows-ix86+x86_64 0.3.2 4.00 134.00 138.00 NOTE
r-patched-linux-x86_64 0.3.2 1.40 74.61 76.01 NOTE
r-patched-solaris-x86 0.3.2 163.80 NOTE
r-release-linux-x86_64 0.3.2 1.41 75.16 76.57 NOTE
r-release-windows-ix86+x86_64 0.3.2 4.00 113.00 117.00 NOTE
r-release-osx-x86_64 0.3.2 NOTE
r-oldrel-windows-ix86+x86_64 0.3.2 3.00 113.00 116.00 NOTE
r-oldrel-osx-x86_64 0.3.2 NOTE

Check Details

Version: 0.3.2
Check: DESCRIPTION meta-information
Result: NOTE
    Packages listed in more than one of Depends, Imports, Suggests, Enhances:
     ‘lattice’ ‘robustbase’
    A package should be listed in only one of these fields.
Flavors: r-devel-linux-x86_64-debian-clang, r-devel-linux-x86_64-debian-gcc, r-devel-linux-x86_64-fedora-clang, r-devel-linux-x86_64-fedora-gcc, r-devel-windows-ix86+x86_64, r-patched-linux-x86_64, r-patched-solaris-x86, r-release-linux-x86_64, r-release-windows-ix86+x86_64, r-release-osx-x86_64, r-oldrel-windows-ix86+x86_64, r-oldrel-osx-x86_64