CRAN Package Check Results for Package cvplogistic

Last updated on 2014-11-29 03:51:51.

Flavor Version Tinstall Tcheck Ttotal Status Flags
r-devel-linux-x86_64-debian-clang 3.1-0 10.00 10.48 20.48 NOTE
r-devel-linux-x86_64-debian-gcc 3.1-0 10.14 10.07 20.21 NOTE
r-devel-linux-x86_64-fedora-clang 3.1-0 36.45 NOTE
r-devel-linux-x86_64-fedora-gcc 3.1-0 35.60 NOTE
r-devel-osx-x86_64-clang 3.1-0 35.68 OK
r-devel-windows-ix86+x86_64 3.1-0 21.00 23.00 44.00 OK
r-patched-linux-x86_64 3.1-0 10.03 10.35 20.38 NOTE
r-patched-solaris-sparc 3.1-0 205.40 OK
r-patched-solaris-x86 3.1-0 78.70 OK
r-release-linux-ix86 3.1-0 13.78 15.99 29.76 OK
r-release-linux-x86_64 3.1-0 11.09 10.50 21.60 NOTE
r-release-osx-x86_64-mavericks 3.1-0 OK
r-release-windows-ix86+x86_64 3.1-0 22.00 24.00 46.00 OK
r-oldrel-windows-ix86+x86_64 3.1-0 23.00 23.00 46.00 OK

Check Details

Version: 3.1-0
Check: top-level files
Result: NOTE
    Non-standard file/directory found at top level:
     ‘test’
Flavors: r-devel-linux-x86_64-debian-clang, r-devel-linux-x86_64-debian-gcc, r-devel-linux-x86_64-fedora-clang, r-devel-linux-x86_64-fedora-gcc, r-patched-linux-x86_64, r-release-linux-x86_64