CRAN Package Check Results for Package cvplogistic

Last updated on 2017-05-25 10:46:58.

Flavor Version Tinstall Tcheck Ttotal Status Flags
r-devel-linux-x86_64-debian-clang 3.1-0 9.90 11.81 21.71 NOTE
r-devel-linux-x86_64-debian-gcc 3.1-0 9.84 11.86 21.70 NOTE
r-devel-linux-x86_64-fedora-clang 3.1-0 35.15 NOTE --no-stop-on-test-error
r-devel-linux-x86_64-fedora-gcc 3.1-0 32.11 NOTE --no-stop-on-test-error
r-devel-windows-ix86+x86_64 3.1-0 47.00 42.00 89.00 NOTE
r-patched-linux-x86_64 3.1-0 9.47 11.55 21.03 NOTE
r-patched-solaris-sparc 3.1-0 216.60 NOTE
r-patched-solaris-x86 3.1-0 73.30 NOTE
r-release-linux-x86_64 3.1-0 9.57 11.67 21.24 NOTE
r-release-windows-ix86+x86_64 3.1-0 24.00 29.00 53.00 NOTE
r-release-osx-x86_64 3.1-0 NOTE
r-oldrel-windows-ix86+x86_64 3.1-0 24.00 29.00 53.00 NOTE
r-oldrel-osx-x86_64 3.1-0 NOTE

Check Details

Version: 3.1-0
Check: top-level files
Result: NOTE
    Non-standard file/directory found at top level:
     ‘test’
Flavors: r-devel-linux-x86_64-debian-clang, r-devel-linux-x86_64-debian-gcc, r-patched-linux-x86_64, r-release-linux-x86_64

Version: 3.1-0
Check: R code for possible problems
Result: NOTE
    path.plot: no visible global function definition for ‘plot’
    path.plot: no visible global function definition for ‘lines’
    Undefined global functions or variables:
     lines plot
    Consider adding
     importFrom("graphics", "lines", "plot")
    to your NAMESPACE file.
Flavors: r-devel-linux-x86_64-debian-clang, r-devel-linux-x86_64-debian-gcc, r-devel-windows-ix86+x86_64, r-patched-linux-x86_64, r-patched-solaris-sparc, r-patched-solaris-x86, r-release-linux-x86_64, r-release-windows-ix86+x86_64, r-release-osx-x86_64, r-oldrel-windows-ix86+x86_64, r-oldrel-osx-x86_64

Version: 3.1-0
Check: compiled code
Result: NOTE
    File ‘cvplogistic/libs/cvplogistic.so’:
     Found no calls to: ‘R_registerRoutines’, ‘R_useDynamicSymbols’
    
    It is good practice to register native routines and to disable symbol
    search.
    
    See ‘Writing portable packages’ in the ‘Writing R Extensions’ manual.
Flavors: r-devel-linux-x86_64-debian-clang, r-devel-linux-x86_64-debian-gcc, r-patched-linux-x86_64, r-release-linux-x86_64

Version: 3.1-0
Flags: --no-stop-on-test-error
Check: top-level files
Result: NOTE
    Non-standard file/directory found at top level:
     ‘test’
Flavors: r-devel-linux-x86_64-fedora-clang, r-devel-linux-x86_64-fedora-gcc

Version: 3.1-0
Flags: --no-stop-on-test-error
Check: R code for possible problems
Result: NOTE
    path.plot: no visible global function definition for ‘plot’
    path.plot: no visible global function definition for ‘lines’
    Undefined global functions or variables:
     lines plot
    Consider adding
     importFrom("graphics", "lines", "plot")
    to your NAMESPACE file.
Flavors: r-devel-linux-x86_64-fedora-clang, r-devel-linux-x86_64-fedora-gcc

Version: 3.1-0
Flags: --no-stop-on-test-error
Check: compiled code
Result: NOTE
    File ‘cvplogistic/libs/cvplogistic.so’:
     Found no calls to: ‘R_registerRoutines’, ‘R_useDynamicSymbols’
    
    It is good practice to register native routines and to disable symbol
    search.
    
    See ‘Writing portable packages’ in the ‘Writing R Extensions’ manual.
Flavors: r-devel-linux-x86_64-fedora-clang, r-devel-linux-x86_64-fedora-gcc