CRAN Package Check Results for Package cvplogistic

Last updated on 2014-10-26 05:47:13.

Flavor Version Tinstall Tcheck Ttotal Status Flags
r-devel-linux-x86_64-debian-clang 3.1-0 9.93 10.36 20.28 NOTE
r-devel-linux-x86_64-debian-gcc 3.1-0 10.05 10.19 20.24 NOTE
r-devel-linux-x86_64-fedora-clang 3.1-0 39.47 NOTE
r-devel-linux-x86_64-fedora-gcc 3.1-0 32.94 NOTE
r-devel-osx-x86_64-clang 3.1-0 35.19 OK
r-devel-windows-ix86+x86_64 3.1-0 22.00 23.00 45.00 OK
r-patched-linux-x86_64 3.1-0 10.30 10.19 20.49 NOTE
r-patched-solaris-sparc 3.1-0 205.40 OK
r-patched-solaris-x86 3.1-0 78.30 OK
r-release-linux-ix86 3.1-0 14.50 16.31 30.81 OK
r-release-linux-x86_64 3.1-0 9.98 10.31 20.29 NOTE
r-release-osx-x86_64-mavericks 3.1-0 OK
r-release-windows-ix86+x86_64 3.1-0 27.00 28.00 55.00 OK
r-oldrel-windows-ix86+x86_64 3.1-0 23.00 23.00 46.00 OK

Check Details

Version: 3.1-0
Check: top-level files
Result: NOTE
    Non-standard file/directory found at top level:
     ‘test’
Flavors: r-devel-linux-x86_64-debian-clang, r-devel-linux-x86_64-debian-gcc, r-devel-linux-x86_64-fedora-clang, r-devel-linux-x86_64-fedora-gcc, r-patched-linux-x86_64, r-release-linux-x86_64