CRAN Package Check Results for Package cvplogistic

Last updated on 2014-09-21 13:46:39.

Flavor Version Tinstall Tcheck Ttotal Status Flags
r-devel-linux-x86_64-debian-clang 3.1-0 14.22 10.23 24.46 NOTE
r-devel-linux-x86_64-debian-gcc 3.1-0 9.84 10.17 20.02 NOTE
r-devel-linux-x86_64-fedora-clang 3.1-0 32.25 NOTE
r-devel-linux-x86_64-fedora-gcc 3.1-0 32.26 NOTE
r-devel-osx-x86_64-clang 3.1-0 36.45 OK
r-devel-windows-ix86+x86_64 3.1-0 21.00 22.00 43.00 OK
r-patched-linux-x86_64 3.1-0 9.91 10.49 20.40 NOTE
r-patched-solaris-sparc 3.1-0 205.40 OK
r-patched-solaris-x86 3.1-0 75.60 OK
r-release-linux-ix86 3.1-0 14.83 16.08 30.91 OK
r-release-linux-x86_64 3.1-0 9.96 10.36 20.32 NOTE
r-release-osx-x86_64-mavericks 3.1-0 OK
r-release-windows-ix86+x86_64 3.1-0 27.00 28.00 55.00 OK
r-oldrel-windows-ix86+x86_64 3.1-0 23.00 23.00 46.00 OK

Check Details

Version: 3.1-0
Check: top-level files
Result: NOTE
    Non-standard file/directory found at top level:
     ‘test’
Flavors: r-devel-linux-x86_64-debian-clang, r-devel-linux-x86_64-debian-gcc, r-devel-linux-x86_64-fedora-clang, r-devel-linux-x86_64-fedora-gcc, r-patched-linux-x86_64, r-release-linux-x86_64