CRAN Package Check Results for Package cvplogistic

Last updated on 2016-05-28 23:47:33.

Flavor Version Tinstall Tcheck Ttotal Status Flags
r-devel-linux-x86_64-debian-gcc 3.1-0 10.02 10.12 20.14 NOTE
r-devel-linux-x86_64-fedora-clang 3.1-0 32.14 NOTE
r-devel-linux-x86_64-fedora-gcc 3.1-0 29.39 NOTE
r-devel-osx-x86_64-clang 3.1-0 34.89 NOTE
r-devel-windows-ix86+x86_64 3.1-0 25.00 28.00 53.00 NOTE
r-patched-linux-x86_64 3.1-0 9.66 10.27 19.93 NOTE
r-patched-solaris-sparc 3.1-0 190.90 NOTE
r-patched-solaris-x86 3.1-0 69.50 NOTE
r-release-linux-x86_64 3.1-0 9.58 9.91 19.49 NOTE
r-release-osx-x86_64-mavericks 3.1-0 NOTE
r-release-windows-ix86+x86_64 3.1-0 26.00 37.00 63.00 NOTE
r-oldrel-windows-ix86+x86_64 3.1-0 23.00 24.00 47.00 OK

Check Details

Version: 3.1-0
Check: top-level files
Result: NOTE
    Non-standard file/directory found at top level:
     ‘test’
Flavors: r-devel-linux-x86_64-debian-gcc, r-devel-linux-x86_64-fedora-clang, r-devel-linux-x86_64-fedora-gcc, r-patched-linux-x86_64, r-release-linux-x86_64

Version: 3.1-0
Check: R code for possible problems
Result: NOTE
    path.plot: no visible global function definition for ‘plot’
    path.plot: no visible global function definition for ‘lines’
    Undefined global functions or variables:
     lines plot
    Consider adding
     importFrom("graphics", "lines", "plot")
    to your NAMESPACE file.
Flavors: r-devel-linux-x86_64-debian-gcc, r-devel-linux-x86_64-fedora-clang, r-devel-linux-x86_64-fedora-gcc, r-devel-osx-x86_64-clang, r-devel-windows-ix86+x86_64, r-patched-linux-x86_64, r-patched-solaris-sparc, r-patched-solaris-x86, r-release-linux-x86_64, r-release-osx-x86_64-mavericks, r-release-windows-ix86+x86_64