CRAN Package Check Results for Package cvplogistic

Last updated on 2016-02-13 07:49:42.

Flavor Version Tinstall Tcheck Ttotal Status Flags
r-devel-linux-x86_64-debian-gcc 3.1-0 9.58 9.01 18.59 NOTE
r-devel-linux-x86_64-fedora-clang 3.1-0 29.85 NOTE
r-devel-linux-x86_64-fedora-gcc 3.1-0 29.43 NOTE
r-devel-osx-x86_64-clang 3.1-0 35.36 NOTE
r-devel-windows-ix86+x86_64 3.1-0 28.00 38.00 66.00 NOTE
r-patched-linux-x86_64 3.1-0 9.68 9.83 19.51 NOTE
r-patched-solaris-sparc 3.1-0 202.50 OK
r-patched-solaris-x86 3.1-0 68.90 OK
r-release-linux-x86_64 3.1-0 9.55 9.77 19.32 NOTE
r-release-osx-x86_64-mavericks 3.1-0 OK
r-release-windows-ix86+x86_64 3.1-0 23.00 24.00 47.00 OK
r-oldrel-windows-ix86+x86_64 3.1-0 28.00 23.00 51.00 OK

Check Details

Version: 3.1-0
Check: top-level files
Result: NOTE
    Non-standard file/directory found at top level:
     ‘test’
Flavors: r-devel-linux-x86_64-debian-gcc, r-devel-linux-x86_64-fedora-clang, r-devel-linux-x86_64-fedora-gcc, r-patched-linux-x86_64, r-release-linux-x86_64

Version: 3.1-0
Check: R code for possible problems
Result: NOTE
    path.plot: no visible global function definition for ‘plot’
    path.plot: no visible global function definition for ‘lines’
    Undefined global functions or variables:
     lines plot
    Consider adding
     importFrom("graphics", "lines", "plot")
    to your NAMESPACE file.
Flavors: r-devel-linux-x86_64-debian-gcc, r-devel-linux-x86_64-fedora-clang, r-devel-linux-x86_64-fedora-gcc, r-devel-osx-x86_64-clang, r-devel-windows-ix86+x86_64