CRAN Package Check Results for Package cvplogistic

Last updated on 2014-04-24 19:53:56.

Flavor Version Tinstall Tcheck Ttotal Status Flags
r-devel-linux-x86_64-debian-clang 3.1-0 9.92 10.60 20.52 OK
r-devel-linux-x86_64-debian-gcc 3.1-0 9.88 10.34 20.22 OK
r-devel-linux-x86_64-fedora-clang 3.1-0 33.55 NOTE
r-devel-linux-x86_64-fedora-gcc 3.1-0 32.62 NOTE
r-devel-osx-x86_64-clang 3.1-0 31.95 OK
r-devel-osx-x86_64-gcc 3.1-0 OK
r-devel-windows-ix86+x86_64 3.1-0 22.00 22.00 44.00 OK
r-patched-linux-x86_64 3.1-0 9.87 10.44 20.32 OK
r-patched-solaris-sparc 3.1-0 205.30 OK
r-patched-solaris-x86 3.1-0 76.10 OK
r-release-linux-ix86 3.1-0 16.00 23.00 39.00 OK
r-release-linux-x86_64 3.1-0 9.92 10.19 20.12 OK
r-release-osx-x86_64-mavericks 3.1-0 OK
r-release-windows-ix86+x86_64 3.1-0 28.00 28.00 56.00 OK
r-oldrel-windows-ix86+x86_64 3.1-0 23.00 23.00 46.00 OK

Check Details

Version: 3.1-0
Check: top-level files
Result: NOTE
    Non-standard file/directory found at top level:
     ‘test’
Flavors: r-devel-linux-x86_64-fedora-clang, r-devel-linux-x86_64-fedora-gcc