CRAN Package Check Results for Package cvplogistic

Last updated on 2015-03-03 12:50:31.

Flavor Version Tinstall Tcheck Ttotal Status Flags
r-devel-linux-x86_64-debian-clang 3.1-0 10.15 9.74 19.88 NOTE
r-devel-linux-x86_64-debian-gcc 3.1-0 9.97 9.48 19.45 NOTE
r-devel-linux-x86_64-fedora-clang 3.1-0 33.77 NOTE
r-devel-linux-x86_64-fedora-gcc 3.1-0 31.87 NOTE
r-devel-osx-x86_64-clang 3.1-0 35.30 OK
r-devel-windows-ix86+x86_64 3.1-0 23.00 23.00 46.00 OK
r-patched-linux-x86_64 3.1-0 10.06 10.56 20.62 NOTE
r-patched-solaris-sparc 3.1-0 242.40 OK
r-patched-solaris-x86 3.1-0 77.90 OK
r-release-linux-ix86 3.1-0 14.52 16.56 31.08 NOTE
r-release-linux-x86_64 3.1-0 9.95 10.53 20.48 NOTE
r-release-osx-x86_64-mavericks 3.1-0 OK
r-release-windows-ix86+x86_64 3.1-0 22.00 24.00 46.00 OK
r-oldrel-windows-ix86+x86_64 3.1-0 23.00 23.00 46.00 OK

Check Details

Version: 3.1-0
Check: top-level files
Result: NOTE
    Non-standard file/directory found at top level:
     ‘test’
Flavors: r-devel-linux-x86_64-debian-clang, r-devel-linux-x86_64-debian-gcc, r-devel-linux-x86_64-fedora-clang, r-devel-linux-x86_64-fedora-gcc, r-patched-linux-x86_64, r-release-linux-ix86, r-release-linux-x86_64