CRAN Package Check Results for Package cvplogistic

Last updated on 2015-07-03 03:46:41.

Flavor Version Tinstall Tcheck Ttotal Status Flags
r-devel-linux-x86_64-debian-clang 3.1-0 10.07 9.12 19.18 NOTE
r-devel-linux-x86_64-debian-gcc 3.1-0 9.82 9.41 19.24 NOTE
r-devel-linux-x86_64-fedora-clang 3.1-0 31.32 NOTE
r-devel-linux-x86_64-fedora-gcc 3.1-0 29.37 NOTE
r-devel-osx-x86_64-clang 3.1-0 33.32 OK
r-devel-windows-ix86+x86_64 3.1-0 28.00 22.00 50.00 OK
r-patched-linux-x86_64 3.1-0 9.94 9.78 19.72 NOTE
r-patched-solaris-sparc 3.1-0 216.40 OK
r-patched-solaris-x86 3.1-0 75.20 OK
r-release-linux-x86_64 3.1-0 10.03 10.26 20.29 NOTE
r-release-osx-x86_64-mavericks 3.1-0 OK
r-release-windows-ix86+x86_64 3.1-0 22.00 22.00 44.00 OK
r-oldrel-windows-ix86+x86_64 3.1-0 28.00 23.00 51.00 OK

Check Details

Version: 3.1-0
Check: top-level files
Result: NOTE
    Non-standard file/directory found at top level:
     ‘test’
Flavors: r-devel-linux-x86_64-debian-clang, r-devel-linux-x86_64-debian-gcc, r-devel-linux-x86_64-fedora-clang, r-devel-linux-x86_64-fedora-gcc, r-patched-linux-x86_64, r-release-linux-x86_64

Version: 3.1-0
Check: R code for possible problems
Result: NOTE
    path.plot: no visible global function definition for ‘plot’
    path.plot: no visible global function definition for ‘lines’
    Undefined global functions or variables:
     lines plot
Flavors: r-devel-linux-x86_64-debian-clang, r-devel-linux-x86_64-fedora-clang, r-devel-linux-x86_64-fedora-gcc

Version: 3.1-0
Check: R code for possible problems
Result: NOTE
    path.plot: no visible global function definition for ‘plot’
    path.plot: no visible global function definition for ‘lines’
Flavor: r-devel-linux-x86_64-debian-gcc