CRAN Package Check Results for Package cvplogistic

Last updated on 2015-05-29 15:46:30.

Flavor Version Tinstall Tcheck Ttotal Status Flags
r-devel-linux-x86_64-debian-clang 3.1-0 14.18 9.84 24.02 NOTE
r-devel-linux-x86_64-debian-gcc 3.1-0 10.06 9.56 19.62 NOTE
r-devel-linux-x86_64-fedora-clang 3.1-0 33.84 NOTE
r-devel-linux-x86_64-fedora-gcc 3.1-0 31.11 NOTE
r-devel-osx-x86_64-clang 3.1-0 35.29 OK
r-devel-windows-ix86+x86_64 3.1-0 21.00 23.00 44.00 OK
r-patched-linux-x86_64 3.1-0 11.48 9.66 21.15 NOTE
r-patched-solaris-sparc 3.1-0 216.40 OK
r-patched-solaris-x86 3.1-0 75.60 OK
r-release-linux-x86_64 3.1-0 9.91 9.65 19.56 NOTE
r-release-osx-x86_64-mavericks 3.1-0 OK
r-release-osx-x86_64-snowleopard 3.1-0 OK
r-release-windows-ix86+x86_64 3.1-0 21.00 25.00 46.00 OK
r-oldrel-windows-ix86+x86_64 3.1-0 28.00 23.00 51.00 OK

Check Details

Version: 3.1-0
Check: top-level files
Result: NOTE
    Non-standard file/directory found at top level:
     ‘test’
Flavors: r-devel-linux-x86_64-debian-clang, r-devel-linux-x86_64-debian-gcc, r-devel-linux-x86_64-fedora-clang, r-devel-linux-x86_64-fedora-gcc, r-patched-linux-x86_64, r-release-linux-x86_64