CRAN Package Check Results for Package cvplogistic

Last updated on 2015-08-29 00:48:06.

Flavor Version Tinstall Tcheck Ttotal Status Flags
r-devel-linux-x86_64-debian-clang 3.1-0 9.97 9.08 19.05 NOTE
r-devel-linux-x86_64-debian-gcc 3.1-0 10.02 9.79 19.81 NOTE
r-devel-linux-x86_64-fedora-clang 3.1-0 31.63 NOTE
r-devel-linux-x86_64-fedora-gcc 3.1-0 29.67 NOTE
r-devel-osx-x86_64-clang 3.1-0 29.97 OK
r-devel-windows-ix86+x86_64 3.1-0 31.00 35.00 66.00 NOTE
r-patched-linux-x86_64 3.1-0 10.13 11.30 21.43 NOTE
r-patched-solaris-sparc 3.1-0 217.00 OK
r-patched-solaris-x86 3.1-0 79.20 OK
r-release-linux-x86_64 3.1-0 10.30 9.69 19.99 NOTE
r-release-osx-x86_64-mavericks 3.1-0 OK
r-release-windows-ix86+x86_64 3.1-0 22.00 36.00 58.00 OK
r-oldrel-windows-ix86+x86_64 3.1-0 28.00 23.00 51.00 OK

Check Details

Version: 3.1-0
Check: top-level files
Result: NOTE
    Non-standard file/directory found at top level:
     ‘test’
Flavors: r-devel-linux-x86_64-debian-clang, r-devel-linux-x86_64-debian-gcc, r-devel-linux-x86_64-fedora-clang, r-devel-linux-x86_64-fedora-gcc, r-patched-linux-x86_64, r-release-linux-x86_64

Version: 3.1-0
Check: R code for possible problems
Result: NOTE
    path.plot: no visible global function definition for ‘plot’
    path.plot: no visible global function definition for ‘lines’
    Undefined global functions or variables:
     lines plot
    Consider adding
     importFrom("graphics", "lines", "plot")
    to your NAMESPACE.
Flavors: r-devel-linux-x86_64-debian-clang, r-devel-linux-x86_64-debian-gcc, r-devel-linux-x86_64-fedora-clang, r-devel-linux-x86_64-fedora-gcc, r-devel-windows-ix86+x86_64