CRAN Package Check Results for Package cvplogistic

Last updated on 2018-05-22 01:46:28 CEST.

Flavor Version Tinstall Tcheck Ttotal Status Flags
r-oldrel-osx-x86_64 3.1-0 NOTE

Check Details

Version: 3.1-0
Check: R code for possible problems
Result: NOTE
    path.plot: no visible global function definition for ‘plot’
    path.plot: no visible global function definition for ‘lines’
    Undefined global functions or variables:
     lines plot
    Consider adding
     importFrom("graphics", "lines", "plot")
    to your NAMESPACE file.
Flavor: r-oldrel-osx-x86_64