CRAN Package Check Results for Package cvplogistic

Last updated on 2017-01-23 23:52:48.

Flavor Version Tinstall Tcheck Ttotal Status Flags
r-devel-linux-x86_64-debian-clang 3.1-0 10.02 12.29 22.32 NOTE
r-devel-linux-x86_64-debian-gcc 3.1-0 10.01 12.87 22.88 NOTE
r-devel-linux-x86_64-fedora-clang 3.1-0 33.57 NOTE --no-stop-on-test-error
r-devel-linux-x86_64-fedora-gcc 3.1-0 32.70 NOTE --no-stop-on-test-error
r-devel-macos-x86_64-clang 3.1-0 29.82 NOTE --no-stop-on-test-error
r-devel-windows-ix86+x86_64 3.1-0 34.00 31.00 65.00 NOTE
r-patched-linux-x86_64 3.1-0 9.45 11.09 20.54 NOTE
r-patched-solaris-sparc 3.1-0 198.00 NOTE
r-patched-solaris-x86 3.1-0 67.70 NOTE
r-release-linux-x86_64 3.1-0 9.63 10.49 20.13 NOTE
r-release-osx-x86_64-mavericks 3.1-0 NOTE
r-release-windows-ix86+x86_64 3.1-0 24.00 29.00 53.00 NOTE
r-oldrel-windows-ix86+x86_64 3.1-0 23.00 27.00 50.00 OK

Check Details

Version: 3.1-0
Check: top-level files
Result: NOTE
    Non-standard file/directory found at top level:
     ‘test’
Flavors: r-devel-linux-x86_64-debian-clang, r-devel-linux-x86_64-debian-gcc, r-patched-linux-x86_64, r-release-linux-x86_64

Version: 3.1-0
Check: R code for possible problems
Result: NOTE
    path.plot: no visible global function definition for ‘plot’
    path.plot: no visible global function definition for ‘lines’
    Undefined global functions or variables:
     lines plot
    Consider adding
     importFrom("graphics", "lines", "plot")
    to your NAMESPACE file.
Flavors: r-devel-linux-x86_64-debian-clang, r-devel-linux-x86_64-debian-gcc, r-devel-windows-ix86+x86_64, r-patched-linux-x86_64, r-patched-solaris-sparc, r-patched-solaris-x86, r-release-linux-x86_64, r-release-osx-x86_64-mavericks, r-release-windows-ix86+x86_64

Version: 3.1-0
Flags: --no-stop-on-test-error
Check: top-level files
Result: NOTE
    Non-standard file/directory found at top level:
     ‘test’
Flavors: r-devel-linux-x86_64-fedora-clang, r-devel-linux-x86_64-fedora-gcc

Version: 3.1-0
Flags: --no-stop-on-test-error
Check: R code for possible problems
Result: NOTE
    path.plot: no visible global function definition for ‘plot’
    path.plot: no visible global function definition for ‘lines’
    Undefined global functions or variables:
     lines plot
    Consider adding
     importFrom("graphics", "lines", "plot")
    to your NAMESPACE file.
Flavors: r-devel-linux-x86_64-fedora-clang, r-devel-linux-x86_64-fedora-gcc, r-devel-macos-x86_64-clang