CRAN Package Check Results for Package cvxbiclustr

Last updated on 2018-07-18 15:48:04 CEST.

Flavor Version Tinstall Tcheck Ttotal Status Flags
r-devel-linux-x86_64-debian-clang 0.0.1 7.23 66.41 73.64 NOTE
r-devel-linux-x86_64-debian-gcc 0.0.1 5.24 53.10 58.34 NOTE
r-devel-linux-x86_64-fedora-clang 0.0.1 90.18 NOTE
r-devel-linux-x86_64-fedora-gcc 0.0.1 81.33 NOTE
r-devel-windows-ix86+x86_64 0.0.1 19.00 133.00 152.00 OK
r-patched-linux-x86_64 0.0.1 5.32 56.84 62.16 NOTE
r-patched-solaris-x86 0.0.1 122.70 OK
r-release-linux-x86_64 0.0.1 6.48 57.36 63.84 NOTE
r-release-windows-ix86+x86_64 0.0.1 18.00 125.00 143.00 OK
r-release-osx-x86_64 0.0.1 OK
r-oldrel-windows-ix86+x86_64 0.0.1 19.00 94.00 113.00 OK
r-oldrel-osx-x86_64 0.0.1 OK

Check Details

Version: 0.0.1
Check: compiled code
Result: NOTE
    File ‘cvxbiclustr/libs/cvxbiclustr.so’:
     Found no calls to: ‘R_registerRoutines’, ‘R_useDynamicSymbols’
    
    It is good practice to register native routines and to disable symbol
    search.
    
    See ‘Writing portable packages’ in the ‘Writing R Extensions’ manual.
Flavors: r-devel-linux-x86_64-debian-clang, r-devel-linux-x86_64-debian-gcc, r-devel-linux-x86_64-fedora-clang, r-devel-linux-x86_64-fedora-gcc, r-patched-linux-x86_64, r-release-linux-x86_64