CRAN Package Check Results for Package cvxbiclustr

Last updated on 2020-09-19 00:50:02 CEST.

Flavor Version Tinstall Tcheck Ttotal Status Flags
r-devel-linux-x86_64-debian-clang 0.0.1 9.81 64.93 74.74 OK
r-devel-linux-x86_64-debian-gcc 0.0.1 7.77 51.00 58.77 OK
r-devel-linux-x86_64-fedora-clang 0.0.1 101.96 NOTE
r-devel-linux-x86_64-fedora-gcc 0.0.1 91.64 NOTE
r-devel-windows-ix86+x86_64 0.0.1 21.00 114.00 135.00 OK
r-patched-linux-x86_64 0.0.1 9.30 65.12 74.42 OK
r-patched-solaris-x86 0.0.1 146.00 OK
r-release-linux-x86_64 0.0.1 9.40 66.77 76.17 OK
r-release-macos-x86_64 0.0.1 OK
r-release-windows-ix86+x86_64 0.0.1 22.00 88.00 110.00 OK
r-oldrel-macos-x86_64 0.0.1 OK
r-oldrel-windows-ix86+x86_64 0.0.1 16.00 114.00 130.00 OK

Check Details

Version: 0.0.1
Check: compiled code
Result: NOTE
    File ‘cvxbiclustr/libs/cvxbiclustr.so’:
     Found no calls to: ‘R_registerRoutines’, ‘R_useDynamicSymbols’
    
    It is good practice to register native routines and to disable symbol
    search.
    
    See ‘Writing portable packages’ in the ‘Writing R Extensions’ manual.
Flavors: r-devel-linux-x86_64-fedora-clang, r-devel-linux-x86_64-fedora-gcc