CRAN Package Check Results for Package cvxbiclustr

Last updated on 2018-10-17 09:48:56 CEST.

Flavor Version Tinstall Tcheck Ttotal Status Flags
r-devel-linux-x86_64-debian-clang 0.0.1 7.49 67.63 75.12 OK
r-devel-linux-x86_64-debian-gcc 0.0.1 4.94 54.36 59.30 OK
r-devel-linux-x86_64-fedora-clang 0.0.1 86.74 NOTE
r-devel-linux-x86_64-fedora-gcc 0.0.1 90.25 NOTE
r-devel-windows-ix86+x86_64 0.0.1 13.00 127.00 140.00 OK
r-patched-linux-x86_64 0.0.1 5.26 57.00 62.26 OK
r-patched-solaris-x86 0.0.1 120.60 OK
r-release-linux-x86_64 0.0.1 5.34 56.46 61.80 OK
r-release-windows-ix86+x86_64 0.0.1 23.00 116.00 139.00 OK
r-release-osx-x86_64 0.0.1 OK
r-oldrel-windows-ix86+x86_64 0.0.1 18.00 115.00 133.00 OK
r-oldrel-osx-x86_64 0.0.1 OK

Check Details

Version: 0.0.1
Check: compiled code
Result: NOTE
    File ‘cvxbiclustr/libs/cvxbiclustr.so’:
     Found no calls to: ‘R_registerRoutines’, ‘R_useDynamicSymbols’
    
    It is good practice to register native routines and to disable symbol
    search.
    
    See ‘Writing portable packages’ in the ‘Writing R Extensions’ manual.
Flavors: r-devel-linux-x86_64-fedora-clang, r-devel-linux-x86_64-fedora-gcc