CRAN Package Check Results for Package cvxbiclustr

Last updated on 2017-12-18 07:46:57 CET.

Flavor Version Tinstall Tcheck Ttotal Status Flags
r-devel-linux-x86_64-debian-clang 0.0.1 4.94 46.79 51.73 NOTE
r-devel-linux-x86_64-debian-gcc NOTE
r-devel-linux-x86_64-fedora-clang 0.0.1 74.78 NOTE
r-devel-linux-x86_64-fedora-gcc 0.0.1 72.79 NOTE
r-devel-windows-ix86+x86_64 0.0.1 9.00 79.00 88.00 OK
r-patched-linux-x86_64 0.0.1 5.31 58.57 63.88 NOTE
r-patched-solaris-x86 0.0.1 120.10 OK
r-release-linux-x86_64 0.0.1 4.39 57.45 61.84 NOTE
r-release-windows-ix86+x86_64 0.0.1 11.00 86.00 97.00 OK
r-release-osx-x86_64 0.0.1 OK
r-oldrel-windows-ix86+x86_64 0.0.1 13.00 105.00 118.00 OK
r-oldrel-osx-x86_64 0.0.1 OK

Check Details

Version: 0.0.1
Check: compiled code
Result: NOTE
    File ‘cvxbiclustr/libs/cvxbiclustr.so’:
     Found no calls to: ‘R_registerRoutines’, ‘R_useDynamicSymbols’
    
    It is good practice to register native routines and to disable symbol
    search.
    
    See ‘Writing portable packages’ in the ‘Writing R Extensions’ manual.
Flavors: r-devel-linux-x86_64-debian-clang, r-devel-linux-x86_64-debian-gcc, r-devel-linux-x86_64-fedora-clang, r-devel-linux-x86_64-fedora-gcc, r-patched-linux-x86_64, r-release-linux-x86_64