CRAN Package Check Results for Package cvxclustr

Last updated on 2014-07-24 23:48:14.

Flavor Version Tinstall Tcheck Ttotal Status Flags
r-devel-linux-x86_64-debian-clang 1.0.0 2.14 12.37 14.51 OK
r-devel-linux-x86_64-debian-gcc 1.0.0 2.02 12.27 14.30 OK
r-devel-linux-x86_64-fedora-clang 1.0.0 29.96 NOTE
r-devel-linux-x86_64-fedora-gcc 1.0.0 27.79 NOTE
r-devel-osx-x86_64-clang 1.0.0 30.33 OK
r-devel-windows-ix86+x86_64 1.0.0 10.00 31.00 41.00 OK
r-patched-linux-x86_64 1.0.0 2.03 12.46 14.49 OK
r-patched-solaris-sparc 1.0.0 181.20 OK
r-patched-solaris-x86 1.0.0 43.70 OK
r-release-linux-ix86 1.0.0 2.81 19.05 21.86 OK
r-release-linux-x86_64 1.0.0 2.06 12.48 14.54 OK
r-release-osx-x86_64-mavericks 1.0.0 OK
r-release-windows-ix86+x86_64 1.0.0 10.00 32.00 42.00 OK
r-oldrel-windows-ix86+x86_64 1.0.0 10.00 34.00 44.00 OK

Check Details

Version: 1.0.0
Check: Rd line widths
Result: NOTE
    Rd file 'cvxclust.Rd':
     \examples lines wider than 100 characters:
     data_plot = data_plot + geom_text(data=X_data,aes(x=x,y=y,label=Name), position=position_jitter(h=0.125,w=0.125))
    
    Rd file 'cvxclust_path_admm.Rd':
     \examples lines wider than 100 characters:
     data_plot = data_plot + geom_text(data=X_data,aes(x=x,y=y,label=Name), position=position_jitter(h=0.125,w=0.125))
    
    Rd file 'cvxclust_path_ama.Rd':
     \examples lines wider than 100 characters:
     data_plot = data_plot + geom_text(data=X_data,aes(x=x,y=y,label=Name), position=position_jitter(h=0.125,w=0.125))
    
    These lines will be truncated in the PDF manual.
Flavors: r-devel-linux-x86_64-fedora-clang, r-devel-linux-x86_64-fedora-gcc