CRAN Package Check Results for Package cvxclustr

Last updated on 2015-08-30 05:47:45.

Flavor Version Tinstall Tcheck Ttotal Status Flags
r-devel-linux-x86_64-debian-clang 1.1.1 3.18 37.70 40.88 NOTE
r-devel-linux-x86_64-debian-gcc 1.1.1 3.36 36.88 40.23 NOTE
r-devel-linux-x86_64-fedora-clang 1.1.1 81.51 NOTE
r-devel-linux-x86_64-fedora-gcc 1.1.1 80.00 NOTE
r-devel-osx-x86_64-clang 1.1.1 66.30 NOTE
r-devel-windows-ix86+x86_64 1.1.1 16.00 93.00 109.00 NOTE
r-patched-linux-x86_64 1.1.1 3.50 38.96 42.46 NOTE
r-patched-solaris-sparc 1.1.1 635.90 NOTE
r-patched-solaris-x86 1.1.1 152.10 NOTE
r-release-linux-x86_64 1.1.1 3.66 37.93 41.59 NOTE
r-release-osx-x86_64-mavericks 1.1.1 NOTE
r-release-windows-ix86+x86_64 1.1.1 17.00 93.00 110.00 NOTE
r-oldrel-windows-ix86+x86_64 1.1.1 20.00 102.00 122.00 NOTE

Check Details

Version: 1.1.1
Check: R code for possible problems
Result: NOTE
    create_clustering_problem: no visible global function definition for
     ‘rnorm’
    Undefined global functions or variables:
     rnorm
    Consider adding
     importFrom("stats", "rnorm")
    to your NAMESPACE.
Flavors: r-devel-linux-x86_64-debian-clang, r-devel-linux-x86_64-debian-gcc, r-devel-linux-x86_64-fedora-clang, r-devel-linux-x86_64-fedora-gcc, r-devel-windows-ix86+x86_64

Version: 1.1.1
Check: line endings in Makefiles
Result: NOTE
    Found the following Makefile(s) without a final LF:
     src/Makevars
    Some ‘make’ programs ignore lines not ending in LF.
Flavors: r-devel-linux-x86_64-debian-clang, r-devel-linux-x86_64-debian-gcc, r-devel-linux-x86_64-fedora-clang, r-devel-linux-x86_64-fedora-gcc, r-devel-osx-x86_64-clang, r-devel-windows-ix86+x86_64, r-patched-linux-x86_64, r-patched-solaris-sparc, r-patched-solaris-x86, r-release-linux-x86_64, r-release-osx-x86_64-mavericks, r-release-windows-ix86+x86_64, r-oldrel-windows-ix86+x86_64