CRAN Package Check Results for Package cvxclustr

Last updated on 2016-06-29 23:51:20.

Flavor Version Tinstall Tcheck Ttotal Status Flags
r-devel-linux-x86_64-debian-gcc 1.1.1 4.13 38.83 42.96 NOTE
r-devel-linux-x86_64-fedora-clang 1.1.1 78.85 NOTE
r-devel-linux-x86_64-fedora-gcc 1.1.1 72.40 NOTE
r-devel-osx-x86_64-clang 1.1.1 59.15 NOTE
r-devel-windows-ix86+x86_64 1.1.1 10.00 95.00 105.00 NOTE
r-patched-linux-x86_64 1.1.1 3.74 41.65 45.38 NOTE
r-patched-solaris-sparc 1.1.1 574.00 NOTE
r-patched-solaris-x86 1.1.1 127.40 NOTE
r-release-linux-x86_64 1.1.1 3.54 38.95 42.49 NOTE
r-release-osx-x86_64-mavericks 1.1.1 NOTE
r-release-windows-ix86+x86_64 1.1.1 14.00 131.00 145.00 NOTE
r-oldrel-windows-ix86+x86_64 1.1.1 17.00 102.00 119.00 NOTE

Check Details

Version: 1.1.1
Check: R code for possible problems
Result: NOTE
    create_clustering_problem: no visible global function definition for
     ‘rnorm’
    Undefined global functions or variables:
     rnorm
    Consider adding
     importFrom("stats", "rnorm")
    to your NAMESPACE file.
Flavors: r-devel-linux-x86_64-debian-gcc, r-devel-linux-x86_64-fedora-clang, r-devel-linux-x86_64-fedora-gcc, r-devel-osx-x86_64-clang, r-devel-windows-ix86+x86_64, r-patched-linux-x86_64, r-patched-solaris-sparc, r-patched-solaris-x86, r-release-linux-x86_64, r-release-osx-x86_64-mavericks, r-release-windows-ix86+x86_64

Version: 1.1.1
Check: line endings in Makefiles
Result: NOTE
    Found the following Makefile(s) without a final LF:
     src/Makevars
    Some ‘make’ programs ignore lines not ending in LF.
Flavors: r-devel-linux-x86_64-debian-gcc, r-devel-linux-x86_64-fedora-clang, r-devel-linux-x86_64-fedora-gcc, r-devel-osx-x86_64-clang, r-devel-windows-ix86+x86_64, r-patched-linux-x86_64, r-patched-solaris-sparc, r-patched-solaris-x86, r-release-linux-x86_64, r-release-osx-x86_64-mavericks, r-release-windows-ix86+x86_64, r-oldrel-windows-ix86+x86_64