CRAN Package Check Results for Package cvxclustr

Last updated on 2015-01-30 03:48:59.

Flavor Version Tinstall Tcheck Ttotal Status Flags
r-devel-linux-x86_64-debian-clang 1.1.1 3.92 41.44 45.36 NOTE
r-devel-linux-x86_64-debian-gcc 1.1.1 5.02 40.54 45.56 NOTE
r-devel-linux-x86_64-fedora-clang 1.1.1 117.02 NOTE
r-devel-linux-x86_64-fedora-gcc 1.1.1 111.41 NOTE
r-devel-osx-x86_64-clang 1.1.1 95.98 NOTE
r-devel-windows-ix86+x86_64 1.1.1 17.00 88.00 105.00 NOTE
r-patched-linux-x86_64 1.1.1 4.95 46.09 51.04 NOTE
r-patched-solaris-sparc 1.1.1 740.90 OK
r-patched-solaris-x86 1.1.1 180.20 NOTE
r-release-linux-ix86 1.1.1 4.68 55.22 59.90 OK
r-release-linux-x86_64 1.1.1 4.30 45.08 49.38 OK
r-release-osx-x86_64-mavericks 1.1.1 NOTE
r-release-osx-x86_64-snowleopard 1.1.1 OK
r-release-windows-ix86+x86_64 1.1.1 13.00 89.00 102.00 OK
r-oldrel-windows-ix86+x86_64 1.1.1 13.00 92.00 105.00 OK

Check Details

Version: 1.1.1
Check: line endings in Makefiles
Result: NOTE
    Found the following Makefile(s) without a final LF:
     src/Makevars
    Some ‘make’ programs ignore lines not ending in LF.
Flavors: r-devel-linux-x86_64-debian-clang, r-devel-linux-x86_64-debian-gcc, r-devel-linux-x86_64-fedora-clang, r-devel-linux-x86_64-fedora-gcc, r-devel-osx-x86_64-clang, r-devel-windows-ix86+x86_64, r-patched-linux-x86_64, r-patched-solaris-x86, r-release-osx-x86_64-mavericks