CRAN Package Check Results for Package cvxclustr

Last updated on 2016-02-08 19:48:19.

Flavor Version Tinstall Tcheck Ttotal Status Flags
r-devel-linux-x86_64-debian-gcc 1.1.1 3.36 40.35 43.70 NOTE
r-devel-linux-x86_64-fedora-clang 1.1.1 76.97 NOTE
r-devel-linux-x86_64-fedora-gcc 1.1.1 76.38 NOTE
r-devel-osx-x86_64-clang 1.1.1 77.47 NOTE
r-devel-windows-ix86+x86_64 1.1.1 16.00 109.00 125.00 NOTE
r-patched-linux-x86_64 1.1.1 3.62 40.73 44.35 NOTE
r-patched-solaris-sparc 1.1.1 602.00 NOTE
r-patched-solaris-x86 1.1.1 132.00 NOTE
r-release-linux-x86_64 1.1.1 3.67 40.55 44.22 NOTE
r-release-osx-x86_64-mavericks 1.1.1 NOTE
r-release-windows-ix86+x86_64 1.1.1 15.00 88.00 103.00 NOTE
r-oldrel-windows-ix86+x86_64 1.1.1 22.00 109.00 131.00 NOTE

Check Details

Version: 1.1.1
Check: R code for possible problems
Result: NOTE
    create_clustering_problem: no visible global function definition for
     ‘rnorm’
    Undefined global functions or variables:
     rnorm
    Consider adding
     importFrom("stats", "rnorm")
    to your NAMESPACE file.
Flavors: r-devel-linux-x86_64-debian-gcc, r-devel-linux-x86_64-fedora-clang, r-devel-linux-x86_64-fedora-gcc, r-devel-osx-x86_64-clang, r-devel-windows-ix86+x86_64

Version: 1.1.1
Check: line endings in Makefiles
Result: NOTE
    Found the following Makefile(s) without a final LF:
     src/Makevars
    Some ‘make’ programs ignore lines not ending in LF.
Flavors: r-devel-linux-x86_64-debian-gcc, r-devel-linux-x86_64-fedora-clang, r-devel-linux-x86_64-fedora-gcc, r-devel-osx-x86_64-clang, r-devel-windows-ix86+x86_64, r-patched-linux-x86_64, r-patched-solaris-sparc, r-patched-solaris-x86, r-release-linux-x86_64, r-release-osx-x86_64-mavericks, r-release-windows-ix86+x86_64, r-oldrel-windows-ix86+x86_64