CRAN Package Check Results for Package cvxclustr

Last updated on 2015-02-27 11:48:39.

Flavor Version Tinstall Tcheck Ttotal Status Flags
r-devel-linux-x86_64-debian-clang 1.1.1 3.29 38.38 41.67 NOTE
r-devel-linux-x86_64-debian-gcc 1.1.1 3.52 37.33 40.85 NOTE
r-devel-linux-x86_64-fedora-clang 1.1.1 89.99 NOTE
r-devel-linux-x86_64-fedora-gcc 1.1.1 81.08 NOTE
r-devel-osx-x86_64-clang 1.1.1 74.40 NOTE
r-devel-windows-ix86+x86_64 1.1.1 16.00 84.00 100.00 NOTE
r-patched-linux-x86_64 1.1.1 4.26 45.08 49.34 NOTE
r-patched-solaris-sparc 1.1.1 761.30 NOTE
r-patched-solaris-x86 1.1.1 180.70 NOTE
r-release-linux-ix86 1.1.1 4.79 56.45 61.24 OK
r-release-linux-x86_64 1.1.1 4.33 2.29 6.62 OK
r-release-osx-x86_64-mavericks 1.1.1 NOTE
r-release-osx-x86_64-snowleopard 1.1.1 OK
r-release-windows-ix86+x86_64 1.1.1 13.00 93.00 106.00 OK
r-oldrel-windows-ix86+x86_64 1.1.1 15.00 98.00 113.00 OK

Check Details

Version: 1.1.1
Check: line endings in Makefiles
Result: NOTE
    Found the following Makefile(s) without a final LF:
     src/Makevars
    Some ‘make’ programs ignore lines not ending in LF.
Flavors: r-devel-linux-x86_64-debian-clang, r-devel-linux-x86_64-debian-gcc, r-devel-linux-x86_64-fedora-clang, r-devel-linux-x86_64-fedora-gcc, r-devel-osx-x86_64-clang, r-devel-windows-ix86+x86_64, r-patched-linux-x86_64, r-patched-solaris-sparc, r-patched-solaris-x86, r-release-osx-x86_64-mavericks