CRAN Package Check Results for Package cvxclustr

Last updated on 2016-09-25 06:53:08.

Flavor Version Tinstall Tcheck Ttotal Status Flags
r-devel-linux-x86_64-debian-clang 1.1.1 3.31 34.19 37.50 NOTE
r-devel-linux-x86_64-debian-gcc 1.1.1 3.23 34.61 37.84 NOTE
r-devel-linux-x86_64-fedora-clang 1.1.1 76.06 NOTE
r-devel-linux-x86_64-fedora-gcc 1.1.1 73.21 NOTE
r-devel-macos-x86_64-clang 1.1.1 58.34 NOTE
r-devel-windows-ix86+x86_64 1.1.1 10.00 118.00 128.00 NOTE
r-patched-linux-x86_64 1.1.1 3.05 35.08 38.13 NOTE
r-patched-solaris-sparc 1.1.1 574.00 NOTE
r-patched-solaris-x86 1.1.1 128.20 NOTE
r-release-linux-x86_64 1.1.1 3.24 35.11 38.35 NOTE
r-release-osx-x86_64-mavericks 1.1.1 NOTE
r-release-windows-ix86+x86_64 1.1.1 10.00 87.00 97.00 NOTE
r-oldrel-windows-ix86+x86_64 1.1.1 17.00 85.00 102.00 NOTE

Check Details

Version: 1.1.1
Check: R code for possible problems
Result: NOTE
    create_clustering_problem: no visible global function definition for
     ‘rnorm’
    Undefined global functions or variables:
     rnorm
    Consider adding
     importFrom("stats", "rnorm")
    to your NAMESPACE file.
Flavors: r-devel-linux-x86_64-debian-clang, r-devel-linux-x86_64-debian-gcc, r-devel-linux-x86_64-fedora-clang, r-devel-linux-x86_64-fedora-gcc, r-devel-macos-x86_64-clang, r-devel-windows-ix86+x86_64, r-patched-linux-x86_64, r-patched-solaris-sparc, r-patched-solaris-x86, r-release-linux-x86_64, r-release-osx-x86_64-mavericks, r-release-windows-ix86+x86_64

Version: 1.1.1
Check: line endings in Makefiles
Result: NOTE
    Found the following Makefile(s) without a final LF:
     src/Makevars
    Some ‘make’ programs ignore lines not ending in LF.
Flavors: r-devel-linux-x86_64-debian-clang, r-devel-linux-x86_64-debian-gcc, r-devel-linux-x86_64-fedora-clang, r-devel-linux-x86_64-fedora-gcc, r-devel-macos-x86_64-clang, r-devel-windows-ix86+x86_64, r-patched-linux-x86_64, r-patched-solaris-sparc, r-patched-solaris-x86, r-release-linux-x86_64, r-release-osx-x86_64-mavericks, r-release-windows-ix86+x86_64, r-oldrel-windows-ix86+x86_64