CRAN Package Check Results for Package cvxclustr

Last updated on 2016-12-07 23:47:38.

Flavor Version Tinstall Tcheck Ttotal Status Flags
r-devel-linux-x86_64-debian-clang 1.1.1 3.63 39.29 42.92 NOTE
r-devel-linux-x86_64-debian-gcc 1.1.1 3.33 39.98 43.31 NOTE
r-devel-linux-x86_64-fedora-clang 1.1.1 94.89 NOTE --no-stop-on-test-error
r-devel-linux-x86_64-fedora-gcc 1.1.1 90.39 NOTE --no-stop-on-test-error
r-devel-macos-x86_64-clang 1.1.1 70.03 NOTE
r-devel-windows-ix86+x86_64 1.1.1 14.00 139.00 153.00 NOTE
r-patched-linux-x86_64 1.1.1 3.26 33.94 37.20 NOTE
r-patched-solaris-sparc 1.1.1 588.70 NOTE
r-patched-solaris-x86 1.1.1 126.20 NOTE
r-release-linux-x86_64 1.1.1 3.01 34.55 37.56 NOTE
r-release-osx-x86_64-mavericks 1.1.1 NOTE
r-release-windows-ix86+x86_64 1.1.1 11.00 91.00 102.00 NOTE
r-oldrel-windows-ix86+x86_64 1.1.1 18.00 87.00 105.00 NOTE

Check Details

Version: 1.1.1
Check: R code for possible problems
Result: NOTE
    create_clustering_problem: no visible global function definition for
     ‘rnorm’
    Undefined global functions or variables:
     rnorm
    Consider adding
     importFrom("stats", "rnorm")
    to your NAMESPACE file.
Flavors: r-devel-linux-x86_64-debian-clang, r-devel-linux-x86_64-debian-gcc, r-devel-macos-x86_64-clang, r-devel-windows-ix86+x86_64, r-patched-linux-x86_64, r-patched-solaris-sparc, r-patched-solaris-x86, r-release-linux-x86_64, r-release-osx-x86_64-mavericks, r-release-windows-ix86+x86_64

Version: 1.1.1
Check: line endings in Makefiles
Result: NOTE
    Found the following Makefile(s) without a final LF:
     src/Makevars
    Some ‘make’ programs ignore lines not ending in LF.
Flavors: r-devel-linux-x86_64-debian-clang, r-devel-linux-x86_64-debian-gcc, r-devel-macos-x86_64-clang, r-devel-windows-ix86+x86_64, r-patched-linux-x86_64, r-patched-solaris-sparc, r-patched-solaris-x86, r-release-linux-x86_64, r-release-osx-x86_64-mavericks, r-release-windows-ix86+x86_64, r-oldrel-windows-ix86+x86_64

Version: 1.1.1
Flags: --no-stop-on-test-error
Check: R code for possible problems
Result: NOTE
    create_clustering_problem: no visible global function definition for
     ‘rnorm’
    Undefined global functions or variables:
     rnorm
    Consider adding
     importFrom("stats", "rnorm")
    to your NAMESPACE file.
Flavors: r-devel-linux-x86_64-fedora-clang, r-devel-linux-x86_64-fedora-gcc

Version: 1.1.1
Flags: --no-stop-on-test-error
Check: line endings in Makefiles
Result: NOTE
    Found the following Makefile(s) without a final LF:
     src/Makevars
    Some ‘make’ programs ignore lines not ending in LF.
Flavors: r-devel-linux-x86_64-fedora-clang, r-devel-linux-x86_64-fedora-gcc