CRAN Package Check Results for Package cvxclustr

Last updated on 2015-04-27 15:46:29.

Flavor Version Tinstall Tcheck Ttotal Status Flags
r-devel-linux-x86_64-debian-clang 1.1.1 3.23 39.16 42.39 NOTE
r-devel-linux-x86_64-debian-gcc 1.1.1 3.46 37.98 41.45 NOTE
r-devel-linux-x86_64-fedora-clang 1.1.1 86.76 NOTE
r-devel-linux-x86_64-fedora-gcc 1.1.1 80.72 NOTE
r-devel-osx-x86_64-clang 1.1.1 71.98 NOTE
r-devel-windows-ix86+x86_64 1.1.1 11.00 92.00 103.00 NOTE
r-patched-linux-x86_64 1.1.1 3.37 37.92 41.30 NOTE
r-patched-solaris-sparc 1.1.1 605.90 NOTE
r-patched-solaris-x86 1.1.1 141.10 NOTE
r-release-linux-x86_64 1.1.1 3.39 38.06 41.45 NOTE
r-release-osx-x86_64-mavericks 1.1.1 NOTE
r-release-osx-x86_64-snowleopard 1.1.1 ERROR
r-release-windows-ix86+x86_64 1.1.1 15.00 113.00 128.00 NOTE
r-oldrel-windows-ix86+x86_64 1.1.1 11.00 92.00 103.00 NOTE

Check Details

Version: 1.1.1
Check: line endings in Makefiles
Result: NOTE
    Found the following Makefile(s) without a final LF:
     src/Makevars
    Some ‘make’ programs ignore lines not ending in LF.
Flavors: r-devel-linux-x86_64-debian-clang, r-devel-linux-x86_64-debian-gcc, r-devel-linux-x86_64-fedora-clang, r-devel-linux-x86_64-fedora-gcc, r-devel-osx-x86_64-clang, r-devel-windows-ix86+x86_64, r-patched-solaris-sparc, r-patched-solaris-x86, r-release-linux-x86_64, r-release-osx-x86_64-mavericks, r-release-windows-ix86+x86_64, r-oldrel-windows-ix86+x86_64

Version: 1.1.1
Check: package dependencies
Result: ERROR
    Package required but not available: ‘igraph’
    
    Package suggested but not available for checking: ‘ggplot2’
    
    See section ‘The DESCRIPTION file’ in the ‘Writing R Extensions’
    manual.
Flavor: r-release-osx-x86_64-snowleopard