CRAN Package Check Results for Package cvxclustr

Last updated on 2017-03-27 03:49:35.

Flavor Version Tinstall Tcheck Ttotal Status Flags
r-devel-linux-x86_64-debian-clang 1.1.1 3.80 38.75 42.55 NOTE
r-devel-linux-x86_64-debian-gcc 1.1.1 3.27 37.75 41.02 NOTE
r-devel-linux-x86_64-fedora-clang 1.1.1 92.53 NOTE --no-stop-on-test-error
r-devel-linux-x86_64-fedora-gcc 1.1.1 94.62 NOTE --no-stop-on-test-error
r-devel-macos-x86_64-clang 1.1.1 70.84 NOTE --no-stop-on-test-error
r-patched-linux-x86_64 1.1.1 3.41 37.93 41.34 NOTE
r-patched-solaris-sparc 1.1.1 637.90 NOTE
r-patched-solaris-x86 1.1.1 146.10 NOTE
r-release-linux-x86_64 1.1.1 3.29 34.49 37.77 NOTE
r-release-osx-x86_64-mavericks 1.1.1 NOTE
r-release-windows-ix86+x86_64 1.1.1 18.00 94.00 112.00 NOTE
r-oldrel-windows-ix86+x86_64 1.1.1 11.00 94.00 105.00 NOTE

Check Details

Version: 1.1.1
Check: R code for possible problems
Result: NOTE
    create_clustering_problem: no visible global function definition for
     ‘rnorm’
    Undefined global functions or variables:
     rnorm
    Consider adding
     importFrom("stats", "rnorm")
    to your NAMESPACE file.
Flavors: r-devel-linux-x86_64-debian-clang, r-devel-linux-x86_64-debian-gcc, r-patched-linux-x86_64, r-patched-solaris-sparc, r-patched-solaris-x86, r-release-linux-x86_64, r-release-osx-x86_64-mavericks, r-release-windows-ix86+x86_64

Version: 1.1.1
Check: line endings in Makefiles
Result: NOTE
    Found the following Makefile(s) without a final LF:
     src/Makevars
    Some ‘make’ programs ignore lines not ending in LF.
Flavors: r-devel-linux-x86_64-debian-clang, r-devel-linux-x86_64-debian-gcc, r-patched-linux-x86_64, r-patched-solaris-sparc, r-patched-solaris-x86, r-release-linux-x86_64, r-release-osx-x86_64-mavericks, r-release-windows-ix86+x86_64, r-oldrel-windows-ix86+x86_64

Version: 1.1.1
Check: compiled code
Result: NOTE
    File ‘cvxclustr/libs/cvxclustr.so’:
     Found no calls to: ‘R_registerRoutines’, ‘R_useDynamicSymbols’
    
    It is good practice to register native routines and to disable symbol
    search.
    
    See ‘Writing portable packages’ in the ‘Writing R Extensions’ manual.
Flavors: r-devel-linux-x86_64-debian-clang, r-devel-linux-x86_64-debian-gcc, r-patched-linux-x86_64

Version: 1.1.1
Flags: --no-stop-on-test-error
Check: R code for possible problems
Result: NOTE
    create_clustering_problem: no visible global function definition for
     ‘rnorm’
    Undefined global functions or variables:
     rnorm
    Consider adding
     importFrom("stats", "rnorm")
    to your NAMESPACE file.
Flavors: r-devel-linux-x86_64-fedora-clang, r-devel-linux-x86_64-fedora-gcc, r-devel-macos-x86_64-clang

Version: 1.1.1
Flags: --no-stop-on-test-error
Check: line endings in Makefiles
Result: NOTE
    Found the following Makefile(s) without a final LF:
     src/Makevars
    Some ‘make’ programs ignore lines not ending in LF.
Flavors: r-devel-linux-x86_64-fedora-clang, r-devel-linux-x86_64-fedora-gcc, r-devel-macos-x86_64-clang

Version: 1.1.1
Flags: --no-stop-on-test-error
Check: compiled code
Result: NOTE
    File ‘cvxclustr/libs/cvxclustr.so’:
     Found no calls to: ‘R_registerRoutines’, ‘R_useDynamicSymbols’
    
    It is good practice to register native routines and to disable symbol
    search.
    
    See ‘Writing portable packages’ in the ‘Writing R Extensions’ manual.
Flavors: r-devel-linux-x86_64-fedora-clang, r-devel-linux-x86_64-fedora-gcc, r-devel-macos-x86_64-clang