CRAN Package Check Results for Package cvxclustr

Last updated on 2015-03-29 11:51:12.

Flavor Version Tinstall Tcheck Ttotal Status Flags
r-devel-linux-x86_64-debian-clang 1.1.1 3.30 38.12 41.42 NOTE
r-devel-linux-x86_64-debian-gcc 1.1.1 3.90 37.80 41.69 NOTE
r-devel-linux-x86_64-fedora-clang 1.1.1 85.70 NOTE
r-devel-linux-x86_64-fedora-gcc 1.1.1 84.55 NOTE
r-devel-osx-x86_64-clang 1.1.1 80.37 NOTE
r-prerel-windows-ix86+x86_64 1.1.1 17.00 81.00 98.00 NOTE
r-prerel-linux-x86_64 1.1.1 3.42 37.99 41.41 NOTE
r-prerel-solaris-sparc 1.1.1 605.90 NOTE
r-prerel-solaris-x86 1.1.1 143.60 NOTE
r-release-linux-x86_64 1.1.1 4.32 46.56 50.88 NOTE
r-release-osx-x86_64-mavericks 1.1.1 NOTE
r-release-osx-x86_64-snowleopard 1.1.1 OK
r-release-windows-ix86+x86_64 1.1.1 12.00 97.00 109.00 NOTE
r-oldrel-windows-ix86+x86_64 1.1.1 12.00 94.00 106.00 OK

Check Details

Version: 1.1.1
Check: line endings in Makefiles
Result: NOTE
    Found the following Makefile(s) without a final LF:
     src/Makevars
    Some ‘make’ programs ignore lines not ending in LF.
Flavors: r-devel-linux-x86_64-debian-clang, r-devel-linux-x86_64-debian-gcc, r-devel-linux-x86_64-fedora-clang, r-devel-linux-x86_64-fedora-gcc, r-devel-osx-x86_64-clang, r-prerel-windows-ix86+x86_64, r-prerel-linux-x86_64, r-prerel-solaris-sparc, r-prerel-solaris-x86, r-release-linux-x86_64, r-release-osx-x86_64-mavericks, r-release-windows-ix86+x86_64