CRAN Package Check Results for Package cvxclustr

Last updated on 2015-07-30 17:47:06.

Flavor Version Tinstall Tcheck Ttotal Status Flags
r-devel-linux-x86_64-debian-clang 1.1.1 3.77 38.13 41.90 NOTE
r-devel-linux-x86_64-debian-gcc 1.1.1 3.47 36.99 40.46 NOTE
r-devel-linux-x86_64-fedora-clang 1.1.1 86.77 NOTE
r-devel-linux-x86_64-fedora-gcc 1.1.1 80.27 NOTE
r-devel-osx-x86_64-clang 1.1.1 75.05 NOTE
r-devel-windows-ix86+x86_64 1.1.1 19.00 91.00 110.00 NOTE
r-patched-linux-x86_64 1.1.1 3.44 39.18 42.62 NOTE
r-patched-solaris-sparc 1.1.1 635.90 NOTE
r-patched-solaris-x86 1.1.1 145.20 NOTE
r-release-linux-x86_64 1.1.1 3.45 37.59 41.04 NOTE
r-release-osx-x86_64-mavericks 1.1.1 NOTE
r-release-windows-ix86+x86_64 1.1.1 18.00 85.00 103.00 NOTE
r-oldrel-windows-ix86+x86_64 1.1.1 13.00 98.00 111.00 NOTE

Check Details

Version: 1.1.1
Check: R code for possible problems
Result: NOTE
    create_clustering_problem: no visible global function definition for
     ‘rnorm’
    Undefined global functions or variables:
     rnorm
    Consider adding
     importFrom("stats", "rnorm")
    to your NAMESPACE.
Flavors: r-devel-linux-x86_64-debian-clang, r-devel-linux-x86_64-debian-gcc, r-devel-linux-x86_64-fedora-clang, r-devel-linux-x86_64-fedora-gcc, r-devel-windows-ix86+x86_64

Version: 1.1.1
Check: line endings in Makefiles
Result: NOTE
    Found the following Makefile(s) without a final LF:
     src/Makevars
    Some ‘make’ programs ignore lines not ending in LF.
Flavors: r-devel-linux-x86_64-debian-clang, r-devel-linux-x86_64-debian-gcc, r-devel-linux-x86_64-fedora-clang, r-devel-linux-x86_64-fedora-gcc, r-devel-osx-x86_64-clang, r-devel-windows-ix86+x86_64, r-patched-linux-x86_64, r-patched-solaris-sparc, r-patched-solaris-x86, r-release-linux-x86_64, r-release-osx-x86_64-mavericks, r-release-windows-ix86+x86_64, r-oldrel-windows-ix86+x86_64