CRAN Package Check Results for Package cvxclustr

Last updated on 2017-01-22 23:48:16.

Flavor Version Tinstall Tcheck Ttotal Status Flags
r-devel-linux-x86_64-debian-clang 1.1.1 3.53 38.71 42.23 NOTE
r-devel-linux-x86_64-debian-gcc 1.1.1 3.46 38.88 42.33 NOTE
r-devel-linux-x86_64-fedora-clang 1.1.1 84.79 NOTE --no-stop-on-test-error
r-devel-linux-x86_64-fedora-gcc 1.1.1 82.29 NOTE --no-stop-on-test-error
r-devel-macos-x86_64-clang 1.1.1 69.72 NOTE --no-stop-on-test-error
r-devel-windows-ix86+x86_64 1.1.1 11.00 107.00 118.00 NOTE
r-patched-linux-x86_64 1.1.1 3.32 33.80 37.12 NOTE
r-patched-solaris-sparc 1.1.1 585.70 NOTE
r-patched-solaris-x86 1.1.1 127.40 NOTE
r-release-linux-x86_64 1.1.1 2.97 33.16 36.12 NOTE
r-release-osx-x86_64-mavericks 1.1.1 NOTE
r-release-windows-ix86+x86_64 1.1.1 25.00 118.00 143.00 NOTE
r-oldrel-windows-ix86+x86_64 1.1.1 14.00 119.00 133.00 NOTE

Check Details

Version: 1.1.1
Check: R code for possible problems
Result: NOTE
    create_clustering_problem: no visible global function definition for
     ‘rnorm’
    Undefined global functions or variables:
     rnorm
    Consider adding
     importFrom("stats", "rnorm")
    to your NAMESPACE file.
Flavors: r-devel-linux-x86_64-debian-clang, r-devel-linux-x86_64-debian-gcc, r-devel-windows-ix86+x86_64, r-patched-linux-x86_64, r-patched-solaris-sparc, r-patched-solaris-x86, r-release-linux-x86_64, r-release-osx-x86_64-mavericks, r-release-windows-ix86+x86_64

Version: 1.1.1
Check: line endings in Makefiles
Result: NOTE
    Found the following Makefile(s) without a final LF:
     src/Makevars
    Some ‘make’ programs ignore lines not ending in LF.
Flavors: r-devel-linux-x86_64-debian-clang, r-devel-linux-x86_64-debian-gcc, r-devel-windows-ix86+x86_64, r-patched-linux-x86_64, r-patched-solaris-sparc, r-patched-solaris-x86, r-release-linux-x86_64, r-release-osx-x86_64-mavericks, r-release-windows-ix86+x86_64, r-oldrel-windows-ix86+x86_64

Version: 1.1.1
Flags: --no-stop-on-test-error
Check: R code for possible problems
Result: NOTE
    create_clustering_problem: no visible global function definition for
     ‘rnorm’
    Undefined global functions or variables:
     rnorm
    Consider adding
     importFrom("stats", "rnorm")
    to your NAMESPACE file.
Flavors: r-devel-linux-x86_64-fedora-clang, r-devel-linux-x86_64-fedora-gcc, r-devel-macos-x86_64-clang

Version: 1.1.1
Flags: --no-stop-on-test-error
Check: line endings in Makefiles
Result: NOTE
    Found the following Makefile(s) without a final LF:
     src/Makevars
    Some ‘make’ programs ignore lines not ending in LF.
Flavors: r-devel-linux-x86_64-fedora-clang, r-devel-linux-x86_64-fedora-gcc, r-devel-macos-x86_64-clang