CRAN Package Check Results for Package cvxclustr

Last updated on 2015-05-29 17:47:12.

Flavor Version Tinstall Tcheck Ttotal Status Flags
r-devel-linux-x86_64-debian-clang 1.1.1 3.30 39.17 42.47 NOTE
r-devel-linux-x86_64-debian-gcc 1.1.1 3.45 37.73 41.18 NOTE
r-devel-linux-x86_64-fedora-clang 1.1.1 88.89 NOTE
r-devel-linux-x86_64-fedora-gcc 1.1.1 80.40 NOTE
r-devel-osx-x86_64-clang 1.1.1 73.00 NOTE
r-devel-windows-ix86+x86_64 1.1.1 11.00 86.00 97.00 NOTE
r-patched-linux-x86_64 1.1.1 3.32 38.32 41.65 NOTE
r-patched-solaris-sparc 1.1.1 624.30 NOTE
r-patched-solaris-x86 1.1.1 144.50 NOTE
r-release-linux-x86_64 1.1.1 3.47 38.00 41.47 NOTE
r-release-osx-x86_64-mavericks 1.1.1 NOTE
r-release-osx-x86_64-snowleopard 1.1.1 ERROR
r-release-windows-ix86+x86_64 1.1.1 11.00 89.00 100.00 NOTE
r-oldrel-windows-ix86+x86_64 1.1.1 13.00 89.00 102.00 NOTE

Check Details

Version: 1.1.1
Check: line endings in Makefiles
Result: NOTE
    Found the following Makefile(s) without a final LF:
     src/Makevars
    Some ‘make’ programs ignore lines not ending in LF.
Flavors: r-devel-linux-x86_64-debian-clang, r-devel-linux-x86_64-debian-gcc, r-devel-linux-x86_64-fedora-clang, r-devel-linux-x86_64-fedora-gcc, r-devel-osx-x86_64-clang, r-devel-windows-ix86+x86_64, r-patched-linux-x86_64, r-patched-solaris-sparc, r-patched-solaris-x86, r-release-linux-x86_64, r-release-osx-x86_64-mavericks, r-release-windows-ix86+x86_64, r-oldrel-windows-ix86+x86_64

Version: 1.1.1
Check: package dependencies
Result: ERROR
    Package required but not available: ‘igraph’
    
    Package suggested but not available for checking: ‘ggplot2’
    
    See section ‘The DESCRIPTION file’ in the ‘Writing R Extensions’
    manual.
Flavor: r-release-osx-x86_64-snowleopard