CRAN Package Check Results for Package cvxclustr

Last updated on 2016-08-24 06:47:36.

Flavor Version Tinstall Tcheck Ttotal Status Flags
r-devel-linux-x86_64-debian-clang 1.1.1 3.62 39.63 43.24 NOTE
r-devel-linux-x86_64-debian-gcc 1.1.1 3.73 39.90 43.63 NOTE
r-devel-linux-x86_64-fedora-clang 1.1.1 79.58 NOTE
r-devel-linux-x86_64-fedora-gcc 1.1.1 73.24 NOTE
r-devel-osx-x86_64-clang 1.1.1 60.44 NOTE
r-devel-windows-ix86+x86_64 1.1.1 14.00 88.00 102.00 NOTE
r-patched-linux-x86_64 1.1.1 3.71 39.01 42.72 NOTE
r-patched-solaris-sparc 1.1.1 574.00 NOTE
r-patched-solaris-x86 1.1.1 129.10 NOTE
r-release-linux-x86_64 1.1.1 3.43 40.56 43.99 NOTE
r-release-osx-x86_64-mavericks 1.1.1 NOTE
r-release-windows-ix86+x86_64 1.1.1 17.00 90.00 107.00 NOTE
r-oldrel-windows-ix86+x86_64 1.1.1 16.00 122.00 138.00 NOTE

Check Details

Version: 1.1.1
Check: R code for possible problems
Result: NOTE
    create_clustering_problem: no visible global function definition for
     ‘rnorm’
    Undefined global functions or variables:
     rnorm
    Consider adding
     importFrom("stats", "rnorm")
    to your NAMESPACE file.
Flavors: r-devel-linux-x86_64-debian-clang, r-devel-linux-x86_64-debian-gcc, r-devel-linux-x86_64-fedora-clang, r-devel-linux-x86_64-fedora-gcc, r-devel-osx-x86_64-clang, r-devel-windows-ix86+x86_64, r-patched-linux-x86_64, r-patched-solaris-sparc, r-patched-solaris-x86, r-release-linux-x86_64, r-release-osx-x86_64-mavericks, r-release-windows-ix86+x86_64

Version: 1.1.1
Check: line endings in Makefiles
Result: NOTE
    Found the following Makefile(s) without a final LF:
     src/Makevars
    Some ‘make’ programs ignore lines not ending in LF.
Flavors: r-devel-linux-x86_64-debian-clang, r-devel-linux-x86_64-debian-gcc, r-devel-linux-x86_64-fedora-clang, r-devel-linux-x86_64-fedora-gcc, r-devel-osx-x86_64-clang, r-devel-windows-ix86+x86_64, r-patched-linux-x86_64, r-patched-solaris-sparc, r-patched-solaris-x86, r-release-linux-x86_64, r-release-osx-x86_64-mavericks, r-release-windows-ix86+x86_64, r-oldrel-windows-ix86+x86_64