CRAN Package Check Results for Package cxxfunplus

Last updated on 2014-12-22 19:48:19.

Flavor Version Tinstall Tcheck Ttotal Status Flags
r-devel-linux-x86_64-debian-clang 1.0 1.12 13.63 14.75 NOTE
r-devel-linux-x86_64-debian-gcc 1.0 0.89 13.20 14.08 NOTE
r-devel-linux-x86_64-fedora-clang 1.0 30.93 NOTE
r-devel-linux-x86_64-fedora-gcc 1.0 30.02 NOTE
r-devel-osx-x86_64-clang 1.0 32.77 NOTE
r-devel-windows-ix86+x86_64 1.0 6.00 29.00 35.00 NOTE
r-patched-linux-x86_64 1.0 0.94 13.58 14.51 NOTE
r-patched-solaris-sparc 1.0 188.90 NOTE
r-patched-solaris-x86 1.0 44.30 NOTE
r-release-linux-ix86 1.0 1.18 19.25 20.44 NOTE
r-release-linux-x86_64 1.0 0.94 13.68 14.62 NOTE
r-release-osx-x86_64-mavericks 1.0 NOTE
r-release-osx-x86_64-snowleopard 1.0 NOTE
r-release-windows-ix86+x86_64 1.0 3.00 22.00 25.00 NOTE
r-oldrel-windows-ix86+x86_64 1.0 3.00 23.00 26.00 NOTE

Check Details

Version: 1.0
Check: dependencies in R code
Result: NOTE
    Namespace in Imports field not imported from: ‘methods’
     All declared Imports should be used.
    See the information on DESCRIPTION files in the chapter ‘Creating R
    packages’ of the ‘Writing R Extensions’ manual.
Flavors: r-devel-linux-x86_64-debian-clang, r-devel-linux-x86_64-debian-gcc, r-devel-linux-x86_64-fedora-clang, r-devel-linux-x86_64-fedora-gcc, r-devel-osx-x86_64-clang, r-devel-windows-ix86+x86_64, r-patched-linux-x86_64, r-patched-solaris-sparc, r-patched-solaris-x86, r-release-linux-ix86, r-release-linux-x86_64, r-release-osx-x86_64-mavericks, r-release-osx-x86_64-snowleopard, r-release-windows-ix86+x86_64, r-oldrel-windows-ix86+x86_64

Version: 1.0
Check: R code for possible problems
Result: NOTE
    cxxfunctionplus: no visible global function definition for ‘getPlugin’
    cxxfunctionplus: no visible global function definition for
     ‘cxxfunction’
Flavors: r-devel-linux-x86_64-debian-clang, r-devel-linux-x86_64-debian-gcc, r-devel-linux-x86_64-fedora-clang, r-devel-linux-x86_64-fedora-gcc, r-devel-osx-x86_64-clang, r-devel-windows-ix86+x86_64, r-patched-linux-x86_64, r-patched-solaris-sparc, r-patched-solaris-x86, r-release-linux-ix86, r-release-linux-x86_64, r-release-windows-ix86+x86_64