CRAN Package Check Results for Package cxxfunplus

Last updated on 2014-07-22 19:47:48.

Flavor Version Tinstall Tcheck Ttotal Status Flags
r-devel-linux-x86_64-debian-clang 1.0 0.94 12.98 13.92 NOTE
r-devel-linux-x86_64-debian-gcc 1.0 0.94 12.73 13.66 NOTE
r-devel-linux-x86_64-fedora-clang 1.0 31.15 NOTE
r-devel-linux-x86_64-fedora-gcc 1.0 28.71 NOTE
r-devel-osx-x86_64-clang 1.0 29.76 NOTE
r-devel-windows-ix86+x86_64 1.0 3.00 21.00 24.00 NOTE
r-patched-linux-x86_64 1.0 0.94 12.94 13.88 NOTE
r-patched-solaris-sparc 1.0 168.40 NOTE
r-patched-solaris-x86 1.0 40.20 NOTE
r-release-linux-ix86 1.0 1.25 19.68 20.94 NOTE
r-release-linux-x86_64 1.0 0.98 13.46 14.44 NOTE
r-release-osx-x86_64-mavericks 1.0 NOTE
r-release-osx-x86_64-snowleopard 1.0 NOTE
r-release-windows-ix86+x86_64 1.0 4.00 31.00 35.00 NOTE
r-oldrel-windows-ix86+x86_64 1.0 3.00 22.00 25.00 NOTE

Check Details

Version: 1.0
Check: dependencies in R code
Result: NOTE
    Namespace in Imports field not imported from: ‘methods’
     All declared Imports should be used.
    See the information on DESCRIPTION files in the chapter ‘Creating R
    packages’ of the ‘Writing R Extensions’ manual.
Flavors: r-devel-linux-x86_64-debian-clang, r-devel-linux-x86_64-debian-gcc, r-devel-linux-x86_64-fedora-clang, r-devel-linux-x86_64-fedora-gcc, r-devel-osx-x86_64-clang, r-devel-windows-ix86+x86_64, r-patched-linux-x86_64, r-patched-solaris-sparc, r-patched-solaris-x86, r-release-linux-ix86, r-release-linux-x86_64, r-release-osx-x86_64-mavericks, r-release-osx-x86_64-snowleopard, r-release-windows-ix86+x86_64, r-oldrel-windows-ix86+x86_64