CRAN Package Check Results for Package cxxfunplus

Last updated on 2014-10-23 00:47:55.

Flavor Version Tinstall Tcheck Ttotal Status Flags
r-devel-linux-x86_64-debian-clang 1.0 0.94 13.74 14.68 NOTE
r-devel-linux-x86_64-debian-gcc 1.0 0.89 13.92 14.81 NOTE
r-devel-linux-x86_64-fedora-clang 1.0 25.38 NOTE
r-devel-linux-x86_64-fedora-gcc 1.0 31.14 NOTE
r-devel-osx-x86_64-clang 1.0 33.39 NOTE
r-devel-windows-ix86+x86_64 1.0 3.00 21.00 24.00 NOTE
r-patched-linux-x86_64 1.0 0.94 14.16 15.10 NOTE
r-patched-solaris-sparc 1.0 173.80 NOTE
r-patched-solaris-x86 1.0 43.80 NOTE
r-release-linux-ix86 1.0 1.28 19.85 21.13 NOTE
r-release-linux-x86_64 1.0 0.98 14.38 15.36 NOTE
r-release-osx-x86_64-mavericks 1.0 NOTE
r-release-osx-x86_64-snowleopard 1.0 NOTE
r-release-windows-ix86+x86_64 1.0 3.00 21.00 24.00 NOTE
r-oldrel-windows-ix86+x86_64 1.0 3.00 23.00 26.00 NOTE

Check Details

Version: 1.0
Check: dependencies in R code
Result: NOTE
    Namespace in Imports field not imported from: ‘methods’
     All declared Imports should be used.
    See the information on DESCRIPTION files in the chapter ‘Creating R
    packages’ of the ‘Writing R Extensions’ manual.
Flavors: r-devel-linux-x86_64-debian-clang, r-devel-linux-x86_64-debian-gcc, r-devel-linux-x86_64-fedora-clang, r-devel-linux-x86_64-fedora-gcc, r-devel-osx-x86_64-clang, r-devel-windows-ix86+x86_64, r-patched-linux-x86_64, r-patched-solaris-sparc, r-patched-solaris-x86, r-release-linux-ix86, r-release-linux-x86_64, r-release-osx-x86_64-mavericks, r-release-osx-x86_64-snowleopard, r-release-windows-ix86+x86_64, r-oldrel-windows-ix86+x86_64

Version: 1.0
Check: R code for possible problems
Result: NOTE
    cxxfunctionplus: no visible global function definition for ‘getPlugin’
    cxxfunctionplus: no visible global function definition for
     ‘cxxfunction’
Flavors: r-devel-linux-x86_64-debian-clang, r-devel-linux-x86_64-debian-gcc, r-devel-linux-x86_64-fedora-clang, r-devel-linux-x86_64-fedora-gcc, r-devel-osx-x86_64-clang, r-devel-windows-ix86+x86_64, r-patched-linux-x86_64, r-patched-solaris-sparc, r-patched-solaris-x86