CRAN Package Check Results for Package cxxfunplus

Last updated on 2017-03-23 06:47:55.

Flavor Version Tinstall Tcheck Ttotal Status Flags
r-devel-linux-x86_64-debian-clang 1.0 0.87 14.07 14.94 NOTE
r-devel-linux-x86_64-debian-gcc 1.0 0.82 14.03 14.86 NOTE
r-devel-linux-x86_64-fedora-clang 1.0 25.27 NOTE --no-stop-on-test-error
r-devel-linux-x86_64-fedora-gcc 1.0 25.24 NOTE --no-stop-on-test-error
r-devel-macos-x86_64-clang 1.0 22.48 NOTE --no-stop-on-test-error
r-devel-windows-ix86+x86_64 1.0 4.00 33.00 37.00 NOTE
r-patched-linux-x86_64 1.0 0.74 11.77 12.52 NOTE
r-patched-solaris-sparc 1.0 159.60 NOTE
r-patched-solaris-x86 1.0 36.70 NOTE
r-release-linux-x86_64 1.0 0.92 12.11 13.03 NOTE
r-release-osx-x86_64-mavericks 1.0 NOTE
r-release-windows-ix86+x86_64 1.0 8.00 30.00 38.00 NOTE
r-oldrel-windows-ix86+x86_64 1.0 5.00 39.00 44.00 NOTE

Check Details

Version: 1.0
Check: DESCRIPTION meta-information
Result: NOTE
    Malformed Description field: should contain one or more complete sentences.
Flavors: r-devel-linux-x86_64-debian-clang, r-devel-linux-x86_64-debian-gcc, r-devel-windows-ix86+x86_64, r-patched-linux-x86_64, r-patched-solaris-sparc, r-patched-solaris-x86, r-release-linux-x86_64, r-release-osx-x86_64-mavericks, r-release-windows-ix86+x86_64, r-oldrel-windows-ix86+x86_64

Version: 1.0
Check: R code for possible problems
Result: NOTE
    cxxfun.from.dll: no visible global function definition for ‘new’
    cxxfun.from.dso.bin: no visible global function definition for ‘new’
    cxxfunctionplus: no visible global function definition for ‘getPlugin’
    cxxfunctionplus: no visible global function definition for
     ‘cxxfunction’
    cxxfunctionplus: no visible global function definition for ‘new’
    show,cxxdso: no visible global function definition for ‘object.size’
    Undefined global functions or variables:
     cxxfunction getPlugin new object.size
    Consider adding
     importFrom("methods", "new")
     importFrom("utils", "object.size")
    to your NAMESPACE file (and ensure that your DESCRIPTION Imports field
    contains 'methods').
Flavors: r-devel-linux-x86_64-debian-clang, r-devel-linux-x86_64-debian-gcc, r-devel-windows-ix86+x86_64, r-patched-linux-x86_64, r-patched-solaris-sparc, r-patched-solaris-x86, r-release-linux-x86_64, r-release-osx-x86_64-mavericks, r-release-windows-ix86+x86_64

Version: 1.0
Flags: --no-stop-on-test-error
Check: DESCRIPTION meta-information
Result: NOTE
    Malformed Description field: should contain one or more complete sentences.
Flavors: r-devel-linux-x86_64-fedora-clang, r-devel-linux-x86_64-fedora-gcc, r-devel-macos-x86_64-clang

Version: 1.0
Flags: --no-stop-on-test-error
Check: dependencies in R code
Result: NOTE
    Namespace in Imports field not imported from: ‘methods’
     All declared Imports should be used.
Flavors: r-devel-linux-x86_64-fedora-clang, r-devel-linux-x86_64-fedora-gcc, r-devel-macos-x86_64-clang

Version: 1.0
Flags: --no-stop-on-test-error
Check: R code for possible problems
Result: NOTE
    cxxfun.from.dll: no visible global function definition for ‘new’
    cxxfun.from.dso.bin: no visible global function definition for ‘new’
    cxxfunctionplus: no visible global function definition for ‘getPlugin’
    cxxfunctionplus: no visible global function definition for
     ‘cxxfunction’
    cxxfunctionplus: no visible global function definition for ‘new’
    show,cxxdso: no visible global function definition for ‘object.size’
    Undefined global functions or variables:
     cxxfunction getPlugin new object.size
    Consider adding
     importFrom("methods", "new")
     importFrom("utils", "object.size")
    to your NAMESPACE file (and ensure that your DESCRIPTION Imports field
    contains 'methods').
Flavors: r-devel-linux-x86_64-fedora-clang, r-devel-linux-x86_64-fedora-gcc, r-devel-macos-x86_64-clang

Version: 1.0
Check: dependencies in R code
Result: NOTE
    Namespace in Imports field not imported from: ‘methods’
     All declared Imports should be used.
Flavors: r-patched-solaris-sparc, r-patched-solaris-x86, r-release-osx-x86_64-mavericks, r-oldrel-windows-ix86+x86_64

Version: 1.0
Check: R code for possible problems
Result: NOTE
    cxxfunctionplus: no visible global function definition for 'getPlugin'
    cxxfunctionplus: no visible global function definition for
     'cxxfunction'
Flavor: r-oldrel-windows-ix86+x86_64