CRAN Package Check Results for Package cxxfunplus

Last updated on 2014-04-18 11:47:15.

Flavor Version Tinstall Tcheck Ttotal Status Flags
r-devel-linux-x86_64-debian-clang 1.0 0.99 13.50 14.49 NOTE
r-devel-linux-x86_64-debian-gcc NOTE
r-devel-linux-x86_64-fedora-clang 1.0 30.04 NOTE
r-devel-linux-x86_64-fedora-gcc 1.0 28.32 NOTE
r-devel-macosx-x86_64-clang 1.0 30.97 NOTE
r-devel-macosx-x86_64-gcc 1.0 NOTE
r-devel-windows-ix86+x86_64 1.0 3.00 31.00 34.00 NOTE
r-patched-linux-x86_64 1.0 1.13 13.71 14.84 NOTE
r-patched-solaris-sparc 1.0 168.40 NOTE
r-patched-solaris-x86 1.0 42.00 NOTE
r-release-linux-ix86 1.0 2.00 28.00 30.00 NOTE
r-release-linux-x86_64 1.0 1.12 13.56 14.68 NOTE
r-release-macosx-x86_64 1.0 NOTE
r-release-windows-ix86+x86_64 1.0 6.00 28.00 34.00 NOTE
r-oldrel-windows-ix86+x86_64 1.0 2.00 25.00 27.00 NOTE

Check Details

Version: 1.0
Check: dependencies in R code
Result: NOTE
    Namespace in Imports field not imported from: ‘methods’
     All declared Imports should be used.
    See the information on DESCRIPTION files in the chapter ‘Creating R
    packages’ of the ‘Writing R Extensions’ manual.
Flavors: r-devel-linux-x86_64-debian-clang, r-devel-linux-x86_64-debian-gcc, r-devel-linux-x86_64-fedora-clang, r-devel-linux-x86_64-fedora-gcc, r-devel-macosx-x86_64-clang, r-devel-macosx-x86_64-gcc, r-devel-windows-ix86+x86_64, r-patched-linux-x86_64, r-patched-solaris-sparc, r-patched-solaris-x86, r-release-linux-ix86, r-release-linux-x86_64, r-release-macosx-x86_64, r-release-windows-ix86+x86_64, r-oldrel-windows-ix86+x86_64