CRAN Package Check Results for Package cxxfunplus

Last updated on 2017-06-26 02:47:23.

Flavor Version Tinstall Tcheck Ttotal Status Flags
r-devel-linux-x86_64-debian-clang 1.0 0.88 14.35 15.23 NOTE
r-devel-linux-x86_64-debian-gcc 1.0 0.92 14.71 15.64 NOTE
r-devel-linux-x86_64-fedora-clang 1.0 25.74 NOTE
r-devel-linux-x86_64-fedora-gcc 1.0 24.34 NOTE
r-devel-windows-ix86+x86_64 1.0 4.00 43.00 47.00 NOTE
r-patched-linux-x86_64 1.0 0.86 14.56 15.43 NOTE
r-patched-solaris-sparc 1.0 159.60 NOTE
r-patched-solaris-x86 1.0 37.80 NOTE
r-release-linux-x86_64 1.0 0.86 14.33 15.19 NOTE
r-release-windows-ix86+x86_64 1.0 5.00 46.00 51.00 NOTE
r-release-osx-x86_64 1.0 NOTE
r-oldrel-windows-ix86+x86_64 1.0 2.00 41.00 43.00 NOTE
r-oldrel-osx-x86_64 1.0 NOTE

Check Details

Version: 1.0
Check: DESCRIPTION meta-information
Result: NOTE
    Malformed Description field: should contain one or more complete sentences.
Flavors: r-devel-linux-x86_64-debian-clang, r-devel-linux-x86_64-debian-gcc, r-devel-linux-x86_64-fedora-clang, r-devel-linux-x86_64-fedora-gcc, r-devel-windows-ix86+x86_64, r-patched-linux-x86_64, r-patched-solaris-sparc, r-patched-solaris-x86, r-release-linux-x86_64, r-release-windows-ix86+x86_64, r-release-osx-x86_64, r-oldrel-windows-ix86+x86_64, r-oldrel-osx-x86_64

Version: 1.0
Check: R code for possible problems
Result: NOTE
    cxxfun.from.dll: no visible global function definition for ‘new’
    cxxfun.from.dso.bin: no visible global function definition for ‘new’
    cxxfunctionplus: no visible global function definition for ‘getPlugin’
    cxxfunctionplus: no visible global function definition for
     ‘cxxfunction’
    cxxfunctionplus: no visible global function definition for ‘new’
    show,cxxdso: no visible global function definition for ‘object.size’
    Undefined global functions or variables:
     cxxfunction getPlugin new object.size
    Consider adding
     importFrom("methods", "new")
     importFrom("utils", "object.size")
    to your NAMESPACE file (and ensure that your DESCRIPTION Imports field
    contains 'methods').
Flavors: r-devel-linux-x86_64-debian-clang, r-devel-linux-x86_64-debian-gcc, r-devel-linux-x86_64-fedora-clang, r-devel-linux-x86_64-fedora-gcc, r-devel-windows-ix86+x86_64, r-patched-linux-x86_64, r-patched-solaris-sparc, r-patched-solaris-x86, r-release-linux-x86_64, r-release-windows-ix86+x86_64, r-release-osx-x86_64, r-oldrel-windows-ix86+x86_64, r-oldrel-osx-x86_64

Version: 1.0
Check: dependencies in R code
Result: NOTE
    Namespace in Imports field not imported from: ‘methods’
     All declared Imports should be used.
Flavors: r-devel-linux-x86_64-fedora-clang, r-devel-linux-x86_64-fedora-gcc, r-patched-solaris-sparc, r-patched-solaris-x86, r-release-osx-x86_64, r-oldrel-osx-x86_64