Last updated on 2023-03-24 18:51:04 CET.
Flavor | Version | Tinstall | Tcheck | Ttotal | Status | Flags |
---|---|---|---|---|---|---|
r-devel-linux-x86_64-debian-clang | 1.1.0 | 2.69 | 33.70 | 36.39 | NOTE | |
r-devel-linux-x86_64-debian-gcc | 1.1.0 | 2.40 | 26.33 | 28.73 | NOTE | |
r-devel-linux-x86_64-fedora-clang | 1.1.0 | 46.15 | NOTE | |||
r-devel-linux-x86_64-fedora-gcc | 1.1.0 | 43.31 | NOTE | |||
r-patched-linux-x86_64 | 1.1.0 | 3.38 | 34.17 | 37.55 | NOTE | |
r-release-linux-x86_64 | 1.1.0 | 2.21 | 33.93 | 36.14 | NOTE | |
r-release-macos-arm64 | 1.1.0 | 20.00 | NOTE | |||
r-release-macos-x86_64 | 1.1.0 | 26.00 | NOTE | |||
r-release-windows-x86_64 | 1.1.0 | 16.00 | 71.00 | 87.00 | NOTE | |
r-oldrel-macos-arm64 | 1.1.0 | 25.00 | NOTE | |||
r-oldrel-macos-x86_64 | 1.1.0 | 35.00 | NOTE | |||
r-oldrel-windows-ix86+x86_64 | 1.1.0 | 7.00 | 64.00 | 71.00 | NOTE |
Version: 1.1.0
Check: LazyData
Result: NOTE
'LazyData' is specified without a 'data' directory
Flavors: r-devel-linux-x86_64-debian-clang, r-devel-linux-x86_64-debian-gcc, r-devel-linux-x86_64-fedora-clang, r-devel-linux-x86_64-fedora-gcc, r-patched-linux-x86_64, r-release-linux-x86_64, r-release-macos-arm64, r-release-macos-x86_64, r-release-windows-x86_64, r-oldrel-macos-arm64, r-oldrel-macos-x86_64, r-oldrel-windows-ix86+x86_64