CRAN Package Check Results for Package cyclocomp

Last updated on 2022-06-26 03:49:58 CEST.

Flavor Version Tinstall Tcheck Ttotal Status Flags
r-devel-linux-x86_64-debian-clang 1.1.0 2.94 33.90 36.84 NOTE
r-devel-linux-x86_64-debian-gcc 1.1.0 2.61 26.49 29.10 NOTE
r-devel-linux-x86_64-fedora-clang 1.1.0 55.74 NOTE
r-devel-linux-x86_64-fedora-gcc 1.1.0 54.44 NOTE
r-devel-windows-x86_64 1.1.0 16.00 64.00 80.00 NOTE
r-patched-linux-x86_64 1.1.0 2.79 32.86 35.65 NOTE
r-release-linux-x86_64 1.1.0 2.71 33.18 35.89 NOTE
r-release-macos-arm64 1.1.0 20.00 NOTE
r-release-macos-x86_64 1.1.0 26.00 NOTE
r-release-windows-x86_64 1.1.0 17.00 62.00 79.00 NOTE
r-oldrel-macos-arm64 1.1.0 25.00 NOTE
r-oldrel-macos-x86_64 1.1.0 35.00 NOTE
r-oldrel-windows-ix86+x86_64 1.1.0 8.00 54.00 62.00 NOTE

Check Details

Version: 1.1.0
Check: LazyData
Result: NOTE
     'LazyData' is specified without a 'data' directory
Flavors: r-devel-linux-x86_64-debian-clang, r-devel-linux-x86_64-debian-gcc, r-devel-linux-x86_64-fedora-clang, r-devel-linux-x86_64-fedora-gcc, r-devel-windows-x86_64, r-patched-linux-x86_64, r-release-linux-x86_64, r-release-macos-arm64, r-release-macos-x86_64, r-release-windows-x86_64, r-oldrel-macos-arm64, r-oldrel-macos-x86_64, r-oldrel-windows-ix86+x86_64