CRAN Package Check Results for Package cylcop

Last updated on 2021-11-27 14:51:17 CET.

Flavor Version Tinstall Tcheck Ttotal Status Flags
r-devel-linux-x86_64-debian-clang 0.1.0 OK
r-devel-linux-x86_64-debian-gcc 0.1.0 15.86 141.77 157.63 OK
r-devel-linux-x86_64-fedora-clang 0.1.0 258.90 NOTE
r-devel-linux-x86_64-fedora-gcc 0.1.0 247.13 NOTE
r-devel-windows-x86_64-new-UL 0.1.0 40.00 247.00 287.00 OK
r-devel-windows-x86_64-new-TK 0.1.0 NOTE
r-devel-windows-x86_64-old 0.1.0 27.00 186.00 213.00 OK
r-patched-linux-x86_64 0.1.0 24.78 178.86 203.64 OK
r-patched-solaris-x86 0.1.0 326.80 NOTE
r-release-linux-x86_64 0.1.0 OK
r-release-macos-arm64 0.1.0 NOTE
r-release-macos-x86_64 0.1.0 NOTE
r-release-windows-ix86+x86_64 0.1.0 49.00 222.00 271.00 OK
r-oldrel-macos-x86_64 0.1.0 ERROR
r-oldrel-windows-ix86+x86_64 0.1.0 47.00 216.00 263.00 OK

Check Details

Version: 0.1.0
Check: dependencies in R code
Result: NOTE
    Namespace in Imports field not imported from: ‘mvtnorm’
     All declared Imports should be used.
Flavors: r-devel-linux-x86_64-fedora-clang, r-devel-linux-x86_64-fedora-gcc, r-devel-windows-x86_64-new-TK, r-patched-solaris-x86, r-release-macos-arm64, r-release-macos-x86_64, r-oldrel-macos-x86_64

Version: 0.1.0
Check: examples
Result: ERROR
    Running examples in ‘cylcop-Ex.R’ failed
    The error most likely occurred in:
    
    > ### Name: Cylcop
    > ### Title: Distribution, Density, and Random Number Generation for
    > ### Circular-Linear Copulas'
    > ### Aliases: Cylcop rcylcop pcylcop dcylcop dcylcop,matrix,Copula-method
    > ### rcylcop,numeric,Copula-method pcylcop,matrix,Copula-method
    > ### rcylcop,numeric,cyl_cubsec-method dcylcop,matrix,cyl_cubsec-method
    > ### pcylcop,matrix,cyl_cubsec-method rcylcop,numeric,cyl_quadsec-method
    > ### dcylcop,matrix,cyl_quadsec-method pcylcop,matrix,cyl_quadsec-method
    > ### rcylcop,numeric,cyl_rect_combine-method
    > ### dcylcop,matrix,cyl_rect_combine-method
    > ### pcylcop,matrix,cyl_rect_combine-method
    > ### rcylcop,numeric,cyl_rot_combine-method
    > ### dcylcop,matrix,cyl_rot_combine-method
    > ### pcylcop,matrix,cyl_rot_combine-method
    > ### rcylcop,numeric,cyl_vonmises-method
    > ### dcylcop,matrix,cyl_vonmises-method pcylcop,matrix,cyl_vonmises-method
    >
    > ### ** Examples
    >
    > set.seed(123)
    >
    > cop <- cyl_quadsec(0.1)
    > rcylcop(5, cop)
     u v
    [1,] 0.2875775 0.05292327
    [2,] 0.7883051 0.49067679
    [3,] 0.4089769 0.92780722
    [4,] 0.8830174 0.43677419
    [5,] 0.9404673 0.32774987
    > pcylcop(c(0.3, 0.1), cop)
    [1] 0.03855951
    > pcylcop(rbind(c(0.3, 0.1), c(0.2, 1)), cop)
    [1] 0.03855951 0.20000000
    >
    > cop <- cyl_rot_combine(copula::frankCopula(2), shift = TRUE)
    Frank copula made periodic in u, by taking arithmetic mean with 90 degree rotated Frank copula
    
    > dcylcop(u = rbind(c(0.1, 0.4), c(1.0, 0.2)), copula = cop)
    Error in validObject(.Object) :
     invalid class “mixWeights” object: superclass "Mnumeric" not defined in the environment of the object's class
    Calls: dcylcop ... asMethod -> new -> initialize -> initialize -> validObject
    Execution halted
Flavor: r-oldrel-macos-x86_64