CRAN Package Check Results for Package cyphid

Last updated on 2015-05-23 09:48:20.

Flavor Version Tinstall Tcheck Ttotal Status Flags
r-devel-linux-x86_64-debian-clang 1.1 3.18 37.39 40.57 NOTE
r-devel-linux-x86_64-debian-gcc 1.1 2.48 37.70 40.17 NOTE
r-devel-linux-x86_64-fedora-clang 1.1 81.52 NOTE
r-devel-linux-x86_64-fedora-gcc 1.1 81.78 NOTE
r-devel-osx-x86_64-clang 1.1 69.21 NOTE
r-devel-windows-ix86+x86_64 1.1 7.00 58.00 65.00 NOTE
r-patched-linux-x86_64 1.1 2.52 36.24 38.77 NOTE
r-patched-solaris-sparc 1.1 508.70 NOTE
r-patched-solaris-x86 1.1 107.20 NOTE
r-release-linux-x86_64 1.1 2.55 36.38 38.93 NOTE
r-release-osx-x86_64-mavericks 1.1 NOTE
r-release-osx-x86_64-snowleopard 1.1 ERROR
r-release-windows-ix86+x86_64 1.1 8.00 65.00 73.00 NOTE
r-oldrel-windows-ix86+x86_64 1.1 9.00 68.00 77.00 NOTE

Check Details

Version: 1.1
Check: dependencies in R code
Result: NOTE
    Package in Depends field not imported from: ‘fda’
     These packages need to be imported from (in the NAMESPACE file)
     for when this namespace is loaded but not attached.
Flavors: r-devel-linux-x86_64-debian-clang, r-devel-linux-x86_64-debian-gcc, r-devel-linux-x86_64-fedora-clang, r-devel-linux-x86_64-fedora-gcc, r-devel-osx-x86_64-clang, r-devel-windows-ix86+x86_64, r-patched-linux-x86_64, r-patched-solaris-sparc, r-patched-solaris-x86, r-release-linux-x86_64, r-release-osx-x86_64-mavericks, r-release-windows-ix86+x86_64, r-oldrel-windows-ix86+x86_64

Version: 1.1
Check: R code for possible problems
Result: NOTE
    get.trans: no visible global function definition for
     ‘create.bspline.basis’
    get.trans: no visible global function definition for ‘smooth.basis’
    get.trans: no visible global function definition for ‘deriv.fd’
    get.trans: no visible global function definition for ‘eval.fd’
Flavors: r-devel-linux-x86_64-debian-clang, r-devel-linux-x86_64-debian-gcc, r-devel-linux-x86_64-fedora-clang, r-devel-linux-x86_64-fedora-gcc, r-devel-osx-x86_64-clang, r-devel-windows-ix86+x86_64, r-patched-linux-x86_64, r-patched-solaris-sparc, r-patched-solaris-x86, r-release-linux-x86_64, r-release-osx-x86_64-mavericks, r-release-windows-ix86+x86_64, r-oldrel-windows-ix86+x86_64

Version: 1.1
Check: package dependencies
Result: ERROR
    Package required but not available: ‘fda’
    
    See section ‘The DESCRIPTION file’ in the ‘Writing R Extensions’
    manual.
Flavor: r-release-osx-x86_64-snowleopard