CRAN Package Check Results for Package cyphid

Last updated on 2016-12-11 03:47:12.

Flavor Version Tinstall Tcheck Ttotal Status Flags
r-devel-linux-x86_64-debian-clang 1.1 2.47 35.13 37.60 NOTE
r-devel-linux-x86_64-debian-gcc 1.1 2.28 34.38 36.65 NOTE
r-devel-linux-x86_64-fedora-clang 1.1 82.78 NOTE --no-stop-on-test-error
r-devel-linux-x86_64-fedora-gcc 1.1 81.88 NOTE --no-stop-on-test-error
r-devel-macos-x86_64-clang 1.1 61.68 NOTE --no-stop-on-test-error
r-devel-windows-ix86+x86_64 1.1 7.00 60.00 67.00 NOTE
r-patched-linux-x86_64 1.1 2.10 32.66 34.75 NOTE
r-patched-solaris-sparc 1.1 459.40 NOTE
r-patched-solaris-x86 1.1 91.70 NOTE
r-release-linux-x86_64 1.1 2.14 32.48 34.61 NOTE
r-release-osx-x86_64-mavericks 1.1 NOTE
r-release-windows-ix86+x86_64 1.1 8.00 64.00 72.00 NOTE
r-oldrel-windows-ix86+x86_64 1.1 8.00 61.00 69.00 NOTE

Check Details

Version: 1.1
Check: dependencies in R code
Result: NOTE
    Package in Depends field not imported from: ‘fda’
     These packages need to be imported from (in the NAMESPACE file)
     for when this namespace is loaded but not attached.
Flavors: r-devel-linux-x86_64-debian-clang, r-devel-linux-x86_64-debian-gcc, r-devel-windows-ix86+x86_64, r-patched-linux-x86_64, r-patched-solaris-sparc, r-patched-solaris-x86, r-release-linux-x86_64, r-release-osx-x86_64-mavericks, r-release-windows-ix86+x86_64, r-oldrel-windows-ix86+x86_64

Version: 1.1
Check: R code for possible problems
Result: NOTE
    check.for.sequence.endpoint.breaks: no visible global function
     definition for ‘na.omit’
    get.breaks.vector: no visible global function definition for ‘na.omit’
    get.cycle.breaks: no visible global function definition for ‘na.omit’
    get.cycle.counts: no visible global function definition for ‘na.omit’
    get.cycle.matrix: no visible global function definition for ‘na.omit’
    get.cycle.minimums: no visible global function definition for ‘na.omit’
    get.peaks: no visible global function definition for ‘embed’
    get.trans: no visible global function definition for
     ‘create.bspline.basis’
    get.trans: no visible global function definition for ‘smooth.basis’
    get.trans: no visible global function definition for ‘deriv.fd’
    get.trans: no visible global function definition for ‘eval.fd’
    get.transition.locations: no visible global function definition for
     ‘na.omit’
    get.transition.locations.FDiff: no visible global function definition
     for ‘na.omit’
    get.window: no visible global function definition for ‘sd’
    Undefined global functions or variables:
     create.bspline.basis deriv.fd embed eval.fd na.omit sd smooth.basis
    Consider adding
     importFrom("stats", "embed", "na.omit", "sd")
    to your NAMESPACE file.
Flavors: r-devel-linux-x86_64-debian-clang, r-devel-linux-x86_64-debian-gcc, r-devel-windows-ix86+x86_64, r-patched-linux-x86_64, r-patched-solaris-sparc, r-patched-solaris-x86, r-release-linux-x86_64, r-release-osx-x86_64-mavericks, r-release-windows-ix86+x86_64

Version: 1.1
Flags: --no-stop-on-test-error
Check: dependencies in R code
Result: NOTE
    Package in Depends field not imported from: ‘fda’
     These packages need to be imported from (in the NAMESPACE file)
     for when this namespace is loaded but not attached.
Flavors: r-devel-linux-x86_64-fedora-clang, r-devel-linux-x86_64-fedora-gcc, r-devel-macos-x86_64-clang

Version: 1.1
Flags: --no-stop-on-test-error
Check: R code for possible problems
Result: NOTE
    check.for.sequence.endpoint.breaks: no visible global function
     definition for ‘na.omit’
    get.breaks.vector: no visible global function definition for ‘na.omit’
    get.cycle.breaks: no visible global function definition for ‘na.omit’
    get.cycle.counts: no visible global function definition for ‘na.omit’
    get.cycle.matrix: no visible global function definition for ‘na.omit’
    get.cycle.minimums: no visible global function definition for ‘na.omit’
    get.peaks: no visible global function definition for ‘embed’
    get.trans: no visible global function definition for
     ‘create.bspline.basis’
    get.trans: no visible global function definition for ‘smooth.basis’
    get.trans: no visible global function definition for ‘deriv.fd’
    get.trans: no visible global function definition for ‘eval.fd’
    get.transition.locations: no visible global function definition for
     ‘na.omit’
    get.transition.locations.FDiff: no visible global function definition
     for ‘na.omit’
    get.window: no visible global function definition for ‘sd’
    Undefined global functions or variables:
     create.bspline.basis deriv.fd embed eval.fd na.omit sd smooth.basis
    Consider adding
     importFrom("stats", "embed", "na.omit", "sd")
    to your NAMESPACE file.
Flavors: r-devel-linux-x86_64-fedora-clang, r-devel-linux-x86_64-fedora-gcc, r-devel-macos-x86_64-clang

Version: 1.1
Check: R code for possible problems
Result: NOTE
    get.trans: no visible global function definition for
     'create.bspline.basis'
    get.trans: no visible global function definition for 'smooth.basis'
    get.trans: no visible global function definition for 'deriv.fd'
    get.trans: no visible global function definition for 'eval.fd'
Flavor: r-oldrel-windows-ix86+x86_64