CRAN Package Check Results for Package cyphid

Last updated on 2014-07-23 11:49:37.

Flavor Version Tinstall Tcheck Ttotal Status Flags
r-devel-linux-x86_64-debian-clang 1.1 3.40 45.02 48.41 NOTE
r-devel-linux-x86_64-debian-gcc 1.1 3.31 44.29 47.60 NOTE
r-devel-linux-x86_64-fedora-clang 1.1 115.04 NOTE
r-devel-linux-x86_64-fedora-gcc 1.1 108.51 NOTE
r-devel-osx-x86_64-clang 1.1 88.26 NOTE
r-devel-windows-ix86+x86_64 1.1 8.00 68.00 76.00 NOTE
r-patched-linux-x86_64 1.1 3.38 44.77 48.16 NOTE
r-patched-solaris-sparc 1.1 622.80 NOTE
r-patched-solaris-x86 1.1 141.30 NOTE
r-release-linux-ix86 1.1 3.92 57.71 61.63 NOTE
r-release-linux-x86_64 1.1 3.43 47.02 50.45 NOTE
r-release-osx-x86_64-mavericks 1.1 NOTE
r-release-osx-x86_64-snowleopard 1.1 OK
r-release-windows-ix86+x86_64 1.1 8.00 69.00 77.00 NOTE
r-oldrel-windows-ix86+x86_64 1.1 7.00 64.00 71.00 NOTE

Check Details

Version: 1.1
Check: dependencies in R code
Result: NOTE
    Package in Depends field not imported from: ‘fda’
     These packages need to be imported from (in the NAMESPACE file)
     for when this namespace is loaded but not attached.
    See the information on DESCRIPTION files in the chapter ‘Creating R
    packages’ of the ‘Writing R Extensions’ manual.
Flavors: r-devel-linux-x86_64-debian-clang, r-devel-linux-x86_64-debian-gcc, r-devel-linux-x86_64-fedora-clang, r-devel-linux-x86_64-fedora-gcc, r-devel-osx-x86_64-clang, r-devel-windows-ix86+x86_64, r-patched-linux-x86_64, r-patched-solaris-sparc, r-patched-solaris-x86, r-release-linux-ix86, r-release-linux-x86_64, r-release-osx-x86_64-mavericks, r-release-windows-ix86+x86_64, r-oldrel-windows-ix86+x86_64