CRAN Package Check Results for Package cyphid

Last updated on 2015-01-26 22:47:28.

Flavor Version Tinstall Tcheck Ttotal Status Flags
r-devel-linux-x86_64-debian-clang 1.1 3.08 41.03 44.11 NOTE
r-devel-linux-x86_64-debian-gcc 1.1 2.90 38.75 41.64 NOTE
r-devel-linux-x86_64-fedora-clang 1.1 107.25 NOTE
r-devel-linux-x86_64-fedora-gcc 1.1 103.50 NOTE
r-devel-osx-x86_64-clang 1.1 86.29 NOTE
r-devel-windows-ix86+x86_64 1.1 11.00 63.00 74.00 NOTE
r-patched-linux-x86_64 1.1 4.28 44.18 48.46 NOTE
r-patched-solaris-sparc 1.1 618.60 NOTE
r-patched-solaris-x86 1.1 136.30 NOTE
r-release-linux-ix86 1.1 3.77 53.84 57.61 NOTE
r-release-linux-x86_64 1.1 3.23 44.80 48.04 NOTE
r-release-osx-x86_64-mavericks 1.1 NOTE
r-release-osx-x86_64-snowleopard 1.1 OK
r-release-windows-ix86+x86_64 1.1 9.00 69.00 78.00 NOTE
r-oldrel-windows-ix86+x86_64 1.1 13.00 65.00 78.00 NOTE

Check Details

Version: 1.1
Check: dependencies in R code
Result: NOTE
    Package in Depends field not imported from: ‘fda’
     These packages need to be imported from (in the NAMESPACE file)
     for when this namespace is loaded but not attached.
Flavors: r-devel-linux-x86_64-debian-clang, r-devel-linux-x86_64-debian-gcc, r-devel-linux-x86_64-fedora-clang, r-devel-linux-x86_64-fedora-gcc, r-devel-osx-x86_64-clang, r-devel-windows-ix86+x86_64

Version: 1.1
Check: R code for possible problems
Result: NOTE
    get.trans: no visible global function definition for
     ‘create.bspline.basis’
    get.trans: no visible global function definition for ‘smooth.basis’
    get.trans: no visible global function definition for ‘deriv.fd’
    get.trans: no visible global function definition for ‘eval.fd’
Flavors: r-devel-linux-x86_64-debian-clang, r-devel-linux-x86_64-debian-gcc, r-devel-linux-x86_64-fedora-clang, r-devel-linux-x86_64-fedora-gcc, r-devel-osx-x86_64-clang, r-devel-windows-ix86+x86_64, r-patched-linux-x86_64, r-patched-solaris-sparc, r-patched-solaris-x86, r-release-linux-ix86, r-release-linux-x86_64, r-release-osx-x86_64-mavericks, r-release-windows-ix86+x86_64

Version: 1.1
Check: dependencies in R code
Result: NOTE
    Package in Depends field not imported from: ‘fda’
     These packages need to be imported from (in the NAMESPACE file)
     for when this namespace is loaded but not attached.
    See the information on DESCRIPTION files in the chapter ‘Creating R
    packages’ of the ‘Writing R Extensions’ manual.
Flavors: r-patched-linux-x86_64, r-patched-solaris-sparc, r-patched-solaris-x86, r-release-linux-ix86, r-release-linux-x86_64, r-release-osx-x86_64-mavericks, r-release-windows-ix86+x86_64, r-oldrel-windows-ix86+x86_64