CRAN Package Check Results for Package cyphid

Last updated on 2015-08-30 23:47:36.

Flavor Version Tinstall Tcheck Ttotal Status Flags
r-devel-linux-x86_64-debian-clang 1.1 2.67 35.44 38.11 NOTE
r-devel-linux-x86_64-debian-gcc 1.1 3.35 35.17 38.52 NOTE
r-devel-linux-x86_64-fedora-clang 1.1 78.04 NOTE
r-devel-linux-x86_64-fedora-gcc 1.1 74.87 NOTE
r-devel-osx-x86_64-clang 1.1 66.62 NOTE
r-devel-windows-ix86+x86_64 1.1 12.00 65.00 77.00 NOTE
r-patched-linux-x86_64 1.1 2.59 36.14 38.74 NOTE
r-patched-solaris-sparc 1.1 502.20 NOTE
r-patched-solaris-x86 1.1 104.50 NOTE
r-release-linux-x86_64 1.1 2.55 35.85 38.40 NOTE
r-release-osx-x86_64-mavericks 1.1 NOTE
r-release-windows-ix86+x86_64 1.1 9.00 67.00 76.00 NOTE
r-oldrel-windows-ix86+x86_64 1.1 13.00 95.00 108.00 NOTE

Check Details

Version: 1.1
Check: dependencies in R code
Result: NOTE
    Package in Depends field not imported from: ‘fda’
     These packages need to be imported from (in the NAMESPACE file)
     for when this namespace is loaded but not attached.
Flavors: r-devel-linux-x86_64-debian-clang, r-devel-linux-x86_64-debian-gcc, r-devel-linux-x86_64-fedora-clang, r-devel-linux-x86_64-fedora-gcc, r-devel-osx-x86_64-clang, r-devel-windows-ix86+x86_64, r-patched-linux-x86_64, r-patched-solaris-sparc, r-patched-solaris-x86, r-release-linux-x86_64, r-release-osx-x86_64-mavericks, r-release-windows-ix86+x86_64, r-oldrel-windows-ix86+x86_64

Version: 1.1
Check: R code for possible problems
Result: NOTE
    check.for.sequence.endpoint.breaks: no visible global function
     definition for ‘na.omit’
    get.breaks.vector: no visible global function definition for ‘na.omit’
    get.cycle.breaks: no visible global function definition for ‘na.omit’
    get.cycle.counts: no visible global function definition for ‘na.omit’
    get.cycle.matrix: no visible global function definition for ‘na.omit’
    get.cycle.minimums: no visible global function definition for ‘na.omit’
    get.peaks: no visible global function definition for ‘embed’
    get.trans: no visible global function definition for
     ‘create.bspline.basis’
    get.trans: no visible global function definition for ‘smooth.basis’
    get.trans: no visible global function definition for ‘deriv.fd’
    get.trans: no visible global function definition for ‘eval.fd’
    get.transition.locations: no visible global function definition for
     ‘na.omit’
    get.transition.locations.FDiff: no visible global function definition
     for ‘na.omit’
    get.window: no visible global function definition for ‘sd’
    Undefined global functions or variables:
     create.bspline.basis deriv.fd embed eval.fd na.omit sd smooth.basis
    Consider adding
     importFrom("stats", "embed", "na.omit", "sd")
    to your NAMESPACE.
Flavors: r-devel-linux-x86_64-debian-clang, r-devel-linux-x86_64-debian-gcc, r-devel-linux-x86_64-fedora-clang, r-devel-linux-x86_64-fedora-gcc, r-devel-windows-ix86+x86_64

Version: 1.1
Check: R code for possible problems
Result: NOTE
    get.trans: no visible global function definition for
     ‘create.bspline.basis’
    get.trans: no visible global function definition for ‘smooth.basis’
    get.trans: no visible global function definition for ‘deriv.fd’
    get.trans: no visible global function definition for ‘eval.fd’
    Undefined global functions or variables:
     create.bspline.basis deriv.fd eval.fd smooth.basis
Flavor: r-devel-osx-x86_64-clang

Version: 1.1
Check: R code for possible problems
Result: NOTE
    get.trans: no visible global function definition for
     ‘create.bspline.basis’
    get.trans: no visible global function definition for ‘smooth.basis’
    get.trans: no visible global function definition for ‘deriv.fd’
    get.trans: no visible global function definition for ‘eval.fd’
Flavors: r-patched-linux-x86_64, r-patched-solaris-sparc, r-patched-solaris-x86, r-release-linux-x86_64, r-release-osx-x86_64-mavericks, r-release-windows-ix86+x86_64, r-oldrel-windows-ix86+x86_64