CRAN Package Check Results for Package cyphid

Last updated on 2014-09-24 03:48:52.

Flavor Version Tinstall Tcheck Ttotal Status Flags
r-devel-linux-x86_64-debian-clang 1.1 3.16 42.50 45.66 NOTE
r-devel-linux-x86_64-debian-gcc 1.1 3.04 45.33 48.37 NOTE
r-devel-linux-x86_64-fedora-clang 1.1 109.02 NOTE
r-devel-linux-x86_64-fedora-gcc 1.1 102.01 NOTE
r-devel-osx-x86_64-clang 1.1 85.21 NOTE
r-devel-windows-ix86+x86_64 1.1 8.00 66.00 74.00 NOTE
r-patched-linux-x86_64 1.1 3.49 46.26 49.75 NOTE
r-patched-solaris-sparc 1.1 640.90 NOTE
r-patched-solaris-x86 1.1 144.50 NOTE
r-release-linux-ix86 1.1 3.98 58.10 62.08 NOTE
r-release-linux-x86_64 1.1 3.50 48.50 51.99 NOTE
r-release-osx-x86_64-mavericks 1.1 NOTE
r-release-osx-x86_64-snowleopard 1.1 OK
r-release-windows-ix86+x86_64 1.1 9.00 70.00 79.00 NOTE
r-oldrel-windows-ix86+x86_64 1.1 9.00 65.00 74.00 NOTE

Check Details

Version: 1.1
Check: dependencies in R code
Result: NOTE
    Package in Depends field not imported from: ‘fda’
     These packages need to be imported from (in the NAMESPACE file)
     for when this namespace is loaded but not attached.
    See the information on DESCRIPTION files in the chapter ‘Creating R
    packages’ of the ‘Writing R Extensions’ manual.
Flavors: r-devel-linux-x86_64-debian-clang, r-devel-linux-x86_64-debian-gcc, r-devel-linux-x86_64-fedora-clang, r-devel-linux-x86_64-fedora-gcc, r-devel-osx-x86_64-clang, r-devel-windows-ix86+x86_64, r-patched-linux-x86_64, r-patched-solaris-sparc, r-patched-solaris-x86, r-release-linux-ix86, r-release-linux-x86_64, r-release-osx-x86_64-mavericks, r-release-windows-ix86+x86_64, r-oldrel-windows-ix86+x86_64

Version: 1.1
Check: R code for possible problems
Result: NOTE
    get.trans: no visible global function definition for
     ‘create.bspline.basis’
    get.trans: no visible global function definition for ‘smooth.basis’
    get.trans: no visible global function definition for ‘deriv.fd’
    get.trans: no visible global function definition for ‘eval.fd’
Flavors: r-devel-linux-x86_64-debian-clang, r-devel-linux-x86_64-debian-gcc, r-devel-linux-x86_64-fedora-clang, r-devel-linux-x86_64-fedora-gcc, r-devel-osx-x86_64-clang, r-devel-windows-ix86+x86_64