CRAN Package Check Results for Package cyphid

Last updated on 2016-07-28 06:47:15.

Flavor Version Tinstall Tcheck Ttotal Status Flags
r-devel-linux-x86_64-debian-clang 1.1 3.62 43.57 47.19 NOTE
r-devel-linux-x86_64-debian-gcc 1.1 2.89 42.39 45.28 NOTE
r-devel-linux-x86_64-fedora-clang 1.1 73.79 NOTE
r-devel-linux-x86_64-fedora-gcc 1.1 69.65 NOTE
r-devel-osx-x86_64-clang 1.1 58.88 NOTE
r-devel-windows-ix86+x86_64 1.1 8.00 86.00 94.00 NOTE
r-patched-linux-x86_64 1.1 2.98 40.39 43.36 NOTE
r-patched-solaris-sparc 1.1 459.40 NOTE
r-patched-solaris-x86 1.1 94.70 NOTE
r-release-linux-x86_64 1.1 2.96 43.50 46.46 NOTE
r-release-osx-x86_64-mavericks 1.1 NOTE
r-release-windows-ix86+x86_64 1.1 8.00 85.00 93.00 NOTE
r-oldrel-windows-ix86+x86_64 1.1 9.00 86.00 95.00 NOTE

Check Details

Version: 1.1
Check: dependencies in R code
Result: NOTE
    Package in Depends field not imported from: ‘fda’
     These packages need to be imported from (in the NAMESPACE file)
     for when this namespace is loaded but not attached.
Flavors: r-devel-linux-x86_64-debian-clang, r-devel-linux-x86_64-debian-gcc, r-devel-linux-x86_64-fedora-clang, r-devel-linux-x86_64-fedora-gcc, r-devel-osx-x86_64-clang, r-devel-windows-ix86+x86_64, r-patched-linux-x86_64, r-patched-solaris-sparc, r-patched-solaris-x86, r-release-linux-x86_64, r-release-osx-x86_64-mavericks, r-release-windows-ix86+x86_64, r-oldrel-windows-ix86+x86_64

Version: 1.1
Check: R code for possible problems
Result: NOTE
    check.for.sequence.endpoint.breaks: no visible global function
     definition for ‘na.omit’
    get.breaks.vector: no visible global function definition for ‘na.omit’
    get.cycle.breaks: no visible global function definition for ‘na.omit’
    get.cycle.counts: no visible global function definition for ‘na.omit’
    get.cycle.matrix: no visible global function definition for ‘na.omit’
    get.cycle.minimums: no visible global function definition for ‘na.omit’
    get.peaks: no visible global function definition for ‘embed’
    get.trans: no visible global function definition for
     ‘create.bspline.basis’
    get.trans: no visible global function definition for ‘smooth.basis’
    get.trans: no visible global function definition for ‘deriv.fd’
    get.trans: no visible global function definition for ‘eval.fd’
    get.transition.locations: no visible global function definition for
     ‘na.omit’
    get.transition.locations.FDiff: no visible global function definition
     for ‘na.omit’
    get.window: no visible global function definition for ‘sd’
    Undefined global functions or variables:
     create.bspline.basis deriv.fd embed eval.fd na.omit sd smooth.basis
    Consider adding
     importFrom("stats", "embed", "na.omit", "sd")
    to your NAMESPACE file.
Flavors: r-devel-linux-x86_64-debian-clang, r-devel-linux-x86_64-debian-gcc, r-devel-linux-x86_64-fedora-clang, r-devel-linux-x86_64-fedora-gcc, r-devel-osx-x86_64-clang, r-devel-windows-ix86+x86_64, r-patched-linux-x86_64, r-patched-solaris-sparc, r-patched-solaris-x86, r-release-linux-x86_64, r-release-osx-x86_64-mavericks, r-release-windows-ix86+x86_64

Version: 1.1
Check: R code for possible problems
Result: NOTE
    get.trans: no visible global function definition for
     'create.bspline.basis'
    get.trans: no visible global function definition for 'smooth.basis'
    get.trans: no visible global function definition for 'deriv.fd'
    get.trans: no visible global function definition for 'eval.fd'
Flavor: r-oldrel-windows-ix86+x86_64