CRAN Package Check Results for Package cyphid

Last updated on 2014-08-28 00:46:58.

Flavor Version Tinstall Tcheck Ttotal Status Flags
r-devel-linux-x86_64-debian-clang 1.1 3.18 42.91 46.09 NOTE
r-devel-linux-x86_64-debian-gcc 1.1 3.10 41.76 44.86 NOTE
r-devel-linux-x86_64-fedora-clang 1.1 108.85 NOTE
r-devel-linux-x86_64-fedora-gcc 1.1 104.80 NOTE
r-devel-osx-x86_64-clang 1.1 87.52 NOTE
r-devel-windows-ix86+x86_64 1.1 10.00 59.00 69.00 NOTE
r-patched-linux-x86_64 1.1 3.38 46.01 49.39 NOTE
r-patched-solaris-sparc 1.1 640.90 NOTE
r-patched-solaris-x86 1.1 145.00 NOTE
r-release-linux-ix86 1.1 3.95 61.40 65.35 NOTE
r-release-linux-x86_64 1.1 3.30 45.97 49.28 NOTE
r-release-osx-x86_64-mavericks 1.1 NOTE
r-release-osx-x86_64-snowleopard 1.1 OK
r-release-windows-ix86+x86_64 1.1 8.00 67.00 75.00 NOTE
r-oldrel-windows-ix86+x86_64 1.1 7.00 65.00 72.00 NOTE

Check Details

Version: 1.1
Check: dependencies in R code
Result: NOTE
    Package in Depends field not imported from: ‘fda’
     These packages need to be imported from (in the NAMESPACE file)
     for when this namespace is loaded but not attached.
    See the information on DESCRIPTION files in the chapter ‘Creating R
    packages’ of the ‘Writing R Extensions’ manual.
Flavors: r-devel-linux-x86_64-debian-clang, r-devel-linux-x86_64-debian-gcc, r-devel-linux-x86_64-fedora-clang, r-devel-linux-x86_64-fedora-gcc, r-devel-osx-x86_64-clang, r-devel-windows-ix86+x86_64, r-patched-linux-x86_64, r-patched-solaris-sparc, r-patched-solaris-x86, r-release-linux-ix86, r-release-linux-x86_64, r-release-osx-x86_64-mavericks, r-release-windows-ix86+x86_64, r-oldrel-windows-ix86+x86_64

Version: 1.1
Check: R code for possible problems
Result: NOTE
    get.trans: no visible global function definition for
     ‘create.bspline.basis’
    get.trans: no visible global function definition for ‘smooth.basis’
    get.trans: no visible global function definition for ‘deriv.fd’
    get.trans: no visible global function definition for ‘eval.fd’
Flavors: r-devel-linux-x86_64-debian-clang, r-devel-linux-x86_64-debian-gcc, r-devel-linux-x86_64-fedora-clang, r-devel-linux-x86_64-fedora-gcc, r-devel-osx-x86_64-clang, r-devel-windows-ix86+x86_64