CRAN Package Check Results for Package cytoDiv

Last updated on 2018-01-18 13:50:55 CET.

Flavor Version Tinstall Tcheck Ttotal Status Flags
r-devel-linux-x86_64-debian-clang 0.5-3 0.91 16.44 17.35 NOTE
r-devel-linux-x86_64-debian-gcc 0.5-3 0.81 14.34 15.15 NOTE
r-devel-linux-x86_64-fedora-clang 0.5-3 22.15 NOTE
r-devel-linux-x86_64-fedora-gcc 0.5-3 21.68 NOTE
r-devel-windows-ix86+x86_64 0.5-3 6.00 48.00 54.00 NOTE
r-patched-linux-x86_64 0.5-3 0.89 17.19 18.08 NOTE
r-patched-solaris-x86 0.5-3 34.70 NOTE
r-release-linux-x86_64 0.5-3 1.07 16.67 17.74 NOTE
r-release-windows-ix86+x86_64 0.5-3 4.00 41.00 45.00 NOTE
r-release-osx-x86_64 0.5-3 NOTE
r-oldrel-windows-ix86+x86_64 0.5-3 6.00 35.00 41.00 NOTE
r-oldrel-osx-x86_64 0.5-3 NOTE

Check Details

Version: 0.5-3
Check: DESCRIPTION meta-information
Result: NOTE
    Malformed Description field: should contain one or more complete sentences.
Flavors: r-devel-linux-x86_64-debian-clang, r-devel-linux-x86_64-debian-gcc, r-devel-linux-x86_64-fedora-clang, r-devel-linux-x86_64-fedora-gcc, r-devel-windows-ix86+x86_64, r-patched-linux-x86_64, r-patched-solaris-x86, r-release-linux-x86_64, r-release-windows-ix86+x86_64, r-release-osx-x86_64, r-oldrel-windows-ix86+x86_64, r-oldrel-osx-x86_64

Version: 0.5-3
Check: R code for possible problems
Result: NOTE
    cytoDiv: no visible global function definition for ‘colorRampPalette’
    cytoDiv: no visible global function definition for ‘persp’
    Undefined global functions or variables:
     colorRampPalette persp
    Consider adding
     importFrom("grDevices", "colorRampPalette")
     importFrom("graphics", "persp")
    to your NAMESPACE file.
Flavors: r-devel-linux-x86_64-debian-clang, r-devel-linux-x86_64-debian-gcc, r-devel-linux-x86_64-fedora-clang, r-devel-linux-x86_64-fedora-gcc, r-devel-windows-ix86+x86_64, r-patched-linux-x86_64, r-patched-solaris-x86, r-release-linux-x86_64, r-release-windows-ix86+x86_64, r-release-osx-x86_64, r-oldrel-windows-ix86+x86_64, r-oldrel-osx-x86_64

Version: 0.5-3
Check: Rd line widths
Result: NOTE
    Rd file 'cytoDiv.Rd':
     \usage lines wider than 90 characters:
     cytoDiv(df, x.var="fsc_small", y.var="chl_small", Ncat = 16, Nbit = 16, do.plot=FALSE, ...)
     \examples lines wider than 100 characters:
     rainbow.cols <- colorRampPalette(c("#00007F", "blue", "#007FFF", "cyan", "#7FFF7F", "yellow","#FF7F00", "red", "#7F0000"))
     plot(cleaned.df[,2], cleaned.df[,3], col= densCols(cleaned.df[,2], cleaned.df[,3], colramp = rainbow.cols))
    
    These lines will be truncated in the PDF manual.
Flavors: r-devel-linux-x86_64-debian-clang, r-devel-linux-x86_64-debian-gcc, r-devel-linux-x86_64-fedora-clang, r-devel-linux-x86_64-fedora-gcc, r-patched-linux-x86_64, r-release-linux-x86_64