CRAN Package Check Results for Package cytoDiv

Last updated on 2015-04-18 10:00:07.

Flavor Version Tinstall Tcheck Ttotal Status Flags
r-devel-linux-x86_64-debian-clang 0.5-3 0.70 10.15 10.85 NOTE
r-devel-linux-x86_64-debian-gcc 0.5-3 0.69 10.18 10.87 NOTE
r-devel-linux-x86_64-fedora-clang 0.5-3 20.75 NOTE
r-devel-linux-x86_64-fedora-gcc 0.5-3 19.72 NOTE
r-devel-osx-x86_64-clang 0.5-3 23.77 NOTE
r-prerel-windows-ix86+x86_64 0.5-3 3.00 18.00 21.00 NOTE
r-prerel-linux-x86_64 0.5-3 0.68 10.82 11.50 NOTE
r-prerel-solaris-sparc 0.5-3 151.70 NOTE
r-prerel-solaris-x86 0.5-3 30.80 NOTE
r-release-linux-x86_64 0.5-3 0.69 10.06 10.75 NOTE
r-release-osx-x86_64-mavericks 0.5-3 OK
r-release-osx-x86_64-snowleopard 0.5-3 OK
r-release-windows-ix86+x86_64 0.5-3 5.00 21.00 26.00 OK
r-oldrel-windows-ix86+x86_64 0.5-3 5.00 28.00 33.00 OK

Check Details

Version: 0.5-3
Check: DESCRIPTION meta-information
Result: NOTE
    Malformed Description field: should contain one or more complete sentences.
Flavors: r-devel-linux-x86_64-debian-clang, r-devel-linux-x86_64-debian-gcc, r-devel-linux-x86_64-fedora-clang, r-devel-linux-x86_64-fedora-gcc, r-devel-osx-x86_64-clang, r-prerel-windows-ix86+x86_64, r-prerel-linux-x86_64, r-prerel-solaris-sparc, r-prerel-solaris-x86, r-release-linux-x86_64

Version: 0.5-3
Check: Rd line widths
Result: NOTE
    Rd file 'cytoDiv.Rd':
     \usage lines wider than 90 characters:
     cytoDiv(df, x.var="fsc_small", y.var="chl_small", Ncat = 16, Nbit = 16, do.plot=FALSE, ...)
     \examples lines wider than 100 characters:
     rainbow.cols <- colorRampPalette(c("#00007F", "blue", "#007FFF", "cyan", "#7FFF7F", "yellow","#FF7F00", "red", "#7F0000"))
     plot(cleaned.df[,2], cleaned.df[,3], col= densCols(cleaned.df[,2], cleaned.df[,3], colramp = rainbow.cols))
    
    These lines will be truncated in the PDF manual.
Flavors: r-devel-linux-x86_64-debian-clang, r-devel-linux-x86_64-debian-gcc, r-devel-linux-x86_64-fedora-clang, r-devel-linux-x86_64-fedora-gcc, r-prerel-linux-x86_64, r-release-linux-x86_64