CRAN Package Check Results for Package cytoDiv

Last updated on 2014-10-20 11:48:29.

Flavor Version Tinstall Tcheck Ttotal Status Flags
r-devel-linux-x86_64-debian-clang 0.5-3 0.78 11.70 12.48 NOTE
r-devel-linux-x86_64-debian-gcc 0.5-3 0.77 11.76 12.53 NOTE
r-devel-linux-x86_64-fedora-clang 0.5-3 20.36 NOTE
r-devel-linux-x86_64-fedora-gcc 0.5-3 22.73 NOTE
r-devel-osx-x86_64-clang 0.5-3 27.72 OK
r-devel-windows-ix86+x86_64 0.5-3 4.00 21.00 25.00 OK
r-patched-linux-x86_64 0.5-3 0.86 11.54 12.40 NOTE
r-patched-solaris-sparc 0.5-3 147.90 OK
r-patched-solaris-x86 0.5-3 36.20 OK
r-release-linux-ix86 0.5-3 1.19 18.79 19.98 OK
r-release-linux-x86_64 0.5-3 0.76 12.20 12.96 NOTE
r-release-osx-x86_64-mavericks 0.5-3 OK
r-release-osx-x86_64-snowleopard 0.5-3 OK
r-release-windows-ix86+x86_64 0.5-3 5.00 20.00 25.00 OK
r-oldrel-windows-ix86+x86_64 0.5-3 5.00 22.00 27.00 OK

Check Details

Version: 0.5-3
Check: Rd line widths
Result: NOTE
    Rd file 'cytoDiv.Rd':
     \usage lines wider than 90 characters:
     cytoDiv(df, x.var="fsc_small", y.var="chl_small", Ncat = 16, Nbit = 16, do.plot=FALSE, ...)
     \examples lines wider than 100 characters:
     rainbow.cols <- colorRampPalette(c("#00007F", "blue", "#007FFF", "cyan", "#7FFF7F", "yellow","#FF7F00", "red", "#7F0000"))
     plot(cleaned.df[,2], cleaned.df[,3], col= densCols(cleaned.df[,2], cleaned.df[,3], colramp = rainbow.cols))
    
    These lines will be truncated in the PDF manual.
Flavors: r-devel-linux-x86_64-debian-clang, r-devel-linux-x86_64-debian-gcc, r-devel-linux-x86_64-fedora-clang, r-devel-linux-x86_64-fedora-gcc, r-patched-linux-x86_64, r-release-linux-x86_64