CRAN Package Check Results for Package cytoDiv

Last updated on 2014-04-16 23:46:55.

Flavor Version Tinstall Tcheck Ttotal Status Flags
r-devel-linux-x86_64-debian-clang 0.5-3 0.82 11.39 12.21 OK
r-devel-linux-x86_64-debian-gcc 0.5-3 0.77 11.86 12.64 OK
r-devel-linux-x86_64-fedora-clang 0.5-3 24.62 NOTE
r-devel-linux-x86_64-fedora-gcc 0.5-3 22.76 NOTE
r-devel-macosx-x86_64-clang 0.5-3 28.90 OK
r-devel-macosx-x86_64-gcc 0.5-3 OK
r-devel-windows-ix86+x86_64 0.5-3 4.00 21.00 25.00 OK
r-patched-linux-x86_64 0.5-3 0.78 11.67 12.45 OK
r-patched-solaris-sparc 0.5-3 140.90 OK
r-patched-solaris-x86 0.5-3 36.70 OK
r-release-linux-ix86 0.5-3 2.00 27.00 29.00 OK
r-release-linux-x86_64 0.5-3 0.85 11.58 12.43 OK
r-release-macosx-x86_64 0.5-3 OK
r-release-windows-ix86+x86_64 0.5-3 4.00 20.00 24.00 OK
r-oldrel-windows-ix86+x86_64 0.5-3 4.00 23.00 27.00 OK

Check Details

Version: 0.5-3
Check: Rd line widths
Result: NOTE
    Rd file 'cytoDiv.Rd':
     \usage lines wider than 90 characters:
     cytoDiv(df, x.var="fsc_small", y.var="chl_small", Ncat = 16, Nbit = 16, do.plot=FALSE, ...)
     \examples lines wider than 100 characters:
     rainbow.cols <- colorRampPalette(c("#00007F", "blue", "#007FFF", "cyan", "#7FFF7F", "yellow","#FF7F00", "red", "#7F0000"))
     plot(cleaned.df[,2], cleaned.df[,3], col= densCols(cleaned.df[,2], cleaned.df[,3], colramp = rainbow.cols))
    
    These lines will be truncated in the PDF manual.
Flavors: r-devel-linux-x86_64-fedora-clang, r-devel-linux-x86_64-fedora-gcc