CRAN Package Check Results for Package cytoDiv

Last updated on 2015-03-03 20:48:35.

Flavor Version Tinstall Tcheck Ttotal Status Flags
r-devel-linux-x86_64-debian-clang 0.5-3 0.69 10.06 10.76 NOTE
r-devel-linux-x86_64-debian-gcc 0.5-3 0.66 10.30 10.96 NOTE
r-devel-linux-x86_64-fedora-clang 0.5-3 21.65 NOTE
r-devel-linux-x86_64-fedora-gcc 0.5-3 19.37 NOTE
r-devel-osx-x86_64-clang 0.5-3 23.82 NOTE
r-devel-windows-ix86+x86_64 0.5-3 5.00 23.00 28.00 NOTE
r-patched-linux-x86_64 0.5-3 0.84 12.11 12.95 NOTE
r-patched-solaris-sparc 0.5-3 161.90 OK
r-patched-solaris-x86 0.5-3 36.40 OK
r-release-linux-ix86 0.5-3 1.26 19.22 20.48 NOTE
r-release-linux-x86_64 0.5-3 0.86 12.37 13.23 NOTE
r-release-osx-x86_64-mavericks 0.5-3 OK
r-release-osx-x86_64-snowleopard 0.5-3 OK
r-release-windows-ix86+x86_64 0.5-3 7.00 24.00 31.00 OK
r-oldrel-windows-ix86+x86_64 0.5-3 5.00 22.00 27.00 OK

Check Details

Version: 0.5-3
Check: DESCRIPTION meta-information
Result: NOTE
    Malformed Description field: should contain one or more complete sentences.
Flavors: r-devel-linux-x86_64-debian-clang, r-devel-linux-x86_64-debian-gcc, r-devel-linux-x86_64-fedora-clang, r-devel-linux-x86_64-fedora-gcc, r-devel-osx-x86_64-clang, r-devel-windows-ix86+x86_64

Version: 0.5-3
Check: Rd line widths
Result: NOTE
    Rd file 'cytoDiv.Rd':
     \usage lines wider than 90 characters:
     cytoDiv(df, x.var="fsc_small", y.var="chl_small", Ncat = 16, Nbit = 16, do.plot=FALSE, ...)
     \examples lines wider than 100 characters:
     rainbow.cols <- colorRampPalette(c("#00007F", "blue", "#007FFF", "cyan", "#7FFF7F", "yellow","#FF7F00", "red", "#7F0000"))
     plot(cleaned.df[,2], cleaned.df[,3], col= densCols(cleaned.df[,2], cleaned.df[,3], colramp = rainbow.cols))
    
    These lines will be truncated in the PDF manual.
Flavors: r-devel-linux-x86_64-debian-clang, r-devel-linux-x86_64-debian-gcc, r-devel-linux-x86_64-fedora-clang, r-devel-linux-x86_64-fedora-gcc, r-patched-linux-x86_64, r-release-linux-ix86, r-release-linux-x86_64