CRAN Package Check Results for Package cytoDiv

Last updated on 2014-11-28 16:46:26.

Flavor Version Tinstall Tcheck Ttotal Status Flags
r-devel-linux-x86_64-debian-clang 0.5-3 0.89 12.08 12.97 NOTE
r-devel-linux-x86_64-debian-gcc 0.5-3 0.78 11.42 12.20 NOTE
r-devel-linux-x86_64-fedora-clang 0.5-3 26.34 NOTE
r-devel-linux-x86_64-fedora-gcc 0.5-3 27.92 NOTE
r-devel-osx-x86_64-clang 0.5-3 27.03 OK
r-devel-windows-ix86+x86_64 0.5-3 4.00 22.00 26.00 OK
r-patched-linux-x86_64 0.5-3 0.81 11.74 12.55 NOTE
r-patched-solaris-sparc 0.5-3 147.90 OK
r-patched-solaris-x86 0.5-3 36.50 OK
r-release-linux-ix86 0.5-3 1.21 18.39 19.60 OK
r-release-linux-x86_64 0.5-3 0.81 11.52 12.32 NOTE
r-release-osx-x86_64-mavericks 0.5-3 OK
r-release-osx-x86_64-snowleopard 0.5-3 OK
r-release-windows-ix86+x86_64 0.5-3 4.00 23.00 27.00 OK
r-oldrel-windows-ix86+x86_64 0.5-3 4.00 24.00 28.00 OK

Check Details

Version: 0.5-3
Check: Rd line widths
Result: NOTE
    Rd file 'cytoDiv.Rd':
     \usage lines wider than 90 characters:
     cytoDiv(df, x.var="fsc_small", y.var="chl_small", Ncat = 16, Nbit = 16, do.plot=FALSE, ...)
     \examples lines wider than 100 characters:
     rainbow.cols <- colorRampPalette(c("#00007F", "blue", "#007FFF", "cyan", "#7FFF7F", "yellow","#FF7F00", "red", "#7F0000"))
     plot(cleaned.df[,2], cleaned.df[,3], col= densCols(cleaned.df[,2], cleaned.df[,3], colramp = rainbow.cols))
    
    These lines will be truncated in the PDF manual.
Flavors: r-devel-linux-x86_64-debian-clang, r-devel-linux-x86_64-debian-gcc, r-devel-linux-x86_64-fedora-clang, r-devel-linux-x86_64-fedora-gcc, r-patched-linux-x86_64, r-release-linux-x86_64