CRAN Package Check Results for Package d3Network

Last updated on 2014-04-24 21:47:38.

Flavor Version Tinstall Tcheck Ttotal Status Flags
r-devel-linux-x86_64-debian-clang 0.4.2 1.22 16.66 17.89 OK
r-devel-linux-x86_64-debian-gcc 0.4.2 1.21 17.16 18.38 OK
r-devel-linux-x86_64-fedora-clang 0.4.2 34.96 OK
r-devel-linux-x86_64-fedora-gcc 0.4.2 32.49 OK
r-devel-osx-x86_64-clang 0.4.2 32.90 OK
r-devel-osx-x86_64-gcc 0.4.2 OK
r-devel-windows-ix86+x86_64 0.4.2 4.00 26.00 30.00 OK
r-patched-linux-x86_64 0.4.2 1.20 16.51 17.71 OK
r-patched-solaris-sparc 0.4.2 200.20 OK
r-patched-solaris-x86 0.4.2 48.70 OK
r-release-linux-ix86 0.4.2 2.00 32.00 34.00 OK
r-release-linux-x86_64 0.4.2 1.28 16.97 18.25 OK
r-release-osx-x86_64-mavericks 0.4.2 WARN
r-release-windows-ix86+x86_64 0.4.2 4.00 28.00 32.00 OK
r-oldrel-windows-ix86+x86_64 0.4.2 4.00 27.00 31.00 OK

Check Details

Version: 0.4.2
Check: PDF version of manual
Result: WARNING
    LaTeX errors when creating PDF version.
    This typically indicates Rd problems.
    LaTeX errors found:
    ! LaTeX Error: File `upquote.sty' not found.
    
    Type X to quit or <RETURN> to proceed,
    or enter new name. (Default extension: sty)
    
    4be4ebc/Rd2.tex:8: ==> Fatal error occurred, no output PDF file produced!
Flavor: r-release-osx-x86_64-mavericks