CRAN Package Check Results for Package d3heatmap

Last updated on 2019-04-19 12:47:31 CEST.

Flavor Version Tinstall Tcheck Ttotal Status Flags
r-devel-linux-x86_64-debian-clang 0.6.1.2 2.57 33.30 35.87 OK
r-devel-linux-x86_64-debian-gcc 0.6.1.2 2.17 26.74 28.91 OK
r-devel-linux-x86_64-fedora-clang 0.6.1.2 43.01 OK
r-devel-linux-x86_64-fedora-gcc 0.6.1.2 40.62 OK
r-devel-windows-ix86+x86_64 0.6.1.2 11.00 61.00 72.00 OK
r-patched-linux-x86_64 0.6.1.2 2.03 33.59 35.62 OK
r-patched-solaris-x86 0.6.1.2 62.20 WARN
r-release-linux-x86_64 0.6.1.2 1.47 32.71 34.18 OK
r-release-windows-ix86+x86_64 0.6.1.2 5.00 52.00 57.00 OK
r-release-osx-x86_64 0.6.1.2 WARN
r-oldrel-windows-ix86+x86_64 0.6.1.2 11.00 73.00 84.00 OK
r-oldrel-osx-x86_64 0.6.1.2 WARN

Check Details

Version: 0.6.1.2
Check: re-building of vignette outputs
Result: WARN
    Error(s) in re-building vignettes:
     ...
    --- re-building ‘Introduction.Rmd’ using rmarkdown
    Warning in engine$weave(file, quiet = quiet, encoding = enc) :
     Pandoc (>= 1.12.3) and/or pandoc-citeproc not available. Falling back to R Markdown v1.
    Quitting from lines 27-38 (Introduction.Rmd)
    Error: processing vignette 'Introduction.Rmd' failed with diagnostics:
    there is no package called 'webshot'
    --- failed re-building ‘Introduction.Rmd’
    
    SUMMARY: processing the following file failed:
     ‘Introduction.Rmd’
    
    Error: Vignette re-building failed.
    Execution halted
Flavor: r-patched-solaris-x86

Version: 0.6.1.2
Check: re-building of vignette outputs
Result: WARN
    Error in re-building vignettes:
     ...
    Warning in engine$weave(file, quiet = quiet, encoding = enc) :
     Pandoc (>= 1.12.3) and/or pandoc-citeproc not available. Falling back to R Markdown v1.
    Quitting from lines 27-38 (Introduction.Rmd)
    Error: processing vignette 'Introduction.Rmd' failed with diagnostics:
    cannot open the connection
    Execution halted
Flavors: r-release-osx-x86_64, r-oldrel-osx-x86_64