CRAN Package Check Results for Package d3heatmap

Last updated on 2019-02-23 01:52:49 CET.

Flavor Version Tinstall Tcheck Ttotal Status Flags
r-devel-linux-x86_64-debian-clang 0.6.1.2 1.64 33.96 35.60 OK
r-devel-linux-x86_64-debian-gcc 0.6.1.2 1.42 26.17 27.59 OK
r-devel-linux-x86_64-fedora-clang 0.6.1.2 45.99 OK
r-devel-linux-x86_64-fedora-gcc 0.6.1.2 44.37 OK
r-devel-windows-ix86+x86_64 0.6.1.2 9.00 55.00 64.00 OK
r-patched-linux-x86_64 0.6.1.2 1.24 32.22 33.46 OK
r-patched-solaris-x86 0.6.1.2 65.30 WARN
r-release-linux-x86_64 0.6.1.2 OK
r-release-windows-ix86+x86_64 0.6.1.2 8.00 72.00 80.00 OK
r-release-osx-x86_64 0.6.1.2 WARN
r-oldrel-windows-ix86+x86_64 0.6.1.2 5.00 53.00 58.00 OK
r-oldrel-osx-x86_64 0.6.1.2 WARN

Check Details

Version: 0.6.1.2
Check: re-building of vignette outputs
Result: WARN
    Error in re-building vignettes:
     ...
    Warning in engine$weave(file, quiet = quiet, encoding = enc) :
     Pandoc (>= 1.12.3) and/or pandoc-citeproc not available. Falling back to R Markdown v1.
    Quitting from lines 27-38 (Introduction.Rmd)
    Error: processing vignette 'Introduction.Rmd' failed with diagnostics:
    there is no package called 'webshot'
    Execution halted
Flavor: r-patched-solaris-x86

Version: 0.6.1.2
Check: re-building of vignette outputs
Result: WARN
    Error in re-building vignettes:
     ...
    Warning in engine$weave(file, quiet = quiet, encoding = enc) :
     Pandoc (>= 1.12.3) and/or pandoc-citeproc not available. Falling back to R Markdown v1.
    Quitting from lines 27-38 (Introduction.Rmd)
    Error: processing vignette 'Introduction.Rmd' failed with diagnostics:
    cannot open the connection
    Execution halted
Flavors: r-release-osx-x86_64, r-oldrel-osx-x86_64