CRAN Package Check Results for Package dGAselID

Last updated on 2024-06-23 16:56:19 CEST.

Flavor Version Tinstall Tcheck Ttotal Status Flags
r-devel-linux-x86_64-debian-clang 1.2 37.28 362.79 400.07 NOTE
r-devel-linux-x86_64-debian-gcc 1.2 32.85 267.00 299.85 NOTE
r-devel-linux-x86_64-fedora-clang 1.2 509.14 NOTE
r-devel-linux-x86_64-fedora-gcc 1.2 490.96 NOTE
r-devel-windows-x86_64 1.2 31.00 239.00 270.00 NOTE
r-patched-linux-x86_64 1.2 27.48 337.75 365.23 NOTE
r-release-linux-x86_64 1.2 26.06 345.14 371.20 NOTE
r-release-macos-arm64 1.2 113.00 NOTE
r-release-macos-x86_64 1.2 185.00 NOTE
r-release-windows-x86_64 1.2 33.00 241.00 274.00 NOTE
r-oldrel-macos-arm64 1.2 116.00 NOTE
r-oldrel-macos-x86_64 1.2 316.00 NOTE
r-oldrel-windows-x86_64 1.2 30.00 304.00 334.00 NOTE

Check Details

Version: 1.2
Check: LazyData
Result: NOTE 'LazyData' is specified without a 'data' directory Flavors: r-devel-linux-x86_64-debian-clang, r-devel-linux-x86_64-debian-gcc, r-devel-linux-x86_64-fedora-clang, r-devel-linux-x86_64-fedora-gcc, r-devel-windows-x86_64, r-patched-linux-x86_64, r-release-linux-x86_64, r-release-macos-arm64, r-release-macos-x86_64, r-release-windows-x86_64, r-oldrel-macos-arm64, r-oldrel-macos-x86_64, r-oldrel-windows-x86_64