Last updated on 2021-02-25 08:47:57 CET.
Flavor | Version | Tinstall | Tcheck | Ttotal | Status | Flags |
---|---|---|---|---|---|---|
r-devel-linux-x86_64-debian-clang | 1.0.3 | 8.62 | 71.18 | 79.80 | OK | |
r-devel-linux-x86_64-debian-gcc | 1.0.3 | 7.76 | 53.26 | 61.02 | OK | |
r-devel-linux-x86_64-fedora-clang | 1.0.3 | 111.85 | OK | |||
r-devel-linux-x86_64-fedora-gcc | 1.0.3 | 97.53 | OK | |||
r-devel-windows-ix86+x86_64 | 1.0.3 | 17.00 | 67.00 | 84.00 | OK | |
r-patched-linux-x86_64 | 1.0.3 | 7.98 | 65.71 | 73.69 | OK | |
r-patched-solaris-x86 | 1.0.3 | 137.10 | NOTE | |||
r-release-linux-x86_64 | 1.0.3 | 8.57 | 65.54 | 74.11 | OK | |
r-release-macos-x86_64 | 1.0.3 | OK | ||||
r-release-windows-ix86+x86_64 | 1.0.3 | 22.00 | 93.00 | 115.00 | OK | |
r-oldrel-macos-x86_64 | 1.0.3 | ERROR |
Version: 1.0.3
Check: installed package size
Result: NOTE
installed size is 5.5Mb
sub-directories of 1Mb or more:
extdata 4.3Mb
Flavor: r-patched-solaris-x86
Version: 1.0.3
Check: whether package can be installed
Result: ERROR
Installation failed.
Flavor: r-oldrel-macos-x86_64