Last updated on 2023-06-06 05:00:33 CEST.
Flavor | Version | Tinstall | Tcheck | Ttotal | Status | Flags |
---|---|---|---|---|---|---|
r-devel-linux-x86_64-debian-clang | 4.0.0 | 23.76 | 229.87 | 253.63 | NOTE | |
r-devel-linux-x86_64-debian-gcc | 4.0.0 | 18.74 | 173.69 | 192.43 | NOTE | |
r-devel-linux-x86_64-fedora-clang | 4.0.0 | 315.49 | NOTE | |||
r-devel-linux-x86_64-fedora-gcc | 4.0.0 | 310.43 | NOTE | |||
r-devel-windows-x86_64 | 4.0.0 | 23.00 | 222.00 | 245.00 | NOTE | |
r-patched-linux-x86_64 | 4.0.0 | 33.62 | 219.59 | 253.21 | NOTE | |
r-release-linux-x86_64 | 4.0.0 | 19.37 | 215.50 | 234.87 | NOTE | |
r-release-macos-arm64 | 4.0.0 | 89.00 | NOTE | |||
r-release-macos-x86_64 | 4.0.0 | 155.00 | NOTE | |||
r-release-windows-x86_64 | 4.0.0 | 30.00 | 270.00 | 300.00 | NOTE | |
r-oldrel-macos-arm64 | 4.0.0 | 72.00 | NOTE | |||
r-oldrel-macos-x86_64 | 4.0.0 | 131.00 | NOTE | |||
r-oldrel-windows-x86_64 | 4.0.0 | 29.00 | 270.00 | 299.00 | OK |
Version: 4.0.0
Check: Rd files
Result: NOTE
checkRd: (-1) dspg.Rd:29: Escaped LaTeX specials: \^ \^
checkRd: (-1) dspgd2015.Rd:31: Escaped LaTeX specials: \^ \^
Flavors: r-devel-linux-x86_64-debian-clang, r-devel-linux-x86_64-debian-gcc, r-devel-linux-x86_64-fedora-clang, r-devel-linux-x86_64-fedora-gcc, r-devel-windows-x86_64, r-patched-linux-x86_64, r-release-linux-x86_64, r-release-macos-arm64, r-release-macos-x86_64, r-release-windows-x86_64
Version: 4.0.0
Check: data for non-ASCII characters
Result: NOTE
Note: found 4 marked Latin-1 strings
Note: found 21 marked UTF-8 strings
Flavors: r-devel-linux-x86_64-fedora-clang, r-devel-linux-x86_64-fedora-gcc, r-oldrel-macos-arm64, r-oldrel-macos-x86_64