CRAN Package Check Results for Package dae

Last updated on 2015-03-04 23:47:15.

Flavor Version Tinstall Tcheck Ttotal Status Flags
r-devel-linux-x86_64-debian-clang 2.4-0 2.08 30.29 32.37 NOTE
r-devel-linux-x86_64-debian-gcc 2.4-0 2.11 29.83 31.94 NOTE
r-devel-linux-x86_64-fedora-clang 2.4-0 61.55 NOTE
r-devel-linux-x86_64-fedora-gcc 2.4-0 60.30 NOTE
r-devel-osx-x86_64-clang 2.4-0 53.41 NOTE
r-devel-windows-ix86+x86_64 2.4-0 8.00 41.00 49.00 OK
r-patched-linux-x86_64 2.4-0 2.64 37.37 40.01 OK
r-patched-solaris-sparc 2.4-0 482.30 OK
r-patched-solaris-x86 2.4-0 93.90 OK
r-release-linux-ix86 2.4-0 3.10 48.25 51.35 OK
r-release-linux-x86_64 2.4-0 2.80 39.57 42.37 OK
r-release-osx-x86_64-mavericks 2.4-0 OK
r-release-osx-x86_64-snowleopard 2.4-0 OK
r-release-windows-ix86+x86_64 2.4-0 9.00 60.00 69.00 OK
r-oldrel-windows-ix86+x86_64 2.4-0 10.00 60.00 70.00 OK

Check Details

Version: 2.4-0
Check: S3 generic/method consistency
Result: NOTE
    Found the following apparent S3 methods exported but not registered:
     fitted.aovlist fitted.errors print.projector residuals.aovlist
    See section ‘Registering S3 methods’ in the ‘Writing R Extensions’
    manual.
Flavors: r-devel-linux-x86_64-debian-clang, r-devel-linux-x86_64-debian-gcc, r-devel-linux-x86_64-fedora-clang, r-devel-linux-x86_64-fedora-gcc, r-devel-osx-x86_64-clang