CRAN Package Check Results for Package dae

Last updated on 2015-08-02 11:47:16.

Flavor Version Tinstall Tcheck Ttotal Status Flags
r-devel-linux-x86_64-debian-clang 2.7-2 2.20 33.01 35.22 NOTE
r-devel-linux-x86_64-debian-gcc 2.7-2 2.17 31.80 33.97 NOTE
r-devel-linux-x86_64-fedora-clang 2.7-2 72.37 NOTE
r-devel-linux-x86_64-fedora-gcc 2.7-2 67.38 NOTE
r-devel-osx-x86_64-clang 2.7-2 56.24 OK
r-devel-windows-ix86+x86_64 2.7-2 8.00 52.00 60.00 NOTE
r-patched-linux-x86_64 2.7-2 2.07 31.98 34.04 OK
r-patched-solaris-sparc 2.7-2 405.90 OK
r-patched-solaris-x86 2.7-2 85.50 OK
r-release-linux-x86_64 2.7-2 2.38 32.38 34.76 OK
r-release-osx-x86_64-mavericks 2.7-2 OK
r-release-windows-ix86+x86_64 2.7-2 12.00 52.00 64.00 OK
r-oldrel-windows-ix86+x86_64 2.7-2 16.00 71.00 87.00 OK

Check Details

Version: 2.7-2
Check: R code for possible problems
Result: NOTE
    design.plot: no visible global function definition for ‘par’
    design.plot: no visible global function definition for ‘plot’
    design.plot: no visible global function definition for ‘mtext’
    design.plot: no visible global function definition for ‘polygon’
    design.plot: no visible global function definition for ‘text’
    efficiency.criteria: no visible global function definition for ‘var’
    extab: no visible global function definition for ‘var’
    fac.combine: no visible global function definition for ‘var’
    fac.match: no visible global function definition for ‘na.omit’
    fac.rand.cross: no visible global function definition for ‘runif’
    fac.rand.nest: no visible global function definition for ‘runif’
    fitted.aovlist: no visible global function definition for ‘proj’
    interaction.ABC.plot: no visible global function definition for
     ‘formula’
    is.projector: no visible global function definition for ‘validObject’
    no.reps: no visible global function definition for ‘optimize’
    plotablock: no visible global function definition for ‘lines’
    power.exp: no visible global function definition for ‘qf’
    power.exp: no visible global function definition for ‘pf’
    print.projector: no visible global function definition for ‘as’
    projector: no visible global function definition for ‘new’
    projs.structure: no visible global function definition for
     ‘model.frame’
    projs.structure: no visible global function definition for
     ‘model.matrix’
    projs.structure: no visible global function definition for ‘as.formula’
    qqnorm.yeffects: no visible global function definition for ‘ppoints’
    qqnorm.yeffects: no visible global function definition for ‘qnorm’
    qqnorm.yeffects: no visible global function definition for ‘identify’
    qqnorm.yeffects: no visible global function definition for ‘qqplot’
    qqnorm.yeffects: no visible global function definition for ‘abline’
    qqnorm.yeffects: no visible global function definition for ‘coef’
    qqnorm.yeffects: no visible global function definition for ‘lm’
    qqyeffects: no visible global function definition for ‘ppoints’
    qqyeffects: no visible global function definition for ‘qnorm’
    qqyeffects: no visible global function definition for ‘identify’
    qqyeffects: no visible global function definition for ‘qqplot’
    qqyeffects: no visible global function definition for ‘abline’
    residuals.aovlist: no visible global function definition for ‘proj’
    rmvnorm: no visible global function definition for ‘rnorm’
    strength.gen: no visible global function definition for ‘rnorm’
    strength.gen: no visible global function definition for ‘aov’
    strength.gen: no visible global function definition for ‘residuals’
    tukey.1df: no visible global function definition for ‘proj’
    tukey.1df: no visible global function definition for ‘residuals’
    tukey.1df: no visible global function definition for ‘fitted’
    tukey.1df: no visible global function definition for ‘aov’
    tukey.1df: no visible global function definition for ‘pf’
    yates.effects: no visible global function definition for ‘aov’
    yates.effects: no visible global function definition for ‘as.formula’
    Undefined global functions or variables:
     abline aov as as.formula coef fitted formula identify lines lm
     model.frame model.matrix mtext na.omit new optimize par pf plot
     polygon ppoints proj qf qnorm qqplot residuals rnorm runif text
     validObject var
    Consider adding
     importFrom("graphics", "abline", "identify", "lines", "mtext", "par",
     "plot", "polygon", "text")
     importFrom("methods", "as", "new", "validObject")
     importFrom("stats", "aov", "as.formula", "coef", "fitted", "formula",
     "lm", "model.frame", "model.matrix", "na.omit", "optimize",
     "pf", "ppoints", "proj", "qf", "qnorm", "qqplot",
     "residuals", "rnorm", "runif", "var")
    to your NAMESPACE.
Flavors: r-devel-linux-x86_64-debian-clang, r-devel-linux-x86_64-debian-gcc, r-devel-linux-x86_64-fedora-clang, r-devel-linux-x86_64-fedora-gcc, r-devel-windows-ix86+x86_64