CRAN Package Check Results for Package dae

Last updated on 2016-04-28 21:47:25.

Flavor Version Tinstall Tcheck Ttotal Status Flags
r-devel-linux-x86_64-debian-gcc 2.7-6 1.86 31.82 33.67 OK
r-devel-linux-x86_64-fedora-clang 2.7-6 59.35 OK
r-devel-linux-x86_64-fedora-gcc 2.7-6 55.57 OK
r-devel-osx-x86_64-clang 2.7-6 58.81 OK
r-devel-windows-ix86+x86_64 2.7-6 10.00 70.00 80.00 OK
r-patched-linux-x86_64 2.7-6 2.12 30.76 32.88 OK
r-patched-solaris-sparc 2.7-6 336.30 OK
r-patched-solaris-x86 2.7-6 68.80 OK
r-release-linux-x86_64 2.7-6 2.03 34.27 36.30 OK
r-release-osx-x86_64-mavericks 2.7-6 OK
r-release-windows-ix86+x86_64 2.7-6 9.00 52.00 61.00 OK
r-oldrel-windows-ix86+x86_64 2.7-6 14.00 85.00 99.00 WARN

Check Details

Version: 2.7-6
Check: Rd files
Result: WARN
    prepare_Rd: dae-package.Rd:21: unknown macro '\packageDESCRIPTION'
    prepare_Rd: dae-package.Rd:167: unknown macro '\packageAuthor'
    prepare_Rd: dae-package.Rd:169: unknown macro '\packageMaintainer'
Flavor: r-oldrel-windows-ix86+x86_64