CRAN Package Check Results for Package dae

Last updated on 2014-04-24 03:47:42.

Flavor Version Tinstall Tcheck Ttotal Status Flags
r-devel-linux-x86_64-debian-clang 2.1-7 1.63 24.89 26.52 NOTE
r-devel-linux-x86_64-debian-gcc 2.1-7 1.61 24.90 26.50 NOTE
r-devel-linux-x86_64-fedora-clang 2.1-7 52.81 NOTE
r-devel-linux-x86_64-fedora-gcc 2.1-7 49.62 NOTE
r-devel-osx-x86_64-clang 2.1-7 43.75 NOTE
r-devel-osx-x86_64-gcc 2.1-7 NOTE
r-devel-windows-ix86+x86_64 2.1-7 5.00 34.00 39.00 NOTE
r-patched-linux-x86_64 2.1-7 1.59 24.07 25.66 NOTE
r-patched-solaris-sparc 2.1-7 301.20 NOTE
r-patched-solaris-x86 2.1-7 66.10 NOTE
r-release-linux-ix86 2.1-7 2.00 43.00 45.00 NOTE
r-release-linux-x86_64 2.1-7 1.61 24.14 25.75 NOTE
r-release-osx-x86_64-mavericks 2.1-7 WARN
r-release-windows-ix86+x86_64 2.1-7 4.00 38.00 42.00 NOTE
r-oldrel-windows-ix86+x86_64 2.1-7 5.00 36.00 41.00 NOTE

Check Details

Version: 2.1-7
Check: dependencies in R code
Result: NOTE
    Packages in Depends field not imported from:
     ‘lattice’ ‘methods’
     These packages need to be imported from (in the NAMESPACE file)
     for when this namespace is loaded but not attached.
    See the information on DESCRIPTION files in the chapter ‘Creating R
    packages’ of the ‘Writing R Extensions’ manual.
Flavors: r-devel-linux-x86_64-debian-clang, r-devel-linux-x86_64-debian-gcc, r-devel-linux-x86_64-fedora-clang, r-devel-linux-x86_64-fedora-gcc, r-devel-osx-x86_64-clang, r-devel-osx-x86_64-gcc, r-devel-windows-ix86+x86_64, r-patched-linux-x86_64, r-patched-solaris-sparc, r-patched-solaris-x86, r-release-linux-ix86, r-release-linux-x86_64, r-release-osx-x86_64-mavericks, r-release-windows-ix86+x86_64, r-oldrel-windows-ix86+x86_64

Version: 2.1-7
Check: R code for possible problems
Result: NOTE
    Found the following possibly unsafe calls:
    File ‘dae/R/proj.r’:
     unlockBinding("daeTolerance", proj)
Flavors: r-devel-linux-x86_64-debian-clang, r-devel-linux-x86_64-debian-gcc, r-devel-linux-x86_64-fedora-clang, r-devel-linux-x86_64-fedora-gcc, r-devel-osx-x86_64-clang, r-devel-osx-x86_64-gcc, r-devel-windows-ix86+x86_64, r-patched-linux-x86_64, r-patched-solaris-sparc, r-patched-solaris-x86, r-release-linux-ix86, r-release-linux-x86_64, r-release-osx-x86_64-mavericks, r-release-windows-ix86+x86_64, r-oldrel-windows-ix86+x86_64

Version: 2.1-7
Check: Rd \usage sections
Result: NOTE
    S3 methods shown with full name in documentation object 'fitted.aovlist':
     ‘fitted.aovlist’
    
    S3 methods shown with full name in documentation object 'fitted.errors':
     ‘fitted.errors’
    
    S3 methods shown with full name in documentation object 'print.projector':
     ‘print.projector’
    
    S3 methods shown with full name in documentation object 'residuals.aovlist':
     ‘residuals.aovlist’
    
    The \usage entries for S3 methods should use the \method markup and not
    their full name.
    See the chapter ‘Writing R documentation files’ in the ‘Writing R
    Extensions’ manual.
Flavors: r-devel-linux-x86_64-debian-clang, r-devel-linux-x86_64-debian-gcc, r-devel-linux-x86_64-fedora-clang, r-devel-linux-x86_64-fedora-gcc, r-devel-osx-x86_64-clang, r-devel-osx-x86_64-gcc, r-devel-windows-ix86+x86_64, r-patched-linux-x86_64, r-patched-solaris-sparc, r-patched-solaris-x86, r-release-linux-ix86, r-release-linux-x86_64, r-release-osx-x86_64-mavericks, r-release-windows-ix86+x86_64, r-oldrel-windows-ix86+x86_64

Version: 2.1-7
Check: PDF version of manual
Result: WARNING
    LaTeX errors when creating PDF version.
    This typically indicates Rd problems.
    LaTeX errors found:
    ! LaTeX Error: File `upquote.sty' not found.
    
    Type X to quit or <RETURN> to proceed,
    or enter new name. (Default extension: sty)
    
    1e259155/Rd2.tex:8: ==> Fatal error occurred, no output PDF file produced!
Flavor: r-release-osx-x86_64-mavericks