CRAN Package Check Results for Package dae

Last updated on 2015-02-01 05:47:50.

Flavor Version Tinstall Tcheck Ttotal Status Flags
r-devel-linux-x86_64-debian-clang 2.4-0 1.83 28.51 30.34 NOTE
r-devel-linux-x86_64-debian-gcc 2.4-0 1.77 27.05 28.82 NOTE
r-devel-linux-x86_64-fedora-clang 2.4-0 72.86 NOTE
r-devel-linux-x86_64-fedora-gcc 2.4-0 60.04 NOTE
r-devel-osx-x86_64-clang 2.4-0 68.73 NOTE
r-devel-windows-ix86+x86_64 2.4-0 8.00 40.00 48.00 OK
r-patched-linux-x86_64 2.4-0 2.38 36.81 39.19 OK
r-patched-solaris-sparc 2.4-0 450.00 OK
r-patched-solaris-x86 2.4-0 94.60 OK
r-release-linux-ix86 2.4-0 2.84 47.17 50.00 OK
r-release-linux-x86_64 2.4-0 2.51 36.72 39.23 OK
r-release-osx-x86_64-mavericks 2.4-0 OK
r-release-osx-x86_64-snowleopard 2.4-0 OK
r-release-windows-ix86+x86_64 2.4-0 9.00 56.00 65.00 OK
r-oldrel-windows-ix86+x86_64 2.4-0 11.00 56.00 67.00 OK

Check Details

Version: 2.4-0
Check: S3 generic/method consistency
Result: NOTE
    Found the following apparent S3 methods exported but not registered:
     print.projector fitted.aovlist fitted.errors residuals.aovlist
    See section ‘Registering S3 methods’ in the ‘Writing R Extensions’
    manual.
Flavors: r-devel-linux-x86_64-debian-clang, r-devel-linux-x86_64-debian-gcc, r-devel-linux-x86_64-fedora-clang, r-devel-linux-x86_64-fedora-gcc, r-devel-osx-x86_64-clang