CRAN Package Check Results for Package dae

Last updated on 2015-04-28 12:47:20.

Flavor Version Tinstall Tcheck Ttotal Status Flags
r-devel-linux-x86_64-debian-clang 2.4-0 1.96 28.10 30.06 NOTE
r-devel-linux-x86_64-debian-gcc 2.4-0 2.64 27.66 30.30 NOTE
r-devel-linux-x86_64-fedora-clang 2.4-0 61.04 NOTE
r-devel-linux-x86_64-fedora-gcc 2.4-0 57.67 NOTE
r-devel-osx-x86_64-clang 2.4-0 51.57 NOTE
r-devel-windows-ix86+x86_64 2.4-0 7.00 43.00 50.00 OK
r-patched-linux-x86_64 2.4-0 3.77 28.12 31.89 NOTE
r-patched-solaris-sparc 2.4-0 376.70 OK
r-patched-solaris-x86 2.4-0 71.40 NOTE
r-release-linux-x86_64 2.4-0 1.79 27.84 29.63 NOTE
r-release-osx-x86_64-mavericks 2.4-0 OK
r-release-osx-x86_64-snowleopard 2.4-0 ERROR
r-release-windows-ix86+x86_64 2.4-0 7.00 42.00 49.00 OK
r-oldrel-windows-ix86+x86_64 2.4-0 8.00 54.00 62.00 OK

Check Details

Version: 2.4-0
Check: S3 generic/method consistency
Result: NOTE
    Found the following apparent S3 methods exported but not registered:
     fitted.aovlist fitted.errors print.projector residuals.aovlist
    See section ‘Registering S3 methods’ in the ‘Writing R Extensions’
    manual.
Flavors: r-devel-linux-x86_64-debian-clang, r-devel-linux-x86_64-debian-gcc, r-devel-linux-x86_64-fedora-clang, r-devel-linux-x86_64-fedora-gcc, r-devel-osx-x86_64-clang, r-patched-linux-x86_64, r-patched-solaris-x86, r-release-linux-x86_64

Version: 2.4-0
Check: package dependencies
Result: ERROR
    Package required but not available: ‘ggplot2’
    
    See section ‘The DESCRIPTION file’ in the ‘Writing R Extensions’
    manual.
Flavor: r-release-osx-x86_64-snowleopard