CRAN Package Check Results for Package dae

Last updated on 2014-07-23 17:48:55.

Flavor Version Tinstall Tcheck Ttotal Status Flags
r-devel-linux-x86_64-debian-clang 2.1-7 2.21 23.08 25.29 NOTE
r-devel-linux-x86_64-debian-gcc 2.1-7 1.60 22.34 23.94 NOTE
r-devel-linux-x86_64-fedora-clang 2.1-7 53.58 NOTE
r-devel-linux-x86_64-fedora-gcc 2.1-7 49.70 NOTE
r-devel-osx-x86_64-clang 2.1-7 46.98 NOTE
r-devel-windows-ix86+x86_64 2.1-7 5.00 36.00 41.00 NOTE
r-patched-linux-x86_64 2.1-7 1.53 22.85 24.38 NOTE
r-patched-solaris-sparc 2.1-7 301.20 NOTE
r-patched-solaris-x86 2.1-7 64.10 NOTE
r-release-linux-ix86 2.1-7 1.95 31.09 33.04 NOTE
r-release-linux-x86_64 2.1-7 1.54 24.04 25.58 NOTE
r-release-osx-x86_64-mavericks 2.1-7 NOTE
r-release-windows-ix86+x86_64 2.1-7 5.00 36.00 41.00 NOTE
r-oldrel-windows-ix86+x86_64 2.1-7 5.00 37.00 42.00 NOTE

Check Details

Version: 2.1-7
Check: dependencies in R code
Result: NOTE
    Packages in Depends field not imported from:
     ‘lattice’ ‘methods’
     These packages need to be imported from (in the NAMESPACE file)
     for when this namespace is loaded but not attached.
    See the information on DESCRIPTION files in the chapter ‘Creating R
    packages’ of the ‘Writing R Extensions’ manual.
Flavors: r-devel-linux-x86_64-debian-clang, r-devel-linux-x86_64-debian-gcc, r-devel-linux-x86_64-fedora-clang, r-devel-linux-x86_64-fedora-gcc, r-devel-osx-x86_64-clang, r-devel-windows-ix86+x86_64, r-patched-linux-x86_64, r-patched-solaris-sparc, r-patched-solaris-x86, r-release-linux-ix86, r-release-linux-x86_64, r-release-osx-x86_64-mavericks, r-release-windows-ix86+x86_64, r-oldrel-windows-ix86+x86_64

Version: 2.1-7
Check: R code for possible problems
Result: NOTE
    Found the following possibly unsafe calls:
    File ‘dae/R/proj.r’:
     unlockBinding("daeTolerance", proj)
Flavors: r-devel-linux-x86_64-debian-clang, r-devel-linux-x86_64-debian-gcc, r-devel-linux-x86_64-fedora-clang, r-devel-linux-x86_64-fedora-gcc, r-devel-osx-x86_64-clang, r-devel-windows-ix86+x86_64, r-patched-linux-x86_64, r-patched-solaris-sparc, r-patched-solaris-x86, r-release-linux-ix86, r-release-linux-x86_64, r-release-osx-x86_64-mavericks, r-release-windows-ix86+x86_64, r-oldrel-windows-ix86+x86_64

Version: 2.1-7
Check: Rd \usage sections
Result: NOTE
    S3 methods shown with full name in documentation object 'fitted.aovlist':
     ‘fitted.aovlist’
    
    S3 methods shown with full name in documentation object 'fitted.errors':
     ‘fitted.errors’
    
    S3 methods shown with full name in documentation object 'print.projector':
     ‘print.projector’
    
    S3 methods shown with full name in documentation object 'residuals.aovlist':
     ‘residuals.aovlist’
    
    The \usage entries for S3 methods should use the \method markup and not
    their full name.
    See the chapter ‘Writing R documentation files’ in the ‘Writing R
    Extensions’ manual.
Flavors: r-devel-linux-x86_64-debian-clang, r-devel-linux-x86_64-debian-gcc, r-devel-linux-x86_64-fedora-clang, r-devel-linux-x86_64-fedora-gcc, r-devel-osx-x86_64-clang, r-devel-windows-ix86+x86_64, r-patched-linux-x86_64, r-patched-solaris-sparc, r-patched-solaris-x86, r-release-linux-ix86, r-release-linux-x86_64, r-release-osx-x86_64-mavericks, r-release-windows-ix86+x86_64, r-oldrel-windows-ix86+x86_64