CRAN Package Check Results for Package dae

Last updated on 2016-02-06 07:47:49.

Flavor Version Tinstall Tcheck Ttotal Status Flags
r-devel-linux-x86_64-debian-gcc 2.7-6 1.74 30.62 32.36 OK
r-devel-linux-x86_64-fedora-clang 2.7-6 59.83 OK
r-devel-linux-x86_64-fedora-gcc 2.7-6 57.20 OK
r-devel-osx-x86_64-clang 2.7-6 55.99 OK
r-devel-windows-ix86+x86_64 2.7-6 11.00 51.00 62.00 OK
r-patched-linux-x86_64 2.7-6 1.98 31.73 33.71 OK
r-patched-solaris-sparc 2.7-6 349.60 OK
r-patched-solaris-x86 2.7-6 71.20 OK
r-release-linux-x86_64 2.7-6 1.98 30.77 32.75 OK
r-release-osx-x86_64-mavericks 2.7-6 OK
r-release-windows-ix86+x86_64 2.7-6 9.00 51.00 60.00 OK
r-oldrel-windows-ix86+x86_64 2.7-6 15.00 91.00 106.00 WARN

Check Details

Version: 2.7-6
Check: Rd files
Result: WARN
    prepare_Rd: dae-package.Rd:21: unknown macro '\packageDESCRIPTION'
    prepare_Rd: dae-package.Rd:167: unknown macro '\packageAuthor'
    prepare_Rd: dae-package.Rd:169: unknown macro '\packageMaintainer'
Flavor: r-oldrel-windows-ix86+x86_64