CRAN Package Check Results for Package dae

Last updated on 2014-11-23 03:47:56.

Flavor Version Tinstall Tcheck Ttotal Status Flags
r-devel-linux-x86_64-debian-clang 2.1-7 1.53 23.96 25.49 NOTE
r-devel-linux-x86_64-debian-gcc 2.1-7 1.46 22.65 24.11 NOTE
r-devel-linux-x86_64-fedora-clang 2.1-7 52.17 NOTE
r-devel-linux-x86_64-fedora-gcc 2.1-7 48.73 NOTE
r-devel-osx-x86_64-clang 2.1-7 50.11 NOTE
r-devel-windows-ix86+x86_64 2.1-7 4.00 33.00 37.00 NOTE
r-patched-linux-x86_64 2.1-7 1.53 23.91 25.44 NOTE
r-patched-solaris-sparc 2.1-7 296.30 NOTE
r-patched-solaris-x86 2.1-7 65.70 NOTE
r-release-linux-ix86 2.1-7 1.87 29.80 31.67 NOTE
r-release-linux-x86_64 2.1-7 1.54 24.06 25.60 NOTE
r-release-osx-x86_64-mavericks 2.1-7 NOTE
r-release-windows-ix86+x86_64 2.1-7 6.00 38.00 44.00 NOTE
r-oldrel-windows-ix86+x86_64 2.1-7 4.00 39.00 43.00 NOTE

Check Details

Version: 2.1-7
Check: dependencies in R code
Result: NOTE
    Packages in Depends field not imported from:
     ‘lattice’ ‘methods’
     These packages need to be imported from (in the NAMESPACE file)
     for when this namespace is loaded but not attached.
    See the information on DESCRIPTION files in the chapter ‘Creating R
    packages’ of the ‘Writing R Extensions’ manual.
Flavors: r-devel-linux-x86_64-debian-clang, r-devel-linux-x86_64-debian-gcc, r-devel-linux-x86_64-fedora-clang, r-devel-linux-x86_64-fedora-gcc, r-devel-osx-x86_64-clang, r-devel-windows-ix86+x86_64, r-patched-linux-x86_64, r-patched-solaris-sparc, r-patched-solaris-x86, r-release-linux-ix86, r-release-linux-x86_64, r-release-osx-x86_64-mavericks, r-release-windows-ix86+x86_64, r-oldrel-windows-ix86+x86_64

Version: 2.1-7
Check: R code for possible problems
Result: NOTE
    Found the following possibly unsafe calls:
    File ‘dae/R/proj.r’:
     unlockBinding("daeTolerance", proj)
    
    interaction.ABC.plot: no visible global function definition for
     ‘trellis.device’
    interaction.ABC.plot: no visible global function definition for
     ‘trellis.par.get’
    interaction.ABC.plot: no visible global function definition for
     ‘trellis.par.set’
    interaction.ABC.plot: no visible global function definition for
     ‘xyplot’
    interaction.ABC.plot : <anonymous>: no visible global function
     definition for ‘panel.superpose’
    interaction.ABC.plot: no visible global function definition for ‘Rows’
    interaction.ABC.plot : <anonymous>: no visible global function
     definition for ‘strip.default’
    
    Found the following calls to attach():
    File ‘dae/R/Interaction.ABC.Plot.r’:
     attach(data.means)
    See section ‘Good practice’ in ‘?attach’.
Flavors: r-devel-linux-x86_64-debian-clang, r-devel-linux-x86_64-debian-gcc, r-patched-linux-x86_64, r-release-linux-x86_64

Version: 2.1-7
Check: Rd \usage sections
Result: NOTE
    S3 methods shown with full name in documentation object 'fitted.aovlist':
     ‘fitted.aovlist’
    
    S3 methods shown with full name in documentation object 'fitted.errors':
     ‘fitted.errors’
    
    S3 methods shown with full name in documentation object 'print.projector':
     ‘print.projector’
    
    S3 methods shown with full name in documentation object 'residuals.aovlist':
     ‘residuals.aovlist’
    
    The \usage entries for S3 methods should use the \method markup and not
    their full name.
    See the chapter ‘Writing R documentation files’ in the ‘Writing R
    Extensions’ manual.
Flavors: r-devel-linux-x86_64-debian-clang, r-devel-linux-x86_64-debian-gcc, r-devel-linux-x86_64-fedora-clang, r-devel-linux-x86_64-fedora-gcc, r-devel-osx-x86_64-clang, r-devel-windows-ix86+x86_64, r-patched-linux-x86_64, r-patched-solaris-sparc, r-patched-solaris-x86, r-release-linux-ix86, r-release-linux-x86_64, r-release-osx-x86_64-mavericks, r-release-windows-ix86+x86_64, r-oldrel-windows-ix86+x86_64

Version: 2.1-7
Check: R code for possible problems
Result: NOTE
    Found the following possibly unsafe calls:
    File ‘dae/R/proj.r’:
     unlockBinding("daeTolerance", proj)
    
    interaction.ABC.plot: no visible global function definition for
     ‘trellis.device’
    interaction.ABC.plot: no visible global function definition for
     ‘trellis.par.get’
    interaction.ABC.plot: no visible global function definition for
     ‘trellis.par.set’
    interaction.ABC.plot: no visible global function definition for
     ‘xyplot’
    interaction.ABC.plot : <anonymous>: no visible global function
     definition for ‘panel.superpose’
    interaction.ABC.plot: no visible global function definition for ‘Rows’
    interaction.ABC.plot : <anonymous>: no visible global function
     definition for ‘strip.default’
Flavors: r-devel-linux-x86_64-fedora-clang, r-devel-linux-x86_64-fedora-gcc, r-devel-osx-x86_64-clang, r-devel-windows-ix86+x86_64, r-patched-solaris-sparc, r-patched-solaris-x86, r-release-linux-ix86, r-release-windows-ix86+x86_64

Version: 2.1-7
Check: R code for possible problems
Result: NOTE
    Found the following possibly unsafe calls:
    File ‘dae/R/proj.r’:
     unlockBinding("daeTolerance", proj)
Flavors: r-release-osx-x86_64-mavericks, r-oldrel-windows-ix86+x86_64