CRAN Package Check Results for Package dae

Last updated on 2015-05-24 03:47:57.

Flavor Version Tinstall Tcheck Ttotal Status Flags
r-devel-linux-x86_64-debian-clang 2.7-0 2.04 33.71 35.75 NOTE
r-devel-linux-x86_64-debian-gcc 2.7-0 1.98 32.19 34.17 NOTE
r-devel-linux-x86_64-fedora-clang 2.7-0 70.29 NOTE
r-devel-linux-x86_64-fedora-gcc 2.7-0 68.61 NOTE
r-devel-osx-x86_64-clang 2.7-0 58.61 NOTE
r-devel-windows-ix86+x86_64 2.7-0 9.00 50.00 59.00 OK
r-patched-linux-x86_64 2.7-0 2.14 31.96 34.10 NOTE
r-patched-solaris-sparc 2.7-0 406.80 NOTE
r-patched-solaris-x86 2.7-0 86.80 NOTE
r-release-linux-x86_64 2.7-0 1.98 32.17 34.16 OK
r-release-osx-x86_64-mavericks 2.7-0 OK
r-release-osx-x86_64-snowleopard 2.7-0 OK
r-release-windows-ix86+x86_64 2.7-0 8.00 53.00 61.00 OK
r-oldrel-windows-ix86+x86_64 2.7-0 13.00 67.00 80.00 OK

Check Details

Version: 2.7-0
Check: S3 generic/method consistency
Result: NOTE
    Found the following apparent S3 methods exported but not registered:
     fitted.errors
    See section ‘Registering S3 methods’ in the ‘Writing R Extensions’
    manual.
Flavors: r-devel-linux-x86_64-debian-clang, r-devel-linux-x86_64-debian-gcc, r-devel-linux-x86_64-fedora-clang, r-devel-linux-x86_64-fedora-gcc, r-devel-osx-x86_64-clang, r-patched-linux-x86_64, r-patched-solaris-sparc, r-patched-solaris-x86