CRAN Package Check Results for Package daewr

Last updated on 2015-04-19 03:49:33.

Flavor Version Tinstall Tcheck Ttotal Status Flags
r-devel-linux-x86_64-debian-clang 1.1-4 1.96 32.00 33.96 NOTE
r-devel-linux-x86_64-debian-gcc 1.1-4 1.96 31.56 33.52 NOTE
r-devel-linux-x86_64-fedora-clang 1.1-4 64.72 NOTE
r-devel-linux-x86_64-fedora-gcc 1.1-4 60.84 NOTE
r-devel-osx-x86_64-clang 1.1-4 59.83 NOTE
r-patched-linux-x86_64 1.1-4 1.95 32.22 34.18 NOTE
r-patched-solaris-sparc 1.1-4 436.10 NOTE
r-patched-solaris-x86 1.1-4 86.40 NOTE
r-release-linux-x86_64 1.1-4 1.99 32.97 34.96 NOTE
r-release-osx-x86_64-mavericks 1.1-4 NOTE
r-release-osx-x86_64-snowleopard 1.1-4 ERROR
r-release-windows-ix86+x86_64 1.1-4 6.00 59.00 65.00 NOTE
r-oldrel-windows-ix86+x86_64 1.1-4 12.00 84.00 96.00 OK

Check Details

Version: 1.1-4
Check: DESCRIPTION meta-information
Result: NOTE
    Malformed Description field: should contain one or more complete sentences.
Flavors: r-devel-linux-x86_64-debian-clang, r-devel-linux-x86_64-debian-gcc, r-devel-linux-x86_64-fedora-clang, r-devel-linux-x86_64-fedora-gcc, r-devel-osx-x86_64-clang, r-patched-linux-x86_64, r-patched-solaris-sparc, r-patched-solaris-x86, r-release-linux-x86_64, r-release-osx-x86_64-mavericks, r-release-windows-ix86+x86_64

Version: 1.1-4
Check: package dependencies
Result: ERROR
    Package required but not available: ‘FrF2’
    
    See section ‘The DESCRIPTION file’ in the ‘Writing R Extensions’
    manual.
Flavor: r-release-osx-x86_64-snowleopard