CRAN Package Check Results for Package daewr

Last updated on 2014-11-23 19:47:42.

Flavor Version Tinstall Tcheck Ttotal Status Flags
r-devel-linux-x86_64-debian-clang 1.0-10 2.83 33.84 36.67 NOTE
r-devel-linux-x86_64-debian-gcc 1.0-10 2.81 33.39 36.20 NOTE
r-devel-linux-x86_64-fedora-clang 1.0-10 74.72 NOTE
r-devel-linux-x86_64-fedora-gcc 1.0-10 69.01 NOTE
r-devel-osx-x86_64-clang 1.0-10 68.65 NOTE
r-devel-windows-ix86+x86_64 1.0-10 10.00 47.00 57.00 NOTE
r-patched-linux-x86_64 1.0-10 2.90 34.75 37.65 NOTE
r-patched-solaris-sparc 1.0-10 417.90 NOTE
r-patched-solaris-x86 1.0-10 98.30 NOTE
r-release-linux-ix86 1.0-10 3.45 42.68 46.12 NOTE
r-release-linux-x86_64 1.0-10 3.08 34.99 38.08 NOTE
r-release-osx-x86_64-mavericks 1.0-10 NOTE
r-release-osx-x86_64-snowleopard 1.0-10 ERROR
r-release-windows-ix86+x86_64 1.0-10 10.00 55.00 65.00 NOTE
r-oldrel-windows-ix86+x86_64 1.0-10 11.00 64.00 75.00 NOTE

Check Details

Version: 1.0-10
Check: dependencies in R code
Result: NOTE
    Packages in Depends field not imported from:
     ‘BsMD’ ‘FrF2’
     These packages need to be imported from (in the NAMESPACE file)
     for when this namespace is loaded but not attached.
    See the information on DESCRIPTION files in the chapter ‘Creating R
    packages’ of the ‘Writing R Extensions’ manual.
Flavors: r-devel-linux-x86_64-debian-clang, r-devel-linux-x86_64-debian-gcc, r-devel-linux-x86_64-fedora-clang, r-devel-linux-x86_64-fedora-gcc, r-devel-osx-x86_64-clang, r-devel-windows-ix86+x86_64, r-patched-linux-x86_64, r-patched-solaris-sparc, r-patched-solaris-x86, r-release-linux-ix86, r-release-linux-x86_64, r-release-osx-x86_64-mavericks, r-release-windows-ix86+x86_64, r-oldrel-windows-ix86+x86_64

Version: 1.0-10
Check: R code for possible problems
Result: NOTE
    OptPB: no visible global function definition for ‘pb’
    fullnormal: no visible global function definition for ‘LenthPlot’
Flavors: r-devel-linux-x86_64-debian-clang, r-devel-linux-x86_64-debian-gcc, r-devel-linux-x86_64-fedora-clang, r-devel-linux-x86_64-fedora-gcc, r-devel-osx-x86_64-clang, r-devel-windows-ix86+x86_64, r-patched-linux-x86_64, r-patched-solaris-sparc, r-patched-solaris-x86, r-release-linux-ix86, r-release-linux-x86_64, r-release-windows-ix86+x86_64

Version: 1.0-10
Check: whether package can be installed
Result: ERROR
    Installation failed.
Flavor: r-release-osx-x86_64-snowleopard