CRAN Package Check Results for Package daewr

Last updated on 2014-07-23 05:49:03.

Flavor Version Tinstall Tcheck Ttotal Status Flags
r-devel-linux-x86_64-debian-clang 1.0-10 2.88 34.05 36.93 NOTE
r-devel-linux-x86_64-debian-gcc 1.0-10 2.83 34.00 36.83 NOTE
r-devel-linux-x86_64-fedora-clang 1.0-10 76.91 NOTE
r-devel-linux-x86_64-fedora-gcc 1.0-10 72.80 NOTE
r-devel-osx-x86_64-clang 1.0-10 66.86 NOTE
r-devel-windows-ix86+x86_64 1.0-10 10.00 57.00 67.00 NOTE
r-patched-linux-x86_64 1.0-10 3.06 34.23 37.30 NOTE
r-patched-solaris-sparc 1.0-10 423.10 NOTE
r-patched-solaris-x86 1.0-10 95.40 NOTE
r-release-linux-ix86 1.0-10 3.56 44.99 48.56 NOTE
r-release-linux-x86_64 1.0-10 2.84 34.98 37.82 NOTE
r-release-osx-x86_64-mavericks 1.0-10 NOTE
r-release-osx-x86_64-snowleopard 1.0-10 ERROR
r-release-windows-ix86+x86_64 1.0-10 9.00 55.00 64.00 NOTE
r-oldrel-windows-ix86+x86_64 1.0-10 10.00 56.00 66.00 NOTE

Check Details

Version: 1.0-10
Check: dependencies in R code
Result: NOTE
    Packages in Depends field not imported from:
     ‘BsMD’ ‘FrF2’
     These packages need to be imported from (in the NAMESPACE file)
     for when this namespace is loaded but not attached.
    See the information on DESCRIPTION files in the chapter ‘Creating R
    packages’ of the ‘Writing R Extensions’ manual.
Flavors: r-devel-linux-x86_64-debian-clang, r-devel-linux-x86_64-debian-gcc, r-devel-linux-x86_64-fedora-clang, r-devel-linux-x86_64-fedora-gcc, r-devel-osx-x86_64-clang, r-devel-windows-ix86+x86_64, r-patched-linux-x86_64, r-patched-solaris-sparc, r-patched-solaris-x86, r-release-linux-ix86, r-release-linux-x86_64, r-release-osx-x86_64-mavericks, r-release-windows-ix86+x86_64, r-oldrel-windows-ix86+x86_64

Version: 1.0-10
Check: whether package can be installed
Result: ERROR
    Installation failed.
    See ‘/Volumes/XT3/Builds/R-dev-web/QA/Simon/packages/snowleopard-x86_64/results/3.1/daewr.Rcheck/00install.out’ for details.
Flavor: r-release-osx-x86_64-snowleopard