CRAN Package Check Results for Package daewr

Last updated on 2015-03-04 00:47:04.

Flavor Version Tinstall Tcheck Ttotal Status Flags
r-devel-linux-x86_64-debian-clang 1.1-4 2.01 34.45 36.46 NOTE
r-devel-linux-x86_64-debian-gcc 1.1-4 1.93 31.50 33.42 NOTE
r-devel-linux-x86_64-fedora-clang 1.1-4 66.06 NOTE
r-devel-linux-x86_64-fedora-gcc 1.1-4 60.68 NOTE
r-devel-osx-x86_64-clang 1.1-4 61.90 NOTE
r-devel-windows-ix86+x86_64 1.1-4 8.00 53.00 61.00 NOTE
r-patched-linux-x86_64 1.1-4 4.69 39.24 43.92 OK
r-patched-solaris-sparc 1.1-4 497.90 OK
r-patched-solaris-x86 1.1-4 105.20 OK
r-release-linux-ix86 1.1-4 3.55 48.25 51.80 OK
r-release-linux-x86_64 1.1-4 4.35 39.72 44.07 OK
r-release-osx-x86_64-mavericks 1.1-4 OK
r-release-osx-x86_64-snowleopard 1.1-4 OK
r-release-windows-ix86+x86_64 1.1-4 16.00 73.00 89.00 OK
r-oldrel-windows-ix86+x86_64 1.1-4 12.00 72.00 84.00 OK

Check Details

Version: 1.1-4
Check: DESCRIPTION meta-information
Result: NOTE
    Malformed Description field: should contain one or more complete sentences.
Flavors: r-devel-linux-x86_64-debian-clang, r-devel-linux-x86_64-debian-gcc, r-devel-linux-x86_64-fedora-clang, r-devel-linux-x86_64-fedora-gcc, r-devel-osx-x86_64-clang, r-devel-windows-ix86+x86_64