CRAN Package Check Results for Package daewr

Last updated on 2014-12-18 17:51:26.

Flavor Version Tinstall Tcheck Ttotal Status Flags
r-devel-linux-x86_64-debian-clang 1.0-10 2.88 34.52 37.40 NOTE
r-devel-linux-x86_64-debian-gcc 1.1-4 3.08 36.53 39.60 OK
r-devel-linux-x86_64-fedora-clang 1.1-4 59.14 OK
r-devel-linux-x86_64-fedora-gcc 1.1-4 42.13 OK
r-devel-osx-x86_64-clang 1.1-4 74.43 OK
r-devel-windows-ix86+x86_64 1.1-4 10.00 54.00 64.00 OK
r-patched-linux-x86_64 1.1-4 3.65 38.64 42.28 OK
r-patched-solaris-sparc 1.1-4 445.30 OK
r-patched-solaris-x86 1.1-4 96.30 OK
r-release-linux-ix86 1.0-10 3.31 42.85 46.16 NOTE
r-release-linux-x86_64 1.0-10 2.91 34.84 37.75 NOTE
r-release-osx-x86_64-mavericks 1.1-4 OK
r-release-osx-x86_64-snowleopard 1.0-10 ERROR
r-release-windows-ix86+x86_64 1.1-4 11.00 61.00 72.00 OK
r-oldrel-windows-ix86+x86_64 1.1-4 13.00 63.00 76.00 OK

Check Details

Version: 1.0-10
Check: dependencies in R code
Result: NOTE
    Packages in Depends field not imported from:
     ‘BsMD’ ‘FrF2’
     These packages need to be imported from (in the NAMESPACE file)
     for when this namespace is loaded but not attached.
    See the information on DESCRIPTION files in the chapter ‘Creating R
    packages’ of the ‘Writing R Extensions’ manual.
Flavors: r-devel-linux-x86_64-debian-clang, r-release-linux-ix86, r-release-linux-x86_64

Version: 1.0-10
Check: R code for possible problems
Result: NOTE
    OptPB: no visible global function definition for ‘pb’
    fullnormal: no visible global function definition for ‘LenthPlot’
Flavors: r-devel-linux-x86_64-debian-clang, r-release-linux-ix86, r-release-linux-x86_64

Version: 1.0-10
Check: whether package can be installed
Result: ERROR
    Installation failed.
Flavor: r-release-osx-x86_64-snowleopard