CRAN Package Check Results for Package daewr

Last updated on 2014-09-16 05:48:18.

Flavor Version Tinstall Tcheck Ttotal Status Flags
r-devel-linux-x86_64-debian-clang 1.0-10 2.86 33.79 36.65 NOTE
r-devel-linux-x86_64-debian-gcc 1.0-10 2.73 32.98 35.71 NOTE
r-devel-linux-x86_64-fedora-clang 1.0-10 71.82 NOTE
r-devel-linux-x86_64-fedora-gcc 1.0-10 69.62 NOTE
r-devel-osx-x86_64-clang 1.0-10 61.31 NOTE
r-devel-windows-ix86+x86_64 1.0-10 11.00 52.00 63.00 NOTE
r-patched-linux-x86_64 1.0-10 3.06 34.38 37.45 NOTE
r-patched-solaris-sparc 1.0-10 438.40 NOTE
r-patched-solaris-x86 1.0-10 94.60 NOTE
r-release-linux-ix86 1.0-10 3.50 45.24 48.74 NOTE
r-release-linux-x86_64 1.0-10 2.92 37.32 40.24 NOTE
r-release-osx-x86_64-mavericks 1.0-10 NOTE
r-release-osx-x86_64-snowleopard 1.0-10 ERROR
r-release-windows-ix86+x86_64 1.0-10 9.00 55.00 64.00 NOTE
r-oldrel-windows-ix86+x86_64 1.0-10 10.00 58.00 68.00 NOTE

Check Details

Version: 1.0-10
Check: dependencies in R code
Result: NOTE
    Packages in Depends field not imported from:
     ‘BsMD’ ‘FrF2’
     These packages need to be imported from (in the NAMESPACE file)
     for when this namespace is loaded but not attached.
    See the information on DESCRIPTION files in the chapter ‘Creating R
    packages’ of the ‘Writing R Extensions’ manual.
Flavors: r-devel-linux-x86_64-debian-clang, r-devel-linux-x86_64-debian-gcc, r-devel-linux-x86_64-fedora-clang, r-devel-linux-x86_64-fedora-gcc, r-devel-osx-x86_64-clang, r-devel-windows-ix86+x86_64, r-patched-linux-x86_64, r-patched-solaris-sparc, r-patched-solaris-x86, r-release-linux-ix86, r-release-linux-x86_64, r-release-osx-x86_64-mavericks, r-release-windows-ix86+x86_64, r-oldrel-windows-ix86+x86_64

Version: 1.0-10
Check: R code for possible problems
Result: NOTE
    OptPB: no visible global function definition for ‘pb’
    fullnormal: no visible global function definition for ‘LenthPlot’
Flavors: r-devel-linux-x86_64-debian-clang, r-devel-linux-x86_64-debian-gcc, r-devel-linux-x86_64-fedora-clang, r-devel-linux-x86_64-fedora-gcc, r-devel-osx-x86_64-clang, r-devel-windows-ix86+x86_64

Version: 1.0-10
Check: whether package can be installed
Result: ERROR
    Installation failed.
Flavor: r-release-osx-x86_64-snowleopard