CRAN Package Check Results for Package daewr

Last updated on 2015-07-03 23:47:28.

Flavor Version Tinstall Tcheck Ttotal Status Flags
r-devel-linux-x86_64-debian-clang 1.1-4 2.01 32.75 34.76 NOTE
r-devel-linux-x86_64-debian-gcc 1.1-4 1.96 32.04 34.00 NOTE
r-devel-linux-x86_64-fedora-clang 1.1-4 64.71 NOTE
r-devel-linux-x86_64-fedora-gcc 1.1-4 57.49 NOTE
r-devel-osx-x86_64-clang 1.1-4 63.79 NOTE
r-devel-windows-ix86+x86_64 1.1-4 14.00 50.00 64.00 NOTE
r-patched-linux-x86_64 1.1-4 2.01 32.27 34.28 NOTE
r-patched-solaris-sparc 1.1-4 411.90 NOTE
r-patched-solaris-x86 1.1-4 86.90 NOTE
r-release-linux-x86_64 1.1-4 2.00 32.21 34.20 NOTE
r-release-osx-x86_64-mavericks 1.1-4 NOTE
r-release-windows-ix86+x86_64 1.1-4 12.00 52.00 64.00 NOTE
r-oldrel-windows-ix86+x86_64 1.1-4 15.00 74.00 89.00 OK

Check Details

Version: 1.1-4
Check: DESCRIPTION meta-information
Result: NOTE
    Malformed Description field: should contain one or more complete sentences.
Flavors: r-devel-linux-x86_64-debian-clang, r-devel-linux-x86_64-debian-gcc, r-devel-linux-x86_64-fedora-clang, r-devel-linux-x86_64-fedora-gcc, r-devel-osx-x86_64-clang, r-devel-windows-ix86+x86_64, r-patched-linux-x86_64, r-patched-solaris-sparc, r-patched-solaris-x86, r-release-linux-x86_64, r-release-osx-x86_64-mavericks, r-release-windows-ix86+x86_64

Version: 1.1-4
Check: R code for possible problems
Result: NOTE
    Fcrit: no visible global function definition for ‘qf’
    Fpower: no visible global function definition for ‘pf’
    Fpower1: no visible global function definition for ‘pf’
    Fpower2: no visible global function definition for ‘pf’
    Gaptest: no visible global function definition for ‘lm’
    Gaptest: no visible global function definition for ‘median’
    LGBc: no visible global function definition for ‘median’
    LGBc: no visible global function definition for ‘qnorm’
    LGBc: no visible global function definition for ‘lm’
    LGBc: no visible global function definition for ‘qt’
    LGBc: no visible global function definition for ‘plot’
    LGBc: no visible global function definition for ‘lines’
    LGBc: no visible global function definition for ‘text’
    Tukey1df: no visible global function definition for ‘pf’
    bstep: no visible global function definition for ‘lm’
    bstep: no visible global function definition for ‘model.matrix’
    bstep: no visible global function definition for ‘reformulate’
    bstep: no visible global function definition for ‘coefficients’
    bstep: no visible global function definition for ‘pf’
    colormap: no visible global function definition for ‘runif’
    colormap: no visible global function definition for ‘model.matrix’
    colormap: no visible global function definition for ‘lm’
    colormap: no visible global function definition for ‘cor’
    colormap: no visible global function definition for ‘colorRampPalette’
    fhstep: no visible global function definition for ‘lm’
    fhstep: no visible global function definition for ‘model.matrix’
    fhstep: no visible global function definition for ‘reformulate’
    fhstep: no visible global function definition for ‘cor’
    fullnormal: no visible global function definition for ‘qqnorm’
    fullnormal: no visible global function definition for ‘text’
    fullnormal: no visible global function definition for ‘median’
    fullnormal: no visible global function definition for ‘abline’
    gapstat: no visible global function definition for ‘qnorm’
    halfnorm: no visible global function definition for ‘qnorm’
    halfnorm: no visible global function definition for ‘plot’
    halfnorm: no visible global function definition for ‘text’
    halfnorm: no visible global function definition for ‘median’
    halfnorm: no visible global function definition for ‘abline’
    ihstep: no visible global function definition for ‘lm’
    ihstep: no visible global function definition for ‘model.matrix’
    ihstep: no visible global function definition for ‘reformulate’
    ihstep: no visible global function definition for ‘cor’
    vci: no visible global function definition for ‘qf’
    Undefined global functions or variables:
     abline coefficients colorRampPalette cor lines lm median model.matrix
     pf plot qf qnorm qqnorm qt reformulate runif text
Flavors: r-devel-linux-x86_64-debian-clang, r-devel-linux-x86_64-debian-gcc, r-devel-linux-x86_64-fedora-clang, r-devel-linux-x86_64-fedora-gcc, r-devel-windows-ix86+x86_64