CRAN Package Check Results for Package daewr

Last updated on 2015-05-27 05:47:35.

Flavor Version Tinstall Tcheck Ttotal Status Flags
r-devel-linux-x86_64-debian-clang 1.1-4 2.15 33.68 35.83 NOTE
r-devel-linux-x86_64-debian-gcc 1.1-4 1.93 31.62 33.55 NOTE
r-devel-linux-x86_64-fedora-clang 1.1-4 65.13 NOTE
r-devel-linux-x86_64-fedora-gcc 1.1-4 63.44 NOTE
r-devel-osx-x86_64-clang 1.1-4 60.41 NOTE
r-devel-windows-ix86+x86_64 1.1-4 8.00 51.00 59.00 NOTE
r-patched-linux-x86_64 1.1-4 2.04 31.07 33.12 NOTE
r-patched-solaris-sparc 1.1-4 411.90 NOTE
r-patched-solaris-x86 1.1-4 85.70 NOTE
r-release-linux-x86_64 1.1-4 1.96 32.62 34.58 NOTE
r-release-osx-x86_64-mavericks 1.1-4 NOTE
r-release-osx-x86_64-snowleopard 1.1-4 ERROR
r-release-windows-ix86+x86_64 1.1-4 9.00 53.00 62.00 NOTE
r-oldrel-windows-ix86+x86_64 1.1-4 12.00 63.00 75.00 OK

Check Details

Version: 1.1-4
Check: DESCRIPTION meta-information
Result: NOTE
    Malformed Description field: should contain one or more complete sentences.
Flavors: r-devel-linux-x86_64-debian-clang, r-devel-linux-x86_64-debian-gcc, r-devel-linux-x86_64-fedora-clang, r-devel-linux-x86_64-fedora-gcc, r-devel-osx-x86_64-clang, r-devel-windows-ix86+x86_64, r-patched-linux-x86_64, r-patched-solaris-sparc, r-patched-solaris-x86, r-release-linux-x86_64, r-release-osx-x86_64-mavericks, r-release-windows-ix86+x86_64

Version: 1.1-4
Check: package dependencies
Result: ERROR
    Package required but not available: ‘FrF2’
    
    See section ‘The DESCRIPTION file’ in the ‘Writing R Extensions’
    manual.
Flavor: r-release-osx-x86_64-snowleopard