CRAN Package Check Results for Package daewr

Last updated on 2014-10-25 19:47:34.

Flavor Version Tinstall Tcheck Ttotal Status Flags
r-devel-linux-x86_64-debian-clang 1.0-10 2.98 34.84 37.82 NOTE
r-devel-linux-x86_64-debian-gcc 1.0-10 2.89 34.21 37.10 NOTE
r-devel-linux-x86_64-fedora-clang 1.0-10 67.66 NOTE
r-devel-linux-x86_64-fedora-gcc 1.0-10 67.33 NOTE
r-devel-osx-x86_64-clang 1.0-10 66.55 NOTE
r-devel-windows-ix86+x86_64 1.0-10 9.00 47.00 56.00 NOTE
r-patched-linux-x86_64 1.0-10 3.01 35.13 38.14 NOTE
r-patched-solaris-sparc 1.0-10 417.90 NOTE
r-patched-solaris-x86 1.0-10 96.00 NOTE
r-release-linux-ix86 1.0-10 3.66 45.54 49.20 NOTE
r-release-linux-x86_64 1.0-10 2.92 35.47 38.39 NOTE
r-release-osx-x86_64-mavericks 1.0-10 NOTE
r-release-osx-x86_64-snowleopard 1.0-10 ERROR
r-release-windows-ix86+x86_64 1.0-10 10.00 51.00 61.00 NOTE
r-oldrel-windows-ix86+x86_64 1.0-10 12.00 54.00 66.00 NOTE

Check Details

Version: 1.0-10
Check: dependencies in R code
Result: NOTE
    Packages in Depends field not imported from:
     ‘BsMD’ ‘FrF2’
     These packages need to be imported from (in the NAMESPACE file)
     for when this namespace is loaded but not attached.
    See the information on DESCRIPTION files in the chapter ‘Creating R
    packages’ of the ‘Writing R Extensions’ manual.
Flavors: r-devel-linux-x86_64-debian-clang, r-devel-linux-x86_64-debian-gcc, r-devel-linux-x86_64-fedora-clang, r-devel-linux-x86_64-fedora-gcc, r-devel-osx-x86_64-clang, r-devel-windows-ix86+x86_64, r-patched-linux-x86_64, r-patched-solaris-sparc, r-patched-solaris-x86, r-release-linux-ix86, r-release-linux-x86_64, r-release-osx-x86_64-mavericks, r-release-windows-ix86+x86_64, r-oldrel-windows-ix86+x86_64

Version: 1.0-10
Check: R code for possible problems
Result: NOTE
    OptPB: no visible global function definition for ‘pb’
    fullnormal: no visible global function definition for ‘LenthPlot’
Flavors: r-devel-linux-x86_64-debian-clang, r-devel-linux-x86_64-debian-gcc, r-devel-linux-x86_64-fedora-clang, r-devel-linux-x86_64-fedora-gcc, r-devel-osx-x86_64-clang, r-devel-windows-ix86+x86_64, r-patched-linux-x86_64, r-patched-solaris-sparc, r-patched-solaris-x86

Version: 1.0-10
Check: whether package can be installed
Result: ERROR
    Installation failed.
Flavor: r-release-osx-x86_64-snowleopard