CRAN Package Check Results for Package daewr

Last updated on 2014-04-25 05:47:13.

Flavor Version Tinstall Tcheck Ttotal Status Flags
r-devel-linux-x86_64-debian-clang 1.0-10 3.20 36.18 39.38 NOTE
r-devel-linux-x86_64-debian-gcc 1.0-10 3.55 36.63 40.18 NOTE
r-devel-linux-x86_64-fedora-clang 1.0-10 77.22 NOTE
r-devel-linux-x86_64-fedora-gcc 1.0-10 72.75 NOTE
r-devel-osx-x86_64-clang 1.0-10 63.92 NOTE
r-devel-osx-x86_64-gcc 1.0-10 ERROR
r-devel-windows-ix86+x86_64 1.0-10 9.00 55.00 64.00 NOTE
r-patched-linux-x86_64 1.0-10 3.06 36.15 39.21 NOTE
r-patched-solaris-sparc 1.0-10 423.10 NOTE
r-patched-solaris-x86 1.0-10 97.70 NOTE
r-release-linux-ix86 1.0-10 5.00 62.00 67.00 NOTE
r-release-linux-x86_64 1.0-10 3.56 37.09 40.65 NOTE
r-release-osx-x86_64-mavericks 1.0-10 WARN
r-release-osx-x86_64-snowleopard 1.0-10 ERROR
r-release-windows-ix86+x86_64 1.0-10 10.00 58.00 68.00 NOTE
r-oldrel-windows-ix86+x86_64 1.0-10 9.00 56.00 65.00 NOTE

Check Details

Version: 1.0-10
Check: dependencies in R code
Result: NOTE
    Packages in Depends field not imported from:
     ‘BsMD’ ‘FrF2’
     These packages need to be imported from (in the NAMESPACE file)
     for when this namespace is loaded but not attached.
    See the information on DESCRIPTION files in the chapter ‘Creating R
    packages’ of the ‘Writing R Extensions’ manual.
Flavors: r-devel-linux-x86_64-debian-clang, r-devel-linux-x86_64-debian-gcc, r-devel-linux-x86_64-fedora-clang, r-devel-linux-x86_64-fedora-gcc, r-devel-osx-x86_64-clang, r-devel-windows-ix86+x86_64, r-patched-linux-x86_64, r-patched-solaris-sparc, r-patched-solaris-x86, r-release-linux-ix86, r-release-linux-x86_64, r-release-osx-x86_64-mavericks, r-release-windows-ix86+x86_64, r-oldrel-windows-ix86+x86_64

Version: 1.0-10
Check: package dependencies
Result: ERROR
    Package required but not available: ‘FrF2’
    
    See the information on DESCRIPTION files in the chapter ‘Creating R
    packages’ of the ‘Writing R Extensions’ manual.
Flavor: r-devel-osx-x86_64-gcc

Version: 1.0-10
Check: PDF version of manual
Result: WARNING
    LaTeX errors when creating PDF version.
    This typically indicates Rd problems.
    LaTeX errors found:
    ! LaTeX Error: File `upquote.sty' not found.
    
    Type X to quit or <RETURN> to proceed,
    or enter new name. (Default extension: sty)
    
    d1461e5/Rd2.tex:8: ==> Fatal error occurred, no output PDF file produced!
Flavor: r-release-osx-x86_64-mavericks

Version: 1.0-10
Check: whether package can be installed
Result: ERROR
    Installation failed.
    See ‘/Volumes/XT3/Builds/R-dev-web/QA/Simon/packages/snowleopard-x86_64/results/3.1/daewr.Rcheck/00install.out’ for details.
Flavor: r-release-osx-x86_64-snowleopard