CRAN Package Check Results for Package dafs

Last updated on 2014-09-30 21:47:51.

Flavor Version Tinstall Tcheck Ttotal Status Flags
r-devel-linux-x86_64-debian-clang 1.0-37 1.88 13.09 14.97 NOTE
r-devel-linux-x86_64-debian-gcc 1.0-37 1.21 12.67 13.88 NOTE
r-devel-linux-x86_64-fedora-clang 1.0-37 27.98 NOTE
r-devel-linux-x86_64-fedora-gcc 1.0-37 28.04 NOTE
r-devel-osx-x86_64-clang 1.0-37 30.86 NOTE
r-devel-windows-ix86+x86_64 1.0-37 4.00 21.00 25.00 NOTE
r-patched-linux-x86_64 1.0-37 1.27 13.60 14.87 NOTE
r-patched-solaris-sparc 1.0-37 156.80 NOTE
r-patched-solaris-x86 1.0-37 39.90 NOTE
r-release-linux-ix86 1.0-37 1.69 19.98 21.66 NOTE
r-release-linux-x86_64 1.0-37 1.28 13.21 14.49 NOTE
r-release-osx-x86_64-mavericks 1.0-37 NOTE
r-release-osx-x86_64-snowleopard 1.0-37 OK
r-release-windows-ix86+x86_64 1.0-37 7.00 29.00 36.00 NOTE
r-oldrel-windows-ix86+x86_64 1.0-37 4.00 23.00 27.00 NOTE

Check Details

Version: 1.0-37
Check: dependencies in R code
Result: NOTE
    Package in Depends field not imported from: ‘s20x’
     These packages need to be imported from (in the NAMESPACE file)
     for when this namespace is loaded but not attached.
    See the information on DESCRIPTION files in the chapter ‘Creating R
    packages’ of the ‘Writing R Extensions’ manual.
Flavors: r-devel-linux-x86_64-debian-clang, r-devel-linux-x86_64-debian-gcc, r-devel-linux-x86_64-fedora-clang, r-devel-linux-x86_64-fedora-gcc, r-devel-osx-x86_64-clang, r-devel-windows-ix86+x86_64, r-patched-linux-x86_64, r-patched-solaris-sparc, r-patched-solaris-x86, r-release-linux-ix86, r-release-linux-x86_64, r-release-osx-x86_64-mavericks, r-release-windows-ix86+x86_64, r-oldrel-windows-ix86+x86_64

Version: 1.0-37
Check: Rd line widths
Result: NOTE
    Rd file 'intPlot.Rd':
     \usage lines wider than 90 characters:
     intPlot(y, fac1 = NULL, fac2 = NULL, xlab = NULL, xlab2 = NULL, ylab = NULL, data.order=TRUE, exlim=0.1, jitter=0.02, conf.level=0.95, ... [TRUNCATED]
     intPlot(y, data, xlab = NULL, xlab2 = NULL, ylab = NULL, data.order = TRUE, exlim=0.1, jitter=0.02, conf.level=0.95, interval.type="tu ... [TRUNCATED]
    
    These lines will be truncated in the PDF manual.
Flavors: r-devel-linux-x86_64-debian-clang, r-devel-linux-x86_64-debian-gcc, r-devel-linux-x86_64-fedora-clang, r-devel-linux-x86_64-fedora-gcc, r-patched-linux-x86_64, r-release-linux-x86_64