CRAN Package Check Results for Package dafs

Last updated on 2024-05-26 12:50:54 CEST.

Flavor Version Tinstall Tcheck Ttotal Status Flags
r-devel-linux-x86_64-debian-clang 1.0-38 3.29 43.58 46.87 NOTE
r-devel-linux-x86_64-debian-gcc 1.0-38 2.33 34.13 36.46 NOTE
r-devel-linux-x86_64-fedora-clang 1.0-38 62.61 NOTE
r-devel-linux-x86_64-fedora-gcc 1.0-38 56.77 NOTE
r-devel-windows-x86_64 1.0-38 4.00 69.00 73.00 NOTE
r-patched-linux-x86_64 1.0-38 3.11 43.30 46.41 NOTE
r-release-linux-x86_64 1.0-38 3.22 43.44 46.66 NOTE
r-release-macos-arm64 1.0-38 23.00 NOTE
r-release-windows-x86_64 1.0-38 3.00 71.00 74.00 NOTE
r-oldrel-macos-arm64 1.0-38 23.00 OK
r-oldrel-macos-x86_64 1.0-38 35.00 OK
r-oldrel-windows-x86_64 1.0-38 5.00 75.00 80.00 OK

Check Details

Version: 1.0-38
Check: Rd files
Result: NOTE checkRd: (-1) formatScientificTeX.Rd:33: Lost braces; missing escapes or markup? 33 | function will return " 3.0\\\\times 10^{2}" | ^ Flavors: r-devel-linux-x86_64-debian-clang, r-devel-linux-x86_64-debian-gcc, r-devel-linux-x86_64-fedora-clang, r-devel-linux-x86_64-fedora-gcc, r-devel-windows-x86_64, r-patched-linux-x86_64, r-release-linux-x86_64, r-release-macos-arm64, r-release-windows-x86_64