CRAN Package Check Results for Package dafs

Last updated on 2015-08-28 08:46:52.

Flavor Version Tinstall Tcheck Ttotal Status Flags
r-devel-linux-x86_64-debian-clang 1.0-37 0.94 11.38 12.32 NOTE
r-devel-linux-x86_64-debian-gcc 1.0-37 0.99 11.17 12.16 NOTE
r-devel-linux-x86_64-fedora-clang 1.0-37 23.17 NOTE
r-devel-linux-x86_64-fedora-gcc 1.0-37 22.47 NOTE
r-devel-osx-x86_64-clang 1.0-37 24.66 NOTE
r-devel-windows-ix86+x86_64 1.0-37 10.00 33.00 43.00 NOTE
r-patched-linux-x86_64 1.0-37 0.95 11.93 12.88 NOTE
r-patched-solaris-sparc 1.0-37 154.90 NOTE
r-patched-solaris-x86 1.0-37 35.40 NOTE
r-release-linux-x86_64 1.0-37 0.96 11.54 12.50 NOTE
r-release-osx-x86_64-mavericks 1.0-37 NOTE
r-release-windows-ix86+x86_64 1.0-37 6.00 30.00 36.00 NOTE
r-oldrel-windows-ix86+x86_64 1.0-37 9.00 43.00 52.00 NOTE

Check Details

Version: 1.0-37
Check: DESCRIPTION meta-information
Result: NOTE
    Malformed Description field: should contain one or more complete sentences.
Flavors: r-devel-linux-x86_64-debian-clang, r-devel-linux-x86_64-debian-gcc, r-devel-linux-x86_64-fedora-clang, r-devel-linux-x86_64-fedora-gcc, r-devel-osx-x86_64-clang, r-devel-windows-ix86+x86_64, r-patched-linux-x86_64, r-patched-solaris-sparc, r-patched-solaris-x86, r-release-linux-x86_64, r-release-osx-x86_64-mavericks, r-release-windows-ix86+x86_64

Version: 1.0-37
Check: dependencies in R code
Result: NOTE
    Package in Depends field not imported from: ‘s20x’
     These packages need to be imported from (in the NAMESPACE file)
     for when this namespace is loaded but not attached.
Flavors: r-devel-linux-x86_64-debian-clang, r-devel-linux-x86_64-debian-gcc, r-devel-linux-x86_64-fedora-clang, r-devel-linux-x86_64-fedora-gcc, r-devel-osx-x86_64-clang, r-devel-windows-ix86+x86_64, r-patched-linux-x86_64, r-patched-solaris-sparc, r-patched-solaris-x86, r-release-linux-x86_64, r-release-osx-x86_64-mavericks, r-release-windows-ix86+x86_64, r-oldrel-windows-ix86+x86_64

Version: 1.0-37
Check: R code for possible problems
Result: NOTE
    StangleBook: no visible global function definition for ‘Stangle’
    SweaveBook: no visible global function definition for ‘Sweave’
    fitPvalue: no visible global function definition for ‘pf’
    halfnorm: no visible global function definition for ‘residuals’
    halfnorm: no visible global function definition for ‘ppoints’
    halfnorm: no visible global function definition for ‘plot’
    halfnorm: no visible global function definition for ‘qnorm’
    halfnorm: no visible global function definition for ‘text’
    intPlot.default: no visible global function definition for
     ‘gray.colors’
    intPlot.default: no visible global function definition for ‘plot’
    intPlot.default: no visible global function definition for ‘axis’
    intPlot.default: no visible global function definition for ‘points’
    intPlot.default: no visible global function definition for ‘runif’
    intPlot.default: no visible global function definition for ‘text’
    intPlot.default: no visible global function definition for ‘lm’
    intPlot.default: no visible global function definition for ‘sd’
    intPlot.default: no visible global function definition for ‘qtukey’
    intPlot.default: no visible global function definition for ‘qt’
    intPlot.default: no visible global function definition for ‘arrows’
    intPlot.default: no visible global function definition for ‘segments’
    intPlot.default: no visible global function definition for ‘lines’
    intPlot.default: no visible global function definition for ‘legend’
    intPlot.formula: no visible global function definition for ‘terms’
    pairsDAFS : panel.smooth.mod: no visible global function definition for
     ‘par’
    pairsDAFS : panel.smooth.mod: no visible global function definition for
     ‘points’
    pairsDAFS : panel.smooth.mod: no visible global function definition for
     ‘lines’
    pairsDAFS : panel.hist.mod: no visible global function definition for
     ‘par’
    pairsDAFS : panel.hist.mod: no visible global function definition for
     ‘hist’
    pairsDAFS : panel.hist.mod: no visible global function definition for
     ‘rect’
    pairsDAFS : panel.cor: no visible global function definition for ‘par’
    pairsDAFS : panel.cor: no visible global function definition for ‘cor’
    pairsDAFS : panel.cor: no visible global function definition for
     ‘strwidth’
    pairsDAFS : panel.cor: no visible global function definition for ‘text’
    pairsDAFS: no visible global function definition for ‘pairs’
    plotBoth: no visible global function definition for ‘postscript’
    plotBoth: no visible global function definition for ‘graphics.off’
    plotBoth: no visible global function definition for ‘embedFonts’
    plotBoth: no visible global function definition for ‘pdf’
    plotRegDiagPlots: no visible global function definition for ‘par’
    plotRegDiagPlots: no visible global function definition for ‘residuals’
    plotRegDiagPlots: no visible global function definition for ‘fitted’
    plotRegDiagPlots: no visible global function definition for ‘plot’
    plotRegDiagPlots: no visible global function definition for ‘abline’
    plotRegDiagPlots: no visible global function definition for ‘box’
    plotRegDiagPlots: no visible global function definition for ‘sd’
    plotRegDiagPlots: no visible global function definition for ‘hist’
    plotRegDiagPlots: no visible global function definition for ‘dnorm’
    plotRegDiagPlots: no visible global function definition for ‘lines’
    plotRegDiagPlots: no visible global function definition for ‘qnorm’
    plotRegDiagPlots: no visible global function definition for ‘ppoints’
    plotRegDiagPlots: no visible global function definition for ‘lm’
    plotRegDiagPlots: no visible global function definition for ‘qqnorm’
    shadeDens: no visible global function definition for ‘polygon’
    Undefined global functions or variables:
     Stangle Sweave abline arrows axis box cor dnorm embedFonts fitted
     graphics.off gray.colors hist legend lines lm pairs par pdf pf plot
     points polygon postscript ppoints qnorm qqnorm qt qtukey rect
     residuals runif sd segments strwidth terms text
    Consider adding
     importFrom("grDevices", "embedFonts", "graphics.off", "gray.colors",
     "pdf", "postscript")
     importFrom("graphics", "abline", "arrows", "axis", "box", "hist",
     "legend", "lines", "pairs", "par", "plot", "points",
     "polygon", "rect", "segments", "strwidth", "text")
     importFrom("stats", "cor", "dnorm", "fitted", "lm", "pf", "ppoints",
     "qnorm", "qqnorm", "qt", "qtukey", "residuals", "runif",
     "sd", "terms")
     importFrom("utils", "Stangle", "Sweave")
    to your NAMESPACE.
Flavors: r-devel-linux-x86_64-debian-clang, r-devel-linux-x86_64-debian-gcc, r-devel-linux-x86_64-fedora-clang, r-devel-linux-x86_64-fedora-gcc, r-devel-windows-ix86+x86_64

Version: 1.0-37
Check: Rd line widths
Result: NOTE
    Rd file 'intPlot.Rd':
     \usage lines wider than 90 characters:
     intPlot(y, fac1 = NULL, fac2 = NULL, xlab = NULL, xlab2 = NULL, ylab = NULL, data.order=TRUE, exlim=0.1, jitter=0.02, conf.level=0.95, ... [TRUNCATED]
     intPlot(y, data, xlab = NULL, xlab2 = NULL, ylab = NULL, data.order = TRUE, exlim=0.1, jitter=0.02, conf.level=0.95, interval.type="tu ... [TRUNCATED]
    
    These lines will be truncated in the PDF manual.
Flavors: r-devel-linux-x86_64-debian-clang, r-devel-linux-x86_64-debian-gcc, r-devel-linux-x86_64-fedora-clang, r-devel-linux-x86_64-fedora-gcc, r-patched-linux-x86_64, r-release-linux-x86_64