CRAN Package Check Results for Package dafs

Last updated on 2015-01-30 03:48:59.

Flavor Version Tinstall Tcheck Ttotal Status Flags
r-devel-linux-x86_64-debian-clang 1.0-37 1.50 12.02 13.51 NOTE
r-devel-linux-x86_64-debian-gcc 1.0-37 0.98 11.49 12.47 NOTE
r-devel-linux-x86_64-fedora-clang 1.0-37 27.25 NOTE
r-devel-linux-x86_64-fedora-gcc 1.0-37 25.99 NOTE
r-devel-osx-x86_64-clang 1.0-37 32.75 NOTE
r-devel-windows-ix86+x86_64 1.0-37 6.00 24.00 30.00 NOTE
r-patched-linux-x86_64 1.0-37 1.45 13.90 15.35 NOTE
r-patched-solaris-sparc 1.0-37 190.90 NOTE
r-patched-solaris-x86 1.0-37 40.00 NOTE
r-release-linux-ix86 1.0-37 1.72 19.18 20.90 NOTE
r-release-linux-x86_64 1.0-37 1.26 13.14 14.39 NOTE
r-release-osx-x86_64-mavericks 1.0-37 NOTE
r-release-osx-x86_64-snowleopard 1.0-37 OK
r-release-windows-ix86+x86_64 1.0-37 9.00 38.00 47.00 NOTE
r-oldrel-windows-ix86+x86_64 1.0-37 7.00 29.00 36.00 NOTE

Check Details

Version: 1.0-37
Check: dependencies in R code
Result: NOTE
    Package in Depends field not imported from: ‘s20x’
     These packages need to be imported from (in the NAMESPACE file)
     for when this namespace is loaded but not attached.
Flavors: r-devel-linux-x86_64-debian-clang, r-devel-linux-x86_64-debian-gcc, r-devel-linux-x86_64-fedora-clang, r-devel-linux-x86_64-fedora-gcc, r-devel-osx-x86_64-clang, r-devel-windows-ix86+x86_64

Version: 1.0-37
Check: Rd line widths
Result: NOTE
    Rd file 'intPlot.Rd':
     \usage lines wider than 90 characters:
     intPlot(y, fac1 = NULL, fac2 = NULL, xlab = NULL, xlab2 = NULL, ylab = NULL, data.order=TRUE, exlim=0.1, jitter=0.02, conf.level=0.95, ... [TRUNCATED]
     intPlot(y, data, xlab = NULL, xlab2 = NULL, ylab = NULL, data.order = TRUE, exlim=0.1, jitter=0.02, conf.level=0.95, interval.type="tu ... [TRUNCATED]
    
    These lines will be truncated in the PDF manual.
Flavors: r-devel-linux-x86_64-debian-clang, r-devel-linux-x86_64-debian-gcc, r-devel-linux-x86_64-fedora-clang, r-devel-linux-x86_64-fedora-gcc, r-patched-linux-x86_64, r-release-linux-x86_64

Version: 1.0-37
Check: dependencies in R code
Result: NOTE
    Package in Depends field not imported from: ‘s20x’
     These packages need to be imported from (in the NAMESPACE file)
     for when this namespace is loaded but not attached.
    See the information on DESCRIPTION files in the chapter ‘Creating R
    packages’ of the ‘Writing R Extensions’ manual.
Flavors: r-patched-linux-x86_64, r-patched-solaris-sparc, r-patched-solaris-x86, r-release-linux-ix86, r-release-linux-x86_64, r-release-osx-x86_64-mavericks, r-release-windows-ix86+x86_64, r-oldrel-windows-ix86+x86_64