CRAN Package Check Results for Package dagitty

Last updated on 2022-05-17 05:52:44 CEST.

Flavor Version Tinstall Tcheck Ttotal Status Flags
r-devel-linux-x86_64-debian-clang 0.3-1 6.54 66.88 73.42 NOTE
r-devel-linux-x86_64-debian-gcc 0.3-1 4.09 50.13 54.22 NOTE
r-devel-linux-x86_64-fedora-clang 0.3-1 85.53 NOTE
r-devel-linux-x86_64-fedora-gcc 0.3-1 89.08 NOTE
r-devel-windows-x86_64 0.3-1 25.00 84.00 109.00 NOTE
r-patched-linux-x86_64 0.3-1 6.33 62.89 69.22 NOTE
r-release-linux-x86_64 0.3-1 5.76 64.33 70.09 NOTE
r-release-macos-arm64 0.3-1 27.00 NOTE
r-release-macos-x86_64 0.3-1 40.00 NOTE
r-release-windows-x86_64 0.3-1 39.00 87.00 126.00 NOTE
r-oldrel-macos-arm64 0.3-1 30.00 NOTE
r-oldrel-macos-x86_64 0.3-1 49.00 NOTE
r-oldrel-windows-ix86+x86_64 0.3-1 16.00 88.00 104.00 NOTE

Check Details

Version: 0.3-1
Check: LazyData
Result: NOTE
     'LazyData' is specified without a 'data' directory
Flavors: r-devel-linux-x86_64-debian-clang, r-devel-linux-x86_64-debian-gcc, r-devel-linux-x86_64-fedora-clang, r-devel-linux-x86_64-fedora-gcc, r-devel-windows-x86_64, r-patched-linux-x86_64, r-release-linux-x86_64, r-release-macos-arm64, r-release-macos-x86_64, r-release-windows-x86_64, r-oldrel-macos-arm64, r-oldrel-macos-x86_64, r-oldrel-windows-ix86+x86_64