CRAN Package Check Results for Package dagitty

Last updated on 2021-10-24 01:51:27 CEST.

Flavor Version Tinstall Tcheck Ttotal Status Flags
r-devel-linux-x86_64-debian-clang 0.3-1 4.72 52.03 56.75 NOTE
r-devel-linux-x86_64-debian-gcc 0.3-1 4.61 39.69 44.30 NOTE
r-devel-linux-x86_64-fedora-clang 0.3-1 85.06 NOTE
r-devel-linux-x86_64-fedora-gcc 0.3-1 70.05 NOTE
r-devel-windows-x86_64 0.3-1 11.00 87.00 98.00 NOTE
r-devel-windows-x86_64-gcc10-UCRT 0.3-1 NOTE
r-patched-linux-x86_64 0.3-1 6.62 50.44 57.06 NOTE
r-patched-solaris-x86 0.3-1 93.10 NOTE
r-release-linux-x86_64 0.3-1 5.81 50.47 56.28 NOTE
r-release-macos-arm64 0.3-1 NOTE
r-release-macos-x86_64 0.3-1 NOTE
r-release-windows-ix86+x86_64 0.3-1 11.00 89.00 100.00 NOTE
r-oldrel-macos-x86_64 0.3-1 OK
r-oldrel-windows-ix86+x86_64 0.3-1 15.00 82.00 97.00 OK

Check Details

Version: 0.3-1
Check: LazyData
Result: NOTE
     'LazyData' is specified without a 'data' directory
Flavors: r-devel-linux-x86_64-debian-clang, r-devel-linux-x86_64-debian-gcc, r-devel-linux-x86_64-fedora-clang, r-devel-linux-x86_64-fedora-gcc, r-devel-windows-x86_64, r-devel-windows-x86_64-gcc10-UCRT, r-patched-linux-x86_64, r-patched-solaris-x86, r-release-linux-x86_64, r-release-macos-arm64, r-release-macos-x86_64, r-release-windows-ix86+x86_64