CRAN Package Check Results for Package daiR

Last updated on 2022-05-24 19:58:08 CEST.

Flavor Version Tinstall Tcheck Ttotal Status Flags
r-devel-linux-x86_64-debian-clang 0.9.0 4.58 81.02 85.60 OK
r-devel-linux-x86_64-debian-gcc 0.9.0 3.71 60.44 64.15 OK
r-devel-linux-x86_64-fedora-clang 0.9.0 98.27 NOTE
r-devel-linux-x86_64-fedora-gcc 0.9.0 96.03 NOTE
r-devel-windows-x86_64 0.9.0 26.00 118.00 144.00 OK
r-patched-linux-x86_64 0.9.0 4.97 77.12 82.09 OK
r-release-linux-x86_64 0.9.0 OK
r-release-macos-arm64 0.9.0 28.00 NOTE
r-release-macos-x86_64 0.9.0 43.00 NOTE
r-release-windows-x86_64 0.9.0 30.00 115.00 145.00 OK
r-oldrel-macos-arm64 0.9.0 41.00 NOTE
r-oldrel-macos-x86_64 0.9.0 45.00 NOTE
r-oldrel-windows-ix86+x86_64 0.9.0 11.00 97.00 108.00 OK

Check Details

Version: 0.9.0
Check: dependencies in R code
Result: NOTE
    Namespaces in Imports field not imported from:
     ‘curl’ ‘fs’ ‘googleCloudStorageR’
     All declared Imports should be used.
Flavors: r-devel-linux-x86_64-fedora-clang, r-devel-linux-x86_64-fedora-gcc, r-release-macos-arm64, r-release-macos-x86_64, r-oldrel-macos-arm64, r-oldrel-macos-x86_64