CRAN Package Check Results for Package darch

Last updated on 2016-12-05 16:47:12.

Flavor Version Tinstall Tcheck Ttotal Status Flags
r-devel-linux-x86_64-debian-clang 0.12.0 31.80 54.19 85.99 OK
r-devel-linux-x86_64-debian-gcc 0.12.0 31.19 54.73 85.92 OK
r-devel-linux-x86_64-fedora-clang 0.12.0 194.04 NOTE --no-stop-on-test-error
r-devel-linux-x86_64-fedora-gcc 0.12.0 179.04 NOTE --no-stop-on-test-error
r-devel-macos-x86_64-clang 0.12.0 134.04 NOTE
r-devel-windows-ix86+x86_64 0.12.0 102.00 116.00 218.00 NOTE
r-patched-linux-x86_64 0.12.0 26.65 51.33 77.98 OK
r-patched-solaris-sparc 0.12.0 965.10 NOTE
r-patched-solaris-x86 0.12.0 193.40 NOTE
r-release-linux-x86_64 0.12.0 28.26 50.92 79.18 OK
r-release-osx-x86_64-mavericks 0.12.0 NOTE
r-release-windows-ix86+x86_64 0.12.0 137.00 153.00 290.00 NOTE
r-oldrel-windows-ix86+x86_64 0.12.0 134.00 176.00 310.00 NOTE

Check Details

Version: 0.12.0
Flags: --no-stop-on-test-error
Check: package dependencies
Result: NOTE
    Package suggested but not available for checking: ‘gputools’
Flavors: r-devel-linux-x86_64-fedora-clang, r-devel-linux-x86_64-fedora-gcc

Version: 0.12.0
Flags: --no-stop-on-test-error
Check: Rd cross-references
Result: NOTE
    Package unavailable to check Rd xrefs: ‘gputools’
Flavors: r-devel-linux-x86_64-fedora-clang, r-devel-linux-x86_64-fedora-gcc

Version: 0.12.0
Check: package dependencies
Result: NOTE
    Package suggested but not available for checking: ‘gputools’
Flavors: r-devel-macos-x86_64-clang, r-devel-windows-ix86+x86_64, r-patched-solaris-sparc, r-patched-solaris-x86, r-release-osx-x86_64-mavericks, r-release-windows-ix86+x86_64, r-oldrel-windows-ix86+x86_64

Version: 0.12.0
Check: Rd cross-references
Result: NOTE
    Package unavailable to check Rd xrefs: ‘gputools’
Flavors: r-devel-macos-x86_64-clang, r-devel-windows-ix86+x86_64, r-patched-solaris-sparc, r-patched-solaris-x86, r-release-osx-x86_64-mavericks, r-release-windows-ix86+x86_64, r-oldrel-windows-ix86+x86_64