CRAN Package Check Results for Package darch

Last updated on 2016-05-25 23:47:46.

Flavor Version Tinstall Tcheck Ttotal Status Flags
r-devel-linux-x86_64-debian-gcc 0.10.0 2.33 25.24 27.56 OK
r-devel-linux-x86_64-fedora-clang 0.10.0 53.97 NOTE
r-devel-linux-x86_64-fedora-gcc 0.10.0 46.26 NOTE
r-devel-osx-x86_64-clang 0.10.0 57.62 NOTE
r-devel-windows-ix86+x86_64 0.10.0 8.00 52.00 60.00 NOTE
r-patched-linux-x86_64 0.10.0 2.36 25.93 28.29 OK
r-patched-solaris-sparc 0.10.0 316.10 NOTE
r-patched-solaris-x86 0.10.0 64.40 NOTE
r-release-linux-x86_64 0.10.0 2.38 26.40 28.78 OK
r-release-osx-x86_64-mavericks 0.10.0 NOTE
r-release-windows-ix86+x86_64 0.10.0 13.00 69.00 82.00 NOTE
r-oldrel-windows-ix86+x86_64 0.10.0 11.00 66.00 77.00 NOTE

Check Details

Version: 0.10.0
Check: package dependencies
Result: NOTE
    Package suggested but not available for checking: ‘gputools’
Flavors: r-devel-linux-x86_64-fedora-clang, r-devel-linux-x86_64-fedora-gcc, r-devel-osx-x86_64-clang, r-devel-windows-ix86+x86_64, r-patched-solaris-sparc, r-patched-solaris-x86, r-release-osx-x86_64-mavericks, r-release-windows-ix86+x86_64, r-oldrel-windows-ix86+x86_64