CRAN Package Check Results for Package darch

Last updated on 2018-01-17 18:46:44 CET.

Flavor Version Tinstall Tcheck Ttotal Status Flags
r-devel-linux-x86_64-debian-clang 0.12.0 44.68 110.62 155.30 WARN
r-devel-linux-x86_64-debian-gcc 0.12.0 36.13 86.42 122.55 WARN
r-devel-linux-x86_64-fedora-clang 0.12.0 205.22 WARN
r-devel-linux-x86_64-fedora-gcc 0.12.0 210.06 WARN
r-devel-windows-ix86+x86_64 0.12.0 124.00 153.00 277.00 WARN
r-patched-linux-x86_64 0.12.0 53.06 118.67 171.73 WARN
r-patched-solaris-x86 0.12.0 291.40 WARN
r-release-linux-x86_64 0.12.0 44.54 117.14 161.68 WARN
r-release-windows-ix86+x86_64 0.12.0 123.00 166.00 289.00 WARN
r-release-osx-x86_64 0.12.0 NOTE
r-oldrel-windows-ix86+x86_64 0.12.0 168.00 160.00 328.00 WARN
r-oldrel-osx-x86_64 0.12.0 NOTE

Check Details

Version: 0.12.0
Check: package dependencies
Result: NOTE
    Package suggested but not available for checking: ‘gputools’
Flavors: r-devel-linux-x86_64-debian-clang, r-devel-linux-x86_64-debian-gcc, r-devel-linux-x86_64-fedora-clang, r-devel-linux-x86_64-fedora-gcc, r-devel-windows-ix86+x86_64, r-patched-linux-x86_64, r-patched-solaris-x86, r-release-linux-x86_64, r-release-windows-ix86+x86_64, r-release-osx-x86_64, r-oldrel-windows-ix86+x86_64, r-oldrel-osx-x86_64

Version: 0.12.0
Check: Rd cross-references
Result: WARN
    Unknown package ‘gputools’ in Rd xrefs
Flavors: r-devel-linux-x86_64-debian-clang, r-devel-linux-x86_64-debian-gcc, r-devel-linux-x86_64-fedora-clang, r-devel-linux-x86_64-fedora-gcc, r-devel-windows-ix86+x86_64, r-patched-linux-x86_64, r-patched-solaris-x86, r-release-linux-x86_64, r-release-windows-ix86+x86_64, r-oldrel-windows-ix86+x86_64

Version: 0.12.0
Check: compiled code
Result: NOTE
    File ‘darch/libs/darch.so’:
     Found no calls to: ‘R_registerRoutines’, ‘R_useDynamicSymbols’
    
    It is good practice to register native routines and to disable symbol
    search.
    
    See ‘Writing portable packages’ in the ‘Writing R Extensions’ manual.
Flavors: r-devel-linux-x86_64-debian-clang, r-devel-linux-x86_64-debian-gcc, r-devel-linux-x86_64-fedora-clang, r-devel-linux-x86_64-fedora-gcc, r-patched-linux-x86_64, r-release-linux-x86_64

Version: 0.12.0
Check: Rd cross-references
Result: NOTE
    Package unavailable to check Rd xrefs: ‘gputools’
Flavors: r-release-osx-x86_64, r-oldrel-osx-x86_64