CRAN Package Check Results for Package darch

Last updated on 2016-07-29 08:48:05.

Flavor Version Tinstall Tcheck Ttotal Status Flags
r-devel-linux-x86_64-debian-clang 0.12.0 36.29 54.77 91.06 OK
r-devel-linux-x86_64-debian-gcc 0.12.0 39.58 62.47 102.05 OK
r-devel-linux-x86_64-fedora-clang 0.12.0 177.37 NOTE
r-devel-linux-x86_64-fedora-gcc 0.12.0 156.04 NOTE
r-devel-osx-x86_64-clang 0.12.0 126.36 NOTE
r-devel-windows-ix86+x86_64 0.12.0 132.00 156.00 288.00 NOTE
r-patched-linux-x86_64 0.12.0 31.77 58.82 90.58 OK
r-patched-solaris-sparc 0.12.0 947.00 NOTE
r-patched-solaris-x86 0.12.0 190.50 NOTE
r-release-linux-x86_64 0.12.0 32.42 62.26 94.67 OK
r-release-osx-x86_64-mavericks 0.12.0 NOTE
r-release-windows-ix86+x86_64 0.12.0 129.00 159.00 288.00 NOTE
r-oldrel-windows-ix86+x86_64 0.12.0 123.00 167.00 290.00 NOTE

Check Details

Version: 0.12.0
Check: package dependencies
Result: NOTE
    Package suggested but not available for checking: ‘gputools’
Flavors: r-devel-linux-x86_64-fedora-clang, r-devel-linux-x86_64-fedora-gcc, r-devel-osx-x86_64-clang, r-devel-windows-ix86+x86_64, r-patched-solaris-sparc, r-patched-solaris-x86, r-release-osx-x86_64-mavericks, r-release-windows-ix86+x86_64, r-oldrel-windows-ix86+x86_64

Version: 0.12.0
Check: Rd cross-references
Result: NOTE
    Package unavailable to check Rd xrefs: ‘gputools’
Flavors: r-devel-linux-x86_64-fedora-clang, r-devel-linux-x86_64-fedora-gcc, r-devel-osx-x86_64-clang, r-devel-windows-ix86+x86_64, r-patched-solaris-sparc, r-patched-solaris-x86, r-release-osx-x86_64-mavericks, r-release-windows-ix86+x86_64, r-oldrel-windows-ix86+x86_64