CRAN Package Check Results for Package darch

Last updated on 2017-01-18 12:54:30.

Flavor Version Tinstall Tcheck Ttotal Status Flags
r-devel-linux-x86_64-debian-clang 0.12.0 32.32 53.18 85.50 OK
r-devel-linux-x86_64-debian-gcc 0.12.0 31.29 52.36 83.65 OK
r-devel-linux-x86_64-fedora-clang 0.12.0 192.46 NOTE --no-stop-on-test-error
r-devel-linux-x86_64-fedora-gcc 0.12.0 177.62 NOTE --no-stop-on-test-error
r-devel-macos-x86_64-clang 0.12.0 130.83 NOTE --no-stop-on-test-error
r-devel-windows-ix86+x86_64 0.12.0 135.00 114.00 249.00 NOTE
r-patched-linux-x86_64 0.12.0 29.26 49.97 79.23 OK
r-patched-solaris-sparc 0.12.0 945.30 NOTE
r-patched-solaris-x86 0.12.0 197.10 NOTE
r-release-linux-x86_64 0.12.0 27.68 49.86 77.55 OK
r-release-osx-x86_64-mavericks 0.12.0 NOTE
r-release-windows-ix86+x86_64 0.12.0 104.00 115.00 219.00 NOTE
r-oldrel-windows-ix86+x86_64 0.12.0 84.00 139.00 223.00 NOTE

Check Details

Version: 0.12.0
Flags: --no-stop-on-test-error
Check: package dependencies
Result: NOTE
    Package suggested but not available for checking: ‘gputools’
Flavors: r-devel-linux-x86_64-fedora-clang, r-devel-linux-x86_64-fedora-gcc, r-devel-macos-x86_64-clang

Version: 0.12.0
Flags: --no-stop-on-test-error
Check: Rd cross-references
Result: NOTE
    Package unavailable to check Rd xrefs: ‘gputools’
Flavors: r-devel-linux-x86_64-fedora-clang, r-devel-linux-x86_64-fedora-gcc, r-devel-macos-x86_64-clang

Version: 0.12.0
Check: package dependencies
Result: NOTE
    Package suggested but not available for checking: 'gputools'
Flavors: r-devel-windows-ix86+x86_64, r-patched-solaris-sparc, r-patched-solaris-x86, r-release-osx-x86_64-mavericks, r-release-windows-ix86+x86_64, r-oldrel-windows-ix86+x86_64

Version: 0.12.0
Check: Rd cross-references
Result: NOTE
    Package unavailable to check Rd xrefs: 'gputools'
Flavors: r-devel-windows-ix86+x86_64, r-patched-solaris-sparc, r-patched-solaris-x86, r-release-osx-x86_64-mavericks, r-release-windows-ix86+x86_64, r-oldrel-windows-ix86+x86_64