CRAN Package Check Results for Package darch

Last updated on 2016-09-25 23:46:43.

Flavor Version Tinstall Tcheck Ttotal Status Flags
r-devel-linux-x86_64-debian-clang 0.12.0 32.83 47.31 80.14 OK
r-devel-linux-x86_64-debian-gcc 0.12.0 31.12 47.85 78.97 OK
r-devel-linux-x86_64-fedora-clang 0.12.0 171.45 NOTE
r-devel-linux-x86_64-fedora-gcc 0.12.0 156.32 NOTE
r-devel-macos-x86_64-clang 0.12.0 121.75 NOTE
r-devel-windows-ix86+x86_64 0.12.0 102.00 169.00 271.00 NOTE
r-patched-linux-x86_64 0.12.0 26.69 49.83 76.53 OK
r-patched-solaris-sparc 0.12.0 947.00 NOTE
r-patched-solaris-x86 0.12.0 195.80 NOTE
r-release-linux-x86_64 0.12.0 27.18 49.51 76.69 OK
r-release-osx-x86_64-mavericks 0.12.0 NOTE
r-release-windows-ix86+x86_64 0.12.0 140.00 157.00 297.00 NOTE
r-oldrel-windows-ix86+x86_64 0.12.0 111.00 215.00 326.00 NOTE

Check Details

Version: 0.12.0
Check: package dependencies
Result: NOTE
    Package suggested but not available for checking: ‘gputools’
Flavors: r-devel-linux-x86_64-fedora-clang, r-devel-linux-x86_64-fedora-gcc, r-devel-macos-x86_64-clang, r-devel-windows-ix86+x86_64, r-patched-solaris-sparc, r-patched-solaris-x86, r-release-osx-x86_64-mavericks, r-release-windows-ix86+x86_64, r-oldrel-windows-ix86+x86_64

Version: 0.12.0
Check: Rd cross-references
Result: NOTE
    Package unavailable to check Rd xrefs: ‘gputools’
Flavors: r-devel-linux-x86_64-fedora-clang, r-devel-linux-x86_64-fedora-gcc, r-devel-macos-x86_64-clang, r-devel-windows-ix86+x86_64, r-patched-solaris-sparc, r-patched-solaris-x86, r-release-osx-x86_64-mavericks, r-release-windows-ix86+x86_64, r-oldrel-windows-ix86+x86_64