CRAN Package Check Results for Package darch

Last updated on 2017-02-22 07:48:08.

Flavor Version Tinstall Tcheck Ttotal Status Flags
r-devel-linux-x86_64-debian-clang 0.12.0 32.12 53.80 85.91 NOTE
r-devel-linux-x86_64-debian-gcc 0.12.0 32.98 54.25 87.24 NOTE
r-devel-linux-x86_64-fedora-clang 0.12.0 187.37 NOTE --no-stop-on-test-error
r-devel-linux-x86_64-fedora-gcc 0.12.0 175.35 NOTE --no-stop-on-test-error
r-devel-macos-x86_64-clang 0.12.0 132.65 NOTE --no-stop-on-test-error
r-devel-windows-ix86+x86_64 0.12.0 149.00 165.00 314.00 NOTE
r-patched-linux-x86_64 0.12.0 27.64 52.01 79.65 OK
r-patched-solaris-sparc 0.12.0 945.30 NOTE
r-patched-solaris-x86 0.12.0 205.00 NOTE
r-release-linux-x86_64 0.12.0 27.67 50.87 78.54 OK
r-release-osx-x86_64-mavericks 0.12.0 NOTE
r-release-windows-ix86+x86_64 0.12.0 150.00 173.00 323.00 NOTE
r-oldrel-windows-ix86+x86_64 0.12.0 137.00 187.00 324.00 NOTE

Check Details

Version: 0.12.0
Check: compiled code
Result: NOTE
    File ‘darch/libs/darch.so’:
     Found no calls to: ‘R_registerRoutines’, ‘R_useDynamicSymbols’
    
    It is good practice to register native routines and to disable symbol
    search.
    
    See ‘Writing portable packages’ in the ‘Writing R Extensions’ manual.
Flavors: r-devel-linux-x86_64-debian-clang, r-devel-linux-x86_64-debian-gcc

Version: 0.12.0
Flags: --no-stop-on-test-error
Check: package dependencies
Result: NOTE
    Package suggested but not available for checking: ‘gputools’
Flavors: r-devel-linux-x86_64-fedora-clang, r-devel-linux-x86_64-fedora-gcc, r-devel-macos-x86_64-clang

Version: 0.12.0
Flags: --no-stop-on-test-error
Check: Rd cross-references
Result: NOTE
    Package unavailable to check Rd xrefs: ‘gputools’
Flavors: r-devel-linux-x86_64-fedora-clang, r-devel-linux-x86_64-fedora-gcc, r-devel-macos-x86_64-clang

Version: 0.12.0
Flags: --no-stop-on-test-error
Check: compiled code
Result: NOTE
    File ‘darch/libs/darch.so’:
     Found no calls to: ‘R_registerRoutines’, ‘R_useDynamicSymbols’
    
    It is good practice to register native routines and to disable symbol
    search.
    
    See ‘Writing portable packages’ in the ‘Writing R Extensions’ manual.
Flavors: r-devel-linux-x86_64-fedora-clang, r-devel-linux-x86_64-fedora-gcc, r-devel-macos-x86_64-clang

Version: 0.12.0
Check: package dependencies
Result: NOTE
    Package suggested but not available for checking: 'gputools'
Flavors: r-devel-windows-ix86+x86_64, r-patched-solaris-sparc, r-patched-solaris-x86, r-release-osx-x86_64-mavericks, r-release-windows-ix86+x86_64, r-oldrel-windows-ix86+x86_64

Version: 0.12.0
Check: Rd cross-references
Result: NOTE
    Package unavailable to check Rd xrefs: 'gputools'
Flavors: r-devel-windows-ix86+x86_64, r-patched-solaris-sparc, r-patched-solaris-x86, r-release-osx-x86_64-mavericks, r-release-windows-ix86+x86_64, r-oldrel-windows-ix86+x86_64