CRAN Package Check Results for Package darch

Last updated on 2017-06-29 17:50:00.

Flavor Version Tinstall Tcheck Ttotal Status Flags
r-devel-linux-x86_64-debian-clang 0.12.0 35.61 55.34 90.96 NOTE
r-devel-linux-x86_64-debian-gcc 0.12.0 36.24 55.51 91.75 NOTE
r-devel-linux-x86_64-fedora-clang 0.12.0 200.25 NOTE
r-devel-linux-x86_64-fedora-gcc 0.12.0 187.52 NOTE
r-devel-windows-ix86+x86_64 0.12.0 160.00 164.00 324.00 NOTE
r-patched-linux-x86_64 0.12.0 36.70 55.60 92.30 NOTE
r-patched-solaris-sparc 0.12.0 986.40 NOTE
r-patched-solaris-x86 0.12.0 218.30 NOTE
r-release-linux-x86_64 0.12.0 37.09 54.66 91.76 NOTE
r-release-windows-ix86+x86_64 0.12.0 106.00 131.00 237.00 NOTE
r-release-osx-x86_64 0.12.0 NOTE
r-oldrel-windows-ix86+x86_64 0.12.0 160.00 171.00 331.00 NOTE
r-oldrel-osx-x86_64 0.12.0 NOTE

Check Details

Version: 0.12.0
Check: compiled code
Result: NOTE
    File ‘darch/libs/darch.so’:
     Found no calls to: ‘R_registerRoutines’, ‘R_useDynamicSymbols’
    
    It is good practice to register native routines and to disable symbol
    search.
    
    See ‘Writing portable packages’ in the ‘Writing R Extensions’ manual.
Flavors: r-devel-linux-x86_64-debian-clang, r-devel-linux-x86_64-debian-gcc, r-devel-linux-x86_64-fedora-clang, r-devel-linux-x86_64-fedora-gcc, r-patched-linux-x86_64, r-release-linux-x86_64

Version: 0.12.0
Check: package dependencies
Result: NOTE
    Package suggested but not available for checking: ‘gputools’
Flavors: r-devel-linux-x86_64-fedora-clang, r-devel-linux-x86_64-fedora-gcc, r-devel-windows-ix86+x86_64, r-patched-solaris-sparc, r-patched-solaris-x86, r-release-windows-ix86+x86_64, r-release-osx-x86_64, r-oldrel-windows-ix86+x86_64, r-oldrel-osx-x86_64

Version: 0.12.0
Check: Rd cross-references
Result: NOTE
    Package unavailable to check Rd xrefs: ‘gputools’
Flavors: r-devel-linux-x86_64-fedora-clang, r-devel-linux-x86_64-fedora-gcc, r-devel-windows-ix86+x86_64, r-patched-solaris-sparc, r-patched-solaris-x86, r-release-windows-ix86+x86_64, r-release-osx-x86_64, r-oldrel-windows-ix86+x86_64, r-oldrel-osx-x86_64