CRAN Package Check Results for Package darch

Last updated on 2016-08-27 12:47:24.

Flavor Version Tinstall Tcheck Ttotal Status Flags
r-devel-linux-x86_64-debian-clang 0.12.0 31.42 53.83 85.25 OK
r-devel-linux-x86_64-debian-gcc 0.12.0 41.58 72.65 114.23 OK
r-devel-linux-x86_64-fedora-clang 0.12.0 176.82 NOTE
r-devel-linux-x86_64-fedora-gcc 0.12.0 160.05 NOTE
r-devel-osx-x86_64-clang 0.12.0 127.18 NOTE
r-devel-windows-ix86+x86_64 0.12.0 131.00 119.00 250.00 NOTE
r-patched-linux-x86_64 0.12.0 27.41 52.80 80.21 OK
r-patched-solaris-sparc 0.12.0 947.00 NOTE
r-patched-solaris-x86 0.12.0 189.90 NOTE
r-release-linux-x86_64 0.12.0 29.34 54.60 83.95 OK
r-release-osx-x86_64-mavericks 0.12.0 NOTE
r-release-windows-ix86+x86_64 0.12.0 135.00 117.00 252.00 NOTE
r-oldrel-windows-ix86+x86_64 0.12.0 96.00 136.00 232.00 NOTE

Check Details

Version: 0.12.0
Check: package dependencies
Result: NOTE
    Package suggested but not available for checking: ‘gputools’
Flavors: r-devel-linux-x86_64-fedora-clang, r-devel-linux-x86_64-fedora-gcc, r-devel-osx-x86_64-clang, r-devel-windows-ix86+x86_64, r-patched-solaris-sparc, r-patched-solaris-x86, r-release-osx-x86_64-mavericks, r-release-windows-ix86+x86_64, r-oldrel-windows-ix86+x86_64

Version: 0.12.0
Check: Rd cross-references
Result: NOTE
    Package unavailable to check Rd xrefs: ‘gputools’
Flavors: r-devel-linux-x86_64-fedora-clang, r-devel-linux-x86_64-fedora-gcc, r-devel-osx-x86_64-clang, r-devel-windows-ix86+x86_64, r-patched-solaris-sparc, r-patched-solaris-x86, r-release-osx-x86_64-mavericks, r-release-windows-ix86+x86_64, r-oldrel-windows-ix86+x86_64