CRAN Package Check Results for Package darch

Last updated on 2017-05-24 07:49:38.

Flavor Version Tinstall Tcheck Ttotal Status Flags
r-devel-linux-x86_64-debian-clang 0.12.0 36.03 55.40 91.43 NOTE
r-devel-linux-x86_64-debian-gcc 0.12.0 35.78 54.55 90.33 NOTE
r-devel-linux-x86_64-fedora-clang 0.12.0 191.99 NOTE --no-stop-on-test-error
r-devel-linux-x86_64-fedora-gcc 0.12.0 182.57 NOTE --no-stop-on-test-error
r-devel-windows-ix86+x86_64 0.12.0 114.00 129.00 243.00 NOTE
r-patched-linux-x86_64 0.12.0 27.89 54.15 82.04 NOTE
r-patched-solaris-sparc 0.12.0 986.40 NOTE
r-patched-solaris-x86 0.12.0 214.10 NOTE --no-stop-on-test-error
r-release-linux-x86_64 0.12.0 31.15 54.49 85.64 NOTE
r-release-windows-ix86+x86_64 0.12.0 101.00 135.00 236.00 NOTE
r-release-osx-x86_64 0.12.0 NOTE
r-oldrel-windows-ix86+x86_64 0.12.0 145.00 162.00 307.00 NOTE
r-oldrel-osx-x86_64 0.12.0 NOTE

Check Details

Version: 0.12.0
Check: compiled code
Result: NOTE
    File ‘darch/libs/darch.so’:
     Found no calls to: ‘R_registerRoutines’, ‘R_useDynamicSymbols’
    
    It is good practice to register native routines and to disable symbol
    search.
    
    See ‘Writing portable packages’ in the ‘Writing R Extensions’ manual.
Flavors: r-devel-linux-x86_64-debian-clang, r-devel-linux-x86_64-debian-gcc, r-patched-linux-x86_64, r-release-linux-x86_64

Version: 0.12.0
Flags: --no-stop-on-test-error
Check: package dependencies
Result: NOTE
    Package suggested but not available for checking: ‘gputools’
Flavors: r-devel-linux-x86_64-fedora-clang, r-devel-linux-x86_64-fedora-gcc, r-patched-solaris-x86

Version: 0.12.0
Flags: --no-stop-on-test-error
Check: Rd cross-references
Result: NOTE
    Package unavailable to check Rd xrefs: ‘gputools’
Flavors: r-devel-linux-x86_64-fedora-clang, r-devel-linux-x86_64-fedora-gcc, r-patched-solaris-x86

Version: 0.12.0
Flags: --no-stop-on-test-error
Check: compiled code
Result: NOTE
    File ‘darch/libs/darch.so’:
     Found no calls to: ‘R_registerRoutines’, ‘R_useDynamicSymbols’
    
    It is good practice to register native routines and to disable symbol
    search.
    
    See ‘Writing portable packages’ in the ‘Writing R Extensions’ manual.
Flavors: r-devel-linux-x86_64-fedora-clang, r-devel-linux-x86_64-fedora-gcc

Version: 0.12.0
Check: package dependencies
Result: NOTE
    Package suggested but not available for checking: 'gputools'
Flavors: r-devel-windows-ix86+x86_64, r-patched-solaris-sparc, r-release-windows-ix86+x86_64, r-release-osx-x86_64, r-oldrel-windows-ix86+x86_64, r-oldrel-osx-x86_64

Version: 0.12.0
Check: Rd cross-references
Result: NOTE
    Package unavailable to check Rd xrefs: 'gputools'
Flavors: r-devel-windows-ix86+x86_64, r-patched-solaris-sparc, r-release-windows-ix86+x86_64, r-release-osx-x86_64, r-oldrel-windows-ix86+x86_64, r-oldrel-osx-x86_64