CRAN Package Check Results for Package darch

Last updated on 2015-09-02 06:47:52.

Flavor Version Tinstall Tcheck Ttotal Status Flags
r-devel-linux-x86_64-debian-clang 0.9.1 1.91 19.95 21.86 NOTE
r-devel-linux-x86_64-debian-gcc 0.9.1 1.82 19.40 21.22 NOTE
r-devel-linux-x86_64-fedora-clang 0.9.1 41.68 NOTE
r-devel-linux-x86_64-fedora-gcc 0.9.1 40.51 NOTE
r-devel-osx-x86_64-clang 0.9.1 39.95 OK
r-devel-windows-ix86+x86_64 0.9.1 12.00 40.00 52.00 NOTE
r-patched-linux-x86_64 0.9.1 2.02 20.69 22.72 OK
r-patched-solaris-sparc 0.9.1 277.50 OK
r-patched-solaris-x86 0.9.1 57.90 OK
r-release-linux-x86_64 0.9.1 1.99 20.49 22.48 OK
r-release-osx-x86_64-mavericks 0.9.1 OK
r-release-windows-ix86+x86_64 0.9.1 14.00 38.00 52.00 OK
r-oldrel-windows-ix86+x86_64 0.9.1 11.00 42.00 53.00 OK

Check Details

Version: 0.9.1
Check: R code for possible problems
Result: NOTE
    binSigmoidUnit: no visible global function definition for ‘runif’
    generateWeights: no visible global function definition for ‘rnorm’
    linearUnitFunc: no visible global function definition for ‘rnorm’
    sigmUnitFunc: no visible global function definition for ‘runif’
    sigmUnitFuncSwitch: no visible global function definition for ‘runif’
    fineTuneDArch,DArch : stdabw: no visible global function definition for
     ‘var’
    trainRBM,RBM : stdabw: no visible global function definition for ‘var’
    Undefined global functions or variables:
     rnorm runif var
    Consider adding
     importFrom("stats", "rnorm", "runif", "var")
    to your NAMESPACE.
Flavors: r-devel-linux-x86_64-debian-clang, r-devel-linux-x86_64-debian-gcc, r-devel-linux-x86_64-fedora-clang, r-devel-linux-x86_64-fedora-gcc, r-devel-windows-ix86+x86_64