CRAN Package Check Results for Package darch

Last updated on 2016-06-29 12:46:51.

Flavor Version Tinstall Tcheck Ttotal Status Flags
r-devel-linux-x86_64-debian-gcc 0.10.0 2.70 26.34 29.04 OK
r-devel-linux-x86_64-fedora-clang 0.10.0 48.55 NOTE
r-devel-linux-x86_64-fedora-gcc 0.10.0 45.36 NOTE
r-devel-osx-x86_64-clang 0.10.0 44.57 NOTE
r-devel-windows-ix86+x86_64 0.10.0 7.00 73.00 80.00 NOTE
r-patched-linux-x86_64 0.10.0 2.42 26.59 29.01 OK
r-patched-solaris-sparc 0.10.0 317.30 NOTE
r-patched-solaris-x86 0.10.0 64.30 NOTE
r-release-linux-x86_64 0.10.0 2.58 26.05 28.63 OK
r-release-osx-x86_64-mavericks 0.10.0 NOTE
r-release-windows-ix86+x86_64 0.10.0 12.00 67.00 79.00 NOTE
r-oldrel-windows-ix86+x86_64 0.10.0 15.00 51.00 66.00 NOTE

Check Details

Version: 0.10.0
Check: package dependencies
Result: NOTE
    Package suggested but not available for checking: ‘gputools’
Flavors: r-devel-linux-x86_64-fedora-clang, r-devel-linux-x86_64-fedora-gcc, r-devel-osx-x86_64-clang, r-devel-windows-ix86+x86_64, r-patched-solaris-sparc, r-patched-solaris-x86, r-release-osx-x86_64-mavericks, r-release-windows-ix86+x86_64, r-oldrel-windows-ix86+x86_64