CRAN Package Check Results for Package darch

Last updated on 2017-10-24 10:47:44.

Flavor Version Tinstall Tcheck Ttotal Status Flags
r-devel-linux-x86_64-debian-clang 0.12.0 37.40 68.24 105.64 NOTE
r-devel-linux-x86_64-debian-gcc 0.12.0 36.64 72.34 108.98 NOTE
r-devel-linux-x86_64-fedora-clang 0.12.0 234.61 NOTE
r-devel-linux-x86_64-fedora-gcc 0.12.0 224.85 NOTE
r-devel-windows-ix86+x86_64 0.12.0 109.00 147.00 256.00 NOTE
r-patched-linux-x86_64 0.12.0 38.09 68.03 106.12 NOTE
r-patched-solaris-x86 0.12.0 274.40 NOTE
r-release-linux-x86_64 0.12.0 37.92 69.25 107.17 NOTE
r-release-windows-ix86+x86_64 0.12.0 139.00 161.00 300.00 NOTE
r-release-osx-x86_64 0.12.0 NOTE
r-oldrel-windows-ix86+x86_64 0.12.0 120.00 146.00 266.00 NOTE
r-oldrel-osx-x86_64 0.12.0 NOTE

Check Details

Version: 0.12.0
Check: compiled code
Result: NOTE
    File ‘darch/libs/darch.so’:
     Found no calls to: ‘R_registerRoutines’, ‘R_useDynamicSymbols’
    
    It is good practice to register native routines and to disable symbol
    search.
    
    See ‘Writing portable packages’ in the ‘Writing R Extensions’ manual.
Flavors: r-devel-linux-x86_64-debian-clang, r-devel-linux-x86_64-debian-gcc, r-devel-linux-x86_64-fedora-clang, r-devel-linux-x86_64-fedora-gcc, r-patched-linux-x86_64, r-release-linux-x86_64

Version: 0.12.0
Check: package dependencies
Result: NOTE
    Package suggested but not available for checking: ‘gputools’
Flavors: r-devel-linux-x86_64-fedora-clang, r-devel-linux-x86_64-fedora-gcc, r-devel-windows-ix86+x86_64, r-patched-solaris-x86, r-release-windows-ix86+x86_64, r-release-osx-x86_64, r-oldrel-windows-ix86+x86_64, r-oldrel-osx-x86_64

Version: 0.12.0
Check: Rd cross-references
Result: NOTE
    Package unavailable to check Rd xrefs: ‘gputools’
Flavors: r-devel-linux-x86_64-fedora-clang, r-devel-linux-x86_64-fedora-gcc, r-devel-windows-ix86+x86_64, r-patched-solaris-x86, r-release-windows-ix86+x86_64, r-release-osx-x86_64, r-oldrel-windows-ix86+x86_64, r-oldrel-osx-x86_64