CRAN Package Check Results for Package darch

Last updated on 2016-02-14 10:46:39.

Flavor Version Tinstall Tcheck Ttotal Status Flags
r-devel-linux-x86_64-debian-gcc 0.10.0 2.34 25.24 27.58 OK
r-devel-linux-x86_64-fedora-clang 0.10.0 49.01 NOTE
r-devel-linux-x86_64-fedora-gcc 0.10.0 45.37 NOTE
r-devel-osx-x86_64-clang 0.10.0 55.24 NOTE
r-devel-windows-ix86+x86_64 0.10.0 13.00 46.00 59.00 NOTE
r-patched-linux-x86_64 0.10.0 2.92 26.24 29.16 OK
r-patched-solaris-sparc 0.10.0 318.50 NOTE
r-patched-solaris-x86 0.10.0 67.60 NOTE
r-release-linux-x86_64 0.10.0 2.64 25.62 28.26 OK
r-release-osx-x86_64-mavericks 0.10.0 NOTE
r-release-windows-ix86+x86_64 0.10.0 16.00 46.00 62.00 NOTE
r-oldrel-windows-ix86+x86_64 0.10.0 16.00 69.00 85.00 NOTE

Check Details

Version: 0.10.0
Check: package dependencies
Result: NOTE
    Package suggested but not available for checking: ‘gputools’
Flavors: r-devel-linux-x86_64-fedora-clang, r-devel-linux-x86_64-fedora-gcc, r-devel-osx-x86_64-clang, r-devel-windows-ix86+x86_64, r-patched-solaris-sparc, r-patched-solaris-x86, r-release-osx-x86_64-mavericks, r-release-windows-ix86+x86_64, r-oldrel-windows-ix86+x86_64