CRAN Package Check Results for Package darch

Last updated on 2017-08-21 11:47:37.

Flavor Version Tinstall Tcheck Ttotal Status Flags
r-devel-linux-x86_64-debian-clang 0.12.0 36.46 54.40 90.86 NOTE
r-devel-linux-x86_64-debian-gcc 0.12.0 37.02 55.23 92.25 NOTE
r-devel-linux-x86_64-fedora-clang 0.12.0 194.28 NOTE
r-devel-linux-x86_64-fedora-gcc 0.12.0 191.91 NOTE
r-devel-windows-ix86+x86_64 0.12.0 107.00 127.00 234.00 NOTE
r-patched-linux-x86_64 0.12.0 36.69 55.08 91.76 NOTE
r-patched-solaris-x86 0.12.0 221.90 NOTE
r-release-linux-x86_64 0.12.0 37.27 55.56 92.83 NOTE
r-release-windows-ix86+x86_64 0.12.0 145.00 120.00 265.00 NOTE
r-release-osx-x86_64 0.12.0 NOTE
r-oldrel-windows-ix86+x86_64 0.12.0 112.00 121.00 233.00 NOTE
r-oldrel-osx-x86_64 0.12.0 NOTE

Check Details

Version: 0.12.0
Check: compiled code
Result: NOTE
    File ‘darch/libs/darch.so’:
     Found no calls to: ‘R_registerRoutines’, ‘R_useDynamicSymbols’
    
    It is good practice to register native routines and to disable symbol
    search.
    
    See ‘Writing portable packages’ in the ‘Writing R Extensions’ manual.
Flavors: r-devel-linux-x86_64-debian-clang, r-devel-linux-x86_64-debian-gcc, r-devel-linux-x86_64-fedora-clang, r-devel-linux-x86_64-fedora-gcc, r-patched-linux-x86_64, r-release-linux-x86_64

Version: 0.12.0
Check: package dependencies
Result: NOTE
    Package suggested but not available for checking: ‘gputools’
Flavors: r-devel-linux-x86_64-fedora-clang, r-devel-linux-x86_64-fedora-gcc, r-devel-windows-ix86+x86_64, r-patched-solaris-x86, r-release-windows-ix86+x86_64, r-release-osx-x86_64, r-oldrel-windows-ix86+x86_64, r-oldrel-osx-x86_64

Version: 0.12.0
Check: Rd cross-references
Result: NOTE
    Package unavailable to check Rd xrefs: ‘gputools’
Flavors: r-devel-linux-x86_64-fedora-clang, r-devel-linux-x86_64-fedora-gcc, r-devel-windows-ix86+x86_64, r-patched-solaris-x86, r-release-windows-ix86+x86_64, r-release-osx-x86_64, r-oldrel-windows-ix86+x86_64, r-oldrel-osx-x86_64