CRAN Package Check Results for Package darch

Last updated on 2015-07-04 23:47:09.

Flavor Version Tinstall Tcheck Ttotal Status Flags
r-devel-linux-x86_64-debian-clang 0.9.1 1.89 20.03 21.92 NOTE
r-devel-linux-x86_64-debian-gcc 0.9.1 2.13 19.96 22.10 NOTE
r-devel-linux-x86_64-fedora-clang 0.9.1 41.61 NOTE
r-devel-linux-x86_64-fedora-gcc 0.9.1 38.34 NOTE
r-devel-osx-x86_64-clang 0.9.1 40.70 OK
r-devel-windows-ix86+x86_64 0.9.1 14.00 58.00 72.00 NOTE
r-patched-linux-x86_64 0.9.1 1.90 19.79 21.69 OK
r-patched-solaris-sparc 0.9.1 281.70 OK
r-patched-solaris-x86 0.9.1 56.80 OK
r-release-linux-x86_64 0.9.1 1.96 20.75 22.72 OK
r-release-osx-x86_64-mavericks 0.9.1 OK
r-release-windows-ix86+x86_64 0.9.1 13.00 37.00 50.00 OK
r-oldrel-windows-ix86+x86_64 0.9.1 13.00 43.00 56.00 OK

Check Details

Version: 0.9.1
Check: R code for possible problems
Result: NOTE
    binSigmoidUnit: no visible global function definition for ‘runif’
    generateWeights: no visible global function definition for ‘rnorm’
    linearUnitFunc: no visible global function definition for ‘rnorm’
    sigmUnitFunc: no visible global function definition for ‘runif’
    sigmUnitFuncSwitch: no visible global function definition for ‘runif’
    fineTuneDArch,DArch : stdabw: no visible global function definition for
     ‘var’
    trainRBM,RBM : stdabw: no visible global function definition for ‘var’
    Undefined global functions or variables:
     rnorm runif var
Flavors: r-devel-linux-x86_64-debian-clang, r-devel-linux-x86_64-debian-gcc, r-devel-linux-x86_64-fedora-clang, r-devel-linux-x86_64-fedora-gcc, r-devel-windows-ix86+x86_64