CRAN Package Check Results for Package darch

Last updated on 2017-03-29 11:49:21.

Flavor Version Tinstall Tcheck Ttotal Status Flags
r-devel-linux-x86_64-debian-clang 0.12.0 33.98 54.72 88.70 NOTE
r-devel-linux-x86_64-debian-gcc 0.12.0 32.10 53.50 85.60 NOTE
r-devel-linux-x86_64-fedora-clang 0.12.0 191.39 NOTE --no-stop-on-test-error
r-devel-linux-x86_64-fedora-gcc 0.12.0 176.06 NOTE --no-stop-on-test-error
r-devel-macos-x86_64-clang 0.12.0 132.03 NOTE --no-stop-on-test-error
r-devel-windows-ix86+x86_64 0.12.0 102.00 131.00 233.00 NOTE
r-patched-linux-x86_64 0.12.0 27.94 53.95 81.89 NOTE
r-patched-solaris-sparc 0.12.0 986.40 NOTE
r-patched-solaris-x86 0.12.0 223.20 NOTE
r-release-linux-x86_64 0.12.0 27.73 50.28 78.02 OK
r-release-osx-x86_64-mavericks 0.12.0 NOTE
r-release-windows-ix86+x86_64 0.12.0 138.00 180.00 318.00 NOTE
r-oldrel-windows-ix86+x86_64 0.12.0 97.00 134.00 231.00 NOTE

Check Details

Version: 0.12.0
Check: compiled code
Result: NOTE
    File ‘darch/libs/darch.so’:
     Found no calls to: ‘R_registerRoutines’, ‘R_useDynamicSymbols’
    
    It is good practice to register native routines and to disable symbol
    search.
    
    See ‘Writing portable packages’ in the ‘Writing R Extensions’ manual.
Flavors: r-devel-linux-x86_64-debian-clang, r-devel-linux-x86_64-debian-gcc, r-patched-linux-x86_64

Version: 0.12.0
Flags: --no-stop-on-test-error
Check: package dependencies
Result: NOTE
    Package suggested but not available for checking: ‘gputools’
Flavors: r-devel-linux-x86_64-fedora-clang, r-devel-linux-x86_64-fedora-gcc, r-devel-macos-x86_64-clang

Version: 0.12.0
Flags: --no-stop-on-test-error
Check: Rd cross-references
Result: NOTE
    Package unavailable to check Rd xrefs: ‘gputools’
Flavors: r-devel-linux-x86_64-fedora-clang, r-devel-linux-x86_64-fedora-gcc, r-devel-macos-x86_64-clang

Version: 0.12.0
Flags: --no-stop-on-test-error
Check: compiled code
Result: NOTE
    File ‘darch/libs/darch.so’:
     Found no calls to: ‘R_registerRoutines’, ‘R_useDynamicSymbols’
    
    It is good practice to register native routines and to disable symbol
    search.
    
    See ‘Writing portable packages’ in the ‘Writing R Extensions’ manual.
Flavors: r-devel-linux-x86_64-fedora-clang, r-devel-linux-x86_64-fedora-gcc, r-devel-macos-x86_64-clang

Version: 0.12.0
Check: package dependencies
Result: NOTE
    Package suggested but not available for checking: 'gputools'
Flavors: r-devel-windows-ix86+x86_64, r-patched-solaris-sparc, r-patched-solaris-x86, r-release-osx-x86_64-mavericks, r-release-windows-ix86+x86_64, r-oldrel-windows-ix86+x86_64

Version: 0.12.0
Check: Rd cross-references
Result: NOTE
    Package unavailable to check Rd xrefs: 'gputools'
Flavors: r-devel-windows-ix86+x86_64, r-patched-solaris-sparc, r-patched-solaris-x86, r-release-osx-x86_64-mavericks, r-release-windows-ix86+x86_64, r-oldrel-windows-ix86+x86_64