CRAN Package Check Results for Package dartR

Last updated on 2017-11-23 05:48:50 CET.

Flavor Version Tinstall Tcheck Ttotal Status Flags
r-devel-linux-x86_64-debian-clang 0.93 6.76 271.63 278.38 OK
r-devel-linux-x86_64-debian-gcc 0.93 8.00 333.61 341.61 OK
r-devel-linux-x86_64-fedora-clang 0.93 327.63 NOTE
r-devel-linux-x86_64-fedora-gcc 0.93 410.93 NOTE
r-devel-windows-ix86+x86_64 0.93 24.00 285.00 309.00 OK
r-patched-linux-x86_64 0.93 7.55 187.23 194.78 OK
r-release-linux-x86_64 0.93 7.89 188.11 196.00 OK
r-release-windows-ix86+x86_64 0.93 24.00 288.00 312.00 OK
r-release-osx-x86_64 0.93 ERROR
r-oldrel-windows-ix86+x86_64 0.93 20.00 301.00 321.00 OK
r-oldrel-osx-x86_64 0.93 NOTE

Check Details

Version: 0.93
Check: dependencies in R code
Result: NOTE
    Namespaces in Imports field not imported from:
     ‘DBI’ ‘Demerelate’ ‘misc3d’ ‘plotly’ ‘quadprog’ ‘rgl’
     All declared Imports should be used.
Flavors: r-devel-linux-x86_64-fedora-clang, r-devel-linux-x86_64-fedora-gcc, r-oldrel-osx-x86_64

Version: 0.93
Check: package dependencies
Result: ERROR
    Packages required but not available: ‘SNPRelate’ ‘qvalue’
    
    See section ‘The DESCRIPTION file’ in the ‘Writing R Extensions’
    manual.
Flavor: r-release-osx-x86_64