CRAN Package Check Results for Package dartR

Last updated on 2018-09-21 21:47:27 CEST.

Flavor Version Tinstall Tcheck Ttotal Status Flags
r-devel-linux-x86_64-debian-clang 1.0.5 20.02 342.41 362.43 OK
r-devel-linux-x86_64-debian-gcc 1.0.5 16.62 274.80 291.42 OK
r-devel-linux-x86_64-fedora-clang 1.0.5 426.65 NOTE
r-devel-linux-x86_64-fedora-gcc 1.0.5 428.68 NOTE
r-devel-windows-ix86+x86_64 1.0.5 50.00 436.00 486.00 OK
r-patched-linux-x86_64 1.0.5 17.28 310.44 327.72 OK
r-release-linux-x86_64 1.0.5 16.35 308.91 325.26 OK
r-release-windows-ix86+x86_64 1.0.5 47.00 425.00 472.00 OK
r-release-osx-x86_64 1.0.5 WARN
r-oldrel-windows-ix86+x86_64 1.0.5 23.00 321.00 344.00 OK
r-oldrel-osx-x86_64 1.0.5 WARN

Check Details

Version: 1.0.5
Check: dependencies in R code
Result: NOTE
    Namespaces in Imports field not imported from:
     ‘DBI’ ‘Demerelate’ ‘misc3d’ ‘plotly’ ‘quadprog’ ‘rgl’
     All declared Imports should be used.
Flavors: r-devel-linux-x86_64-fedora-clang, r-devel-linux-x86_64-fedora-gcc, r-release-osx-x86_64, r-oldrel-osx-x86_64

Version: 1.0.5
Check: whether package can be installed
Result: WARN
    Found the following significant warnings:
     Warning: 'rgl_init' failed, running with rgl.useNULL = TRUE
Flavors: r-release-osx-x86_64, r-oldrel-osx-x86_64