CRAN Package Check Results for Package dartR

Last updated on 2018-06-20 12:48:29 CEST.

Flavor Version Tinstall Tcheck Ttotal Status Flags
r-devel-linux-x86_64-debian-clang 1.0.5 20.87 342.21 363.08 OK
r-devel-linux-x86_64-debian-gcc 1.0.5 16.09 270.74 286.83 OK
r-devel-linux-x86_64-fedora-clang 1.0.5 425.20 NOTE
r-devel-linux-x86_64-fedora-gcc 1.0.5 421.63 NOTE
r-devel-windows-ix86+x86_64 1.0.5 51.00 453.00 504.00 OK
r-patched-linux-x86_64 1.0.5 14.39 312.24 326.63 OK
r-release-linux-x86_64 1.0.5 14.69 310.35 325.04 OK
r-release-windows-ix86+x86_64 1.0.5 32.00 295.00 327.00 OK
r-release-osx-x86_64 1.0.5 WARN
r-oldrel-windows-ix86+x86_64 1.0.5 29.00 318.00 347.00 OK
r-oldrel-osx-x86_64 1.0.5 NOTE

Check Details

Version: 1.0.5
Check: dependencies in R code
Result: NOTE
    Namespaces in Imports field not imported from:
     ‘DBI’ ‘Demerelate’ ‘misc3d’ ‘plotly’ ‘quadprog’ ‘rgl’
     All declared Imports should be used.
Flavors: r-devel-linux-x86_64-fedora-clang, r-devel-linux-x86_64-fedora-gcc, r-release-osx-x86_64, r-oldrel-osx-x86_64

Version: 1.0.5
Check: whether package can be installed
Result: WARN
    Found the following significant warnings:
     Warning: 'rgl_init' failed, running with rgl.useNULL = TRUE
Flavor: r-release-osx-x86_64

Version: 1.0.5
Check: examples
Result: FAIL
    
Flavor: r-oldrel-osx-x86_64