CRAN Package Check Results for Package dartR

Last updated on 2018-12-12 01:46:21 CET.

Flavor Version Tinstall Tcheck Ttotal Status Flags
r-devel-linux-x86_64-debian-clang 1.1.6 21.10 347.80 368.90 OK
r-devel-linux-x86_64-debian-gcc 1.1.6 19.27 273.04 292.31 OK
r-devel-linux-x86_64-fedora-clang 1.1.6 431.72 NOTE
r-devel-linux-x86_64-fedora-gcc 1.1.6 440.05 NOTE
r-devel-windows-ix86+x86_64 1.1.6 54.00 342.00 396.00 OK
r-patched-linux-x86_64 1.1.6 18.73 346.05 364.78 OK
r-release-linux-x86_64 1.1.6 22.89 341.19 364.08 OK
r-release-windows-ix86+x86_64 1.1.6 39.00 340.00 379.00 OK
r-release-osx-x86_64 1.1.6 NOTE
r-oldrel-windows-ix86+x86_64 1.1.6 35.00 369.00 404.00 OK
r-oldrel-osx-x86_64 1.1.6 NOTE

Check Details

Version: 1.1.6
Check: dependencies in R code
Result: NOTE
    Namespaces in Imports field not imported from:
     ‘plotly’ ‘rgl’
     All declared Imports should be used.
Flavors: r-devel-linux-x86_64-fedora-clang, r-devel-linux-x86_64-fedora-gcc, r-release-osx-x86_64, r-oldrel-osx-x86_64