CRAN Package Check Results for Package data.table

Last updated on 2016-04-30 06:47:23.

Flavor Version Tinstall Tcheck Ttotal Status Flags
r-devel-linux-x86_64-debian-gcc 1.9.6 14.73 93.41 108.14 ERROR
r-devel-linux-x86_64-fedora-clang 1.9.6 190.72 OK
r-devel-linux-x86_64-fedora-gcc 1.9.6 186.17 OK
r-devel-osx-x86_64-clang 1.9.6 214.69 OK
r-devel-windows-ix86+x86_64 1.9.6 40.00 254.00 294.00 OK
r-patched-linux-x86_64 1.9.6 14.36 93.15 107.52 OK
r-patched-solaris-sparc 1.9.6 1111.00 ERROR
r-patched-solaris-x86 1.9.6 263.20 OK
r-release-linux-x86_64 1.9.6 14.57 123.20 137.77 OK
r-release-osx-x86_64-mavericks 1.9.6 OK
r-release-windows-ix86+x86_64 1.9.6 46.00 271.00 317.00 OK
r-oldrel-windows-ix86+x86_64 1.9.6 75.00 392.00 467.00 OK

Memtest notes: clang-UBSAN gcc6-UBSAN gcc-UBSAN

Check Details

Version: 1.9.6
Check: tests
Result: ERROR
    Running the tests in ‘tests/tests.R’ failed.
    Last 13 lines of output:
     > y = with(DT, eval(ll))
     First 6 of 651 :[1] 447 599 888 903 141 509
     Test 1253.402 ran without errors but failed check that x equals y:
     > x = ans1[ans1 != 0]
     First 6 of 651 :[1] 141 509 447 599 888 903
     > y = with(DT, eval(ll))
     First 6 of 651 :[1] 141 509 447 599 888 903
     forder decreasing argument test: seed = 1461940310 colorder = 5,2,4,1,3
    
     Error in eval(expr, envir, enclos) :
     6 errors out of 4435 (lastID=1557.4, endian=little, sizeof(long double)==16) in inst/tests/tests.Rraw on Fri Apr 29 16:31:56 2016. Search tests.Rraw for test numbers: 1253.232, 1253.236, 1253.392, 1253.394, 1253.4, 1253.402.
     Calls: test.data.table -> sys.source -> eval -> eval
     Execution halted
Flavor: r-devel-linux-x86_64-debian-gcc

Version: 1.9.6
Check: tests
Result: ERROR
    Running the tests in ‘tests/tests.R’ failed.
    Last 13 lines of output:
     Don't know how to automatically pick scale for object of type ITime. Defaulting to continuous.
     Don't know how to automatically pick scale for object of type ITime. Defaulting to continuous.
     Test 1147.3 ran without errors but failed check that x equals y:
     > x = dradixorder(x)
     First 6 of 13 :[1] 2 11 6 9 8 7
     > y = c(6L, 9L, 2L, 11L, 8L, 7L, 4L, 12L, 5L, 10L, 13L, 1L, 3L)
     First 6 of 13 :[1] 6 9 2 11 8 7
     Tests 1441-1444 not run. If required install the 'fr_FR.utf8' locale.
    
     Error in eval(expr, envir, enclos) :
     1 error out of 4426 (lastID=1557.4, endian=big, sizeof(long double)==0) in inst/tests/tests.Rraw on Sat Mar 12 01:45:22 2016. Search tests.Rraw for test number 1147.3.
     Calls: test.data.table -> sys.source -> eval -> eval
     Execution halted
Flavor: r-patched-solaris-sparc