CRAN Package Check Results for Package data.table

Last updated on 2015-07-04 16:46:18.

Flavor Version Tinstall Tcheck Ttotal Status Flags
r-devel-linux-x86_64-debian-clang 1.9.4 9.37 157.93 167.30 OK
r-devel-linux-x86_64-debian-gcc 1.9.4 11.47 172.32 183.79 OK
r-devel-linux-x86_64-fedora-clang 1.9.4 280.23 OK
r-devel-linux-x86_64-fedora-gcc 1.9.4 273.62 OK
r-devel-osx-x86_64-clang 1.9.4 226.61 OK
r-devel-windows-ix86+x86_64 1.9.4 46.00 366.00 412.00 OK
r-patched-linux-x86_64 1.9.4 11.80 154.56 166.37 OK
r-patched-solaris-sparc 1.9.4 1006.40 ERROR
r-patched-solaris-x86 1.9.4 408.30 OK
r-release-linux-x86_64 1.9.4 11.97 151.05 163.02 OK
r-release-osx-x86_64-mavericks 1.9.4 OK
r-release-windows-ix86+x86_64 1.9.4 56.00 365.00 421.00 OK
r-oldrel-windows-ix86+x86_64 1.9.4 42.00 379.00 421.00 OK

Memtest notes: ASAN UBSAN-gcc

Check Details

Version: 1.9.4
Check: tests
Result: ERROR
    Running the tests in ‘tests/tests.R’ failed.
    Last 13 lines of output:
     [1] 3 4 5 6 6 1
     > y = INT(1, 3:4, 5:6, 6)
     [1] 1 3 4 5 6 6
     Test -1191 ran without errors but failed check that x equals y:
     > x = TESTDT[SJ(c(1, NA, 4, NA, NA, 4, 4), c(5, 5, 6, 6, 7, 9, 10)), v, mult = "all", roll = TRUE, nomatch = NA][[3]]
     First 6 of 9 :[1] NA NA NA 3 4 5
     > y = INT(NA, NA, NA, 1, 3:4, 5:6, 6)
     First 6 of 9 :[1] NA NA NA 1 3 4
    
     Error in eval(expr, envir, enclos) :
     309 errors out of 3748 (lastID=1380) in inst/tests/tests.Rraw on Thu May 21 03:14:02 2015. Search tests.Rraw for test numbers: 24, 191, 272, 599, 632, 632.1, 1104.2, 1147.2, 1154.1, 1155.1, 1155.2, 1155.3, 1162.4, 1162.9, 1207.1, 1208.1, 1207.2, 1208.2, 1223.009, 1223.01, 1223.011, 1223.012, 1223.069, 1223.07, 1223.071, 1223.072, 1251.6, 1251.7, 1253.139, 1253.14, 1253.141, 1253.142, 1253.159, 1253.16, 1253.161, 1253.162, 1253.163, 1253.164, 1253.165, 1253.166, 1253.184, 1253.186, 1253.188, 1253.19, 1253.207, 1253.208, 1253.209, 1253.21, 1253.211, 1253.212, 1253.213, 1253.214, 1253.215, 1253.216, 1253.217, 1253.218, 1253.219, 1253.22, 1253.221, 1253.222, 1253.232, 1253.234, 1253.236, 1253.238, 1253.24, 1253.242, 1253.244, 1253.246, 1253.279, 1253.28, 1253.281, 1253.282, 1253.283, 1253.284, 1253.285, 1253.286, 1253.287, 1253.288, 1253.289, 1253.29, 1253.291, 1253.292, 1253.293, 1253.294, 1253.295, 1253.296, 1253.297, 1253.298, 1253.299, 1253.3, 1253.301, 1253.302, 1253.303, 12
     Calls: test.data.table -> sys.source -> eval -> eval
     Execution halted
Flavor: r-patched-solaris-sparc