CRAN Package Check Results for Package data.table

Last updated on 2016-09-25 23:46:43.

Flavor Version Tinstall Tcheck Ttotal Status Flags
r-devel-linux-x86_64-debian-clang 1.9.6 13.33 89.43 102.77 ERROR
r-devel-linux-x86_64-debian-gcc 1.9.6 15.36 91.40 106.76 ERROR
r-devel-linux-x86_64-fedora-clang 1.9.6 188.01 ERROR
r-devel-linux-x86_64-fedora-gcc 1.9.6 182.98 ERROR
r-devel-macos-x86_64-clang 1.9.6 144.51 ERROR
r-devel-windows-ix86+x86_64 1.9.6 70.00 310.00 380.00 ERROR
r-patched-linux-x86_64 1.9.6 14.40 98.20 112.60 OK
r-patched-solaris-sparc 1.9.6 1122.40 ERROR
r-patched-solaris-x86 1.9.6 267.80 OK
r-release-linux-x86_64 1.9.6 14.25 93.03 107.27 OK
r-release-osx-x86_64-mavericks 1.9.6 OK
r-release-windows-ix86+x86_64 1.9.6 95.00 315.00 410.00 OK
r-oldrel-windows-ix86+x86_64 1.9.6 70.00 367.00 437.00 OK

Check Details

Version: 1.9.6
Check: tests
Result: ERROR
    Running the tests in ‘tests/tests.R’ failed.
    Last 13 lines of output:
     > x = ans1[ans1 != 0]
     First 6 of 584 :[1] 744 692 935 505 798 252
     > y = with(DT, eval(ll))
     First 6 of 585 :[1] 744 692 935 505 798 252
     Test 1253.566 ran without errors but failed check that x equals y:
     > x = ans1[ans1 != 0]
     First 6 of 584 :[1] 744 692 935 505 798 252
     > y = with(DT, eval(ll))
     First 6 of 585 :[1] 744 692 935 505 798 252
     forder decreasing argument test: seed = 1474758061 colorder = 5,4,2,1,3
    
     Error in eval(exprs[i], envir) :
     42 errors out of 4435 (lastID=1557.4, endian=little, sizeof(long double)==16) in inst/tests/tests.Rraw on Sun Sep 25 01:01:06 2016. Search tests.Rraw for test numbers: 1253.192, 1253.194, 1253.232, 1253.234, 1253.248, 1253.25, 1253.296, 1253.298, 1253.3, 1253.302, 1253.36, 1253.362, 1253.364, 1253.366, 1253.392, 1253.394, 1253.396, 1253.398, 1253.424, 1253.426, 1253.428, 1253.43, 1253.456, 1253.458, 1253.46, 1253.462, 1253.488, 1253.49, 1253.492, 1253.494, 1253.496, 1253.498, 1253.5, 1253.502, 1253.552, 1253.554, 1253.556, 1253.558, 1253.56, 1253.562, 1253.564, 1253.566.
     Calls: test.data.table -> sys.source -> eval -> eval
     Execution halted
Flavor: r-devel-linux-x86_64-debian-clang

Version: 1.9.6
Check: tests
Result: ERROR
    Running the tests in ‘tests/tests.R’ failed.
    Last 13 lines of output:
     > x = ans1[ans1 != 0]
     First 6 of 587 :[1] 722 97 429 869 182 419
     > y = with(DT, eval(ll))
     First 6 of 586 :[1] 722 97 429 869 182 419
     Test 1253.578 ran without errors but failed check that x equals y:
     > x = ans1[ans1 != 0]
     First 6 of 587 :[1] 722 97 429 182 869 419
     > y = with(DT, eval(ll))
     First 6 of 586 :[1] 722 97 429 182 869 419
     forder decreasing argument test: seed = 1474729347 colorder = 4,2,1,5,3
    
     Error in eval(exprs[i], envir) :
     72 errors out of 4435 (lastID=1557.4, endian=little, sizeof(long double)==16) in inst/tests/tests.Rraw on Sat Sep 24 17:02:32 2016. Search tests.Rraw for test numbers: 1253.184, 1253.186, 1253.188, 1253.19, 1253.2, 1253.202, 1253.204, 1253.206, 1253.232, 1253.234, 1253.236, 1253.238, 1253.264, 1253.266, 1253.268, 1253.27, 1253.296, 1253.298, 1253.3, 1253.302, 1253.328, 1253.332, 1253.336, 1253.34, 1253.344, 1253.346, 1253.348, 1253.35, 1253.352, 1253.354, 1253.356, 1253.358, 1253.376, 1253.378, 1253.384, 1253.386, 1253.392, 1253.396, 1253.4, 1253.404, 1253.424, 1253.426, 1253.428, 1253.43, 1253.432, 1253.434, 1253.436, 1253.438, 1253.456, 1253.458, 1253.464, 1253.466, 1253.488, 1253.49, 1253.496, 1253.498, 1253.52, 1253.522, 1253.528, 1253.53, 1253.536, 1253.538, 1253.544, 1253.546, 1253.552, 1253.554, 1253.56, 1253.562, 1253.568, 1253.57, 1253.576, 1253.578.
     Calls: test.data.table -> sys.source -> eval -> eval
     Execution halted
Flavor: r-devel-linux-x86_64-debian-gcc

Version: 1.9.6
Check: tests
Result: ERROR
    Running the tests in ‘tests/tests.R’ failed.
    Last 13 lines of output:
     > x = ans1[ans1 != 0]
     First 6 of 574 :[1] 694 831 188 300 25 929
     > y = with(DT, eval(ll))
     First 6 of 574 :[1] 694 831 188 300 25 929
     Test 1253.594 ran without errors but failed check that x equals y:
     > x = ans1[ans1 != 0]
     First 6 of 574 :[1] 694 188 831 300 25 122
     > y = with(DT, eval(ll))
     First 6 of 574 :[1] 694 188 831 300 25 122
     forder decreasing argument test: seed = 1474461170 colorder = 2,4,1,5,3
    
     Error in eval(exprs[i], envir) :
     34 errors out of 4435 (lastID=1557.4, endian=little, sizeof(long double)==16) in inst/tests/tests.Rraw on Wed Sep 21 13:33:03 2016. Search tests.Rraw for test numbers: 1253.184, 1253.186, 1253.2, 1253.202, 1253.328, 1253.332, 1253.344, 1253.346, 1253.348, 1253.35, 1253.456, 1253.458, 1253.472, 1253.474, 1253.488, 1253.49, 1253.496, 1253.498, 1253.504, 1253.506, 1253.512, 1253.514, 1253.52, 1253.522, 1253.528, 1253.53, 1253.552, 1253.554, 1253.56, 1253.562, 1253.584, 1253.586, 1253.592, 1253.594.
     Calls: test.data.table -> sys.source -> eval -> eval
     Execution halted
Flavor: r-devel-linux-x86_64-fedora-clang

Version: 1.9.6
Check: tests
Result: ERROR
    Running the tests in ‘tests/tests.R’ failed.
    Last 13 lines of output:
     > x = ans1[ans1 != 0]
     First 6 of 576 :[1] 687 713 345 527 600 589
     > y = with(DT, eval(ll))
     First 6 of 579 :[1] 687 713 345 527 600 589
     Test 1253.574 ran without errors but failed check that x equals y:
     > x = ans1[ans1 != 0]
     First 6 of 576 :[1] 687 345 713 527 600 589
     > y = with(DT, eval(ll))
     First 6 of 579 :[1] 687 345 713 527 600 589
     forder decreasing argument test: seed = 1474629779 colorder = 5,3,4,1,2
    
     Error in eval(exprs[i], envir) :
     62 errors out of 4435 (lastID=1557.4, endian=little, sizeof(long double)==16) in inst/tests/tests.Rraw on Fri Sep 23 12:23:10 2016. Search tests.Rraw for test numbers: 1253.192, 1253.194, 1253.196, 1253.198, 1253.232, 1253.236, 1253.248, 1253.25, 1253.252, 1253.254, 1253.264, 1253.266, 1253.268, 1253.27, 1253.328, 1253.33, 1253.336, 1253.338, 1253.36, 1253.362, 1253.364, 1253.366, 1253.368, 1253.37, 1253.372, 1253.374, 1253.392, 1253.394, 1253.4, 1253.402, 1253.424, 1253.426, 1253.432, 1253.434, 1253.456, 1253.458, 1253.46, 1253.462, 1253.464, 1253.466, 1253.468, 1253.47, 1253.488, 1253.49, 1253.492, 1253.494, 1253.52, 1253.522, 1253.524, 1253.526, 1253.536, 1253.538, 1253.54, 1253.542, 1253.552, 1253.554, 1253.556, 1253.558, 1253.568, 1253.57, 1253.572, 1253.574.
     Calls: test.data.table -> sys.source -> eval -> eval
     Execution halted
Flavor: r-devel-linux-x86_64-fedora-gcc

Version: 1.9.6
Check: tests
Result: ERROR
    Running the tests in ‘tests/tests.R’ failed.
    Last 13 lines of output:
     First 6 of 590 :[1] 650 421 508 816 419 888
     > y = with(DT, eval(ll))
     First 6 of 590 :[1] 650 421 508 816 419 888
     Test 1253.602 ran without errors but failed check that x equals y:
     > x = ans1[ans1 != 0]
     First 6 of 590 :[1] 650 421 508 816 419 888
     > y = with(DT, eval(ll))
     First 6 of 590 :[1] 650 421 508 816 419 888
     forder decreasing argument test: seed = 1474503260 colorder = 3,1,4,5,2
     Tests 1441-1444 not run. If required install the 'fr_FR.utf8' locale.
    
     Error in eval(exprs[i], envir) :
     64 errors out of 4427 (lastID=1557.4, endian=little, sizeof(long double)==16) in inst/tests/tests.Rraw on Thu Sep 22 01:14:31 2016. Search tests.Rraw for test numbers: 1253.16, 1253.164, 1253.184, 1253.188, 1253.2, 1253.202, 1253.204, 1253.206, 1253.264, 1253.266, 1253.268, 1253.27, 1253.272, 1253.274, 1253.276, 1253.278, 1253.28, 1253.288, 1253.296, 1253.298, 1253.304, 1253.306, 1253.312, 1253.314, 1253.32, 1253.322, 1253.328, 1253.336, 1253.344, 1253.346, 1253.352, 1253.354, 1253.424, 1253.426, 1253.432, 1253.434, 1253.44, 1253.442, 1253.448, 1253.45, 1253.456, 1253.458, 1253.464, 1253.466, 1253.472, 1253.474, 1253.48, 1253.482, 1253.488, 1253.49, 1253.504, 1253.506, 1253.52, 1253.522, 1253.536, 1253.538, 1253.552, 1253.554, 1253.568, 1253.57, 1253.584, 1253.586, 1253.6, 1253.602.
     Calls: test.data.table -> sys.source -> eval -> eval
     Execution halted
Flavor: r-devel-macos-x86_64-clang

Version: 1.9.6
Check: running tests for arch ‘i386’
Result: ERROR
    Running the tests in 'tests/tests.R' failed.
    Last 13 lines of output:
     First 6 of 584 :[1] 501 417 899 423 355 958
     > y = with(DT, eval(ll))
     First 6 of 587 :[1] 501 417 899 423 355 958
     Test 1253.566 ran without errors but failed check that x equals y:
     > x = ans1[ans1 != 0]
     First 6 of 584 :[1] 417 501 899 423 355 958
     > y = with(DT, eval(ll))
     First 6 of 587 :[1] 417 501 899 423 355 958
     forder decreasing argument test: seed = 1474743911 colorder = 5,4,3,2,1
    
     Error in eval(exprs[i], envir) :
     69 errors out of 4244 (lastID=1557.4, endian=little, sizeof(long double)==12) in inst/tests/tests.Rraw on Sat Sep 24 21:05:19 2016. Search tests.Rraw for test numbers: 1241.2, 1253.208, 1253.21, 1253.212, 1253.214, 1253.216, 1253.218, 1253.22, 1253.222, 1253.28, 1253.282, 1253.284, 1253.286, 1253.296, 1253.298, 1253.3, 1253.302, 1253.312, 1253.314, 1253.316, 1253.318, 1253.36, 1253.362, 1253.364, 1253.366, 1253.376, 1253.378, 1253.38, 1253.382, 1253.384, 1253.386, 1253.388, 1253.39, 1253.392, 1253.394, 1253.396, 1253.398, 1253.424, 1253.426, 1253.428, 1253.43, 1253.456, 1253.458, 1253.46, 1253.462, 1253.488, 1253.49, 1253.492, 1253.494, 1253.496, 1253.498, 1253.5, 1253.502, 1253.52, 1253.522, 1253.524, 1253.526, 1253.528, 1253.53, 1253.532, 1253.534, 1253.552, 1253.554, 1253.556, 1253.558, 1253.56, 1253.562, 1253.564, 1253.566.
     Calls: test.data.table -> sys.source -> eval -> eval
     In addition: There were 12 warnings (use warnings() to see them)
     Execution halted
Flavor: r-devel-windows-ix86+x86_64

Version: 1.9.6
Check: running tests for arch ‘x64’
Result: ERROR
    Running the tests in 'tests/tests.R' failed.
    Last 13 lines of output:
     First 6 of 582 :[1] 279 378 575 794 636 165
     > y = with(DT, eval(ll))
     First 6 of 582 :[1] 279 378 575 794 636 165
     Test 1253.596 ran without errors but failed check that x equals y:
     > x = ans1[ans1 != 0]
     First 6 of 582 :[1] 279 293 764 204 165 555
     > y = with(DT, eval(ll))
     First 6 of 582 :[1] 279 293 764 204 165 555
     forder decreasing argument test: seed = 1474743989 colorder = 2,4,1,3,5
    
     Error in eval(exprs[i], envir) :
     45 errors out of 4245 (lastID=1557.4, endian=little, sizeof(long double)==16) in inst/tests/tests.Rraw on Sat Sep 24 21:06:39 2016. Search tests.Rraw for test numbers: 1241.2, 1253.152, 1253.156, 1253.168, 1253.17, 1253.172, 1253.174, 1253.232, 1253.234, 1253.24, 1253.242, 1253.248, 1253.25, 1253.256, 1253.258, 1253.264, 1253.272, 1253.312, 1253.316, 1253.32, 1253.324, 1253.392, 1253.394, 1253.396, 1253.398, 1253.408, 1253.41, 1253.412, 1253.414, 1253.424, 1253.428, 1253.44, 1253.444, 1253.456, 1253.46, 1253.472, 1253.476, 1253.552, 1253.556, 1253.56, 1253.564, 1253.584, 1253.588, 1253.592, 1253.596.
     Calls: test.data.table -> sys.source -> eval -> eval
     In addition: There were 12 warnings (use warnings() to see them)
     Execution halted
Flavor: r-devel-windows-ix86+x86_64

Version: 1.9.6
Check: tests
Result: ERROR
    Running the tests in ‘tests/tests.R’ failed.
    Last 13 lines of output:
     Don't know how to automatically pick scale for object of type ITime. Defaulting to continuous.
     Don't know how to automatically pick scale for object of type ITime. Defaulting to continuous.
     Test 1147.3 ran without errors but failed check that x equals y:
     > x = dradixorder(x)
     First 6 of 13 :[1] 2 11 6 9 8 7
     > y = c(6L, 9L, 2L, 11L, 8L, 7L, 4L, 12L, 5L, 10L, 13L, 1L, 3L)
     First 6 of 13 :[1] 6 9 2 11 8 7
     Tests 1441-1444 not run. If required install the 'fr_FR.utf8' locale.
    
     Error in eval(expr, envir, enclos) :
     1 error out of 4426 (lastID=1557.4, endian=big, sizeof(long double)==0) in inst/tests/tests.Rraw on Wed Jun 15 00:29:40 2016. Search tests.Rraw for test number 1147.3.
     Calls: test.data.table -> sys.source -> eval -> eval
     Execution halted
Flavor: r-patched-solaris-sparc