CRAN Package Check Results for Package data.table

Last updated on 2016-07-23 16:46:46.

Flavor Version Tinstall Tcheck Ttotal Status Flags
r-devel-linux-x86_64-debian-clang 1.9.6 17.90 105.18 123.08 ERROR
r-devel-linux-x86_64-debian-gcc 1.9.6 18.78 103.46 122.23 ERROR
r-devel-linux-x86_64-fedora-clang 1.9.6 189.99 ERROR
r-devel-linux-x86_64-fedora-gcc 1.9.6 182.14 ERROR
r-devel-osx-x86_64-clang 1.9.6 152.57 ERROR
r-devel-windows-ix86+x86_64 1.9.6 64.00 246.00 310.00 OK
r-patched-linux-x86_64 1.9.6 17.56 106.06 123.63 OK
r-patched-solaris-sparc 1.9.6 1122.40 ERROR
r-patched-solaris-x86 1.9.6 258.00 OK
r-release-linux-x86_64 1.9.6 16.49 109.42 125.91 OK
r-release-osx-x86_64-mavericks 1.9.6 OK
r-release-windows-ix86+x86_64 1.9.6 45.00 247.00 292.00 OK
r-oldrel-windows-ix86+x86_64 1.9.6 67.00 346.00 413.00 OK

Check Details

Version: 1.9.6
Check: tests
Result: ERROR
    Running the tests in ‘tests/tests.R’ failed.
    Last 13 lines of output:
     > x = ans1[ans1 != 0]
     First 6 of 593 :[1] 622 647 954 845 587 366
     > y = with(DT, eval(ll))
     First 6 of 594 :[1] 622 647 954 845 587 366
     Test 1253.604 ran without errors but failed check that x equals y:
     > x = ans1[ans1 != 0]
     First 6 of 593 :[1] 374 366 185 954 845 587
     > y = with(DT, eval(ll))
     First 6 of 594 :[1] 374 366 185 954 845 587
     forder decreasing argument test: seed = 1469230145 colorder = 2,1,4,3,5
    
     Error in eval(exprs[i], envir) :
     57 errors out of 4435 (lastID=1557.4, endian=little, sizeof(long double)==16) in inst/tests/tests.Rraw on Sat Jul 23 01:29:11 2016. Search tests.Rraw for test numbers: 1241.2, 1253.232, 1253.236, 1253.24, 1253.244, 1253.248, 1253.25, 1253.252, 1253.254, 1253.256, 1253.258, 1253.26, 1253.262, 1253.28, 1253.282, 1253.288, 1253.29, 1253.328, 1253.33, 1253.336, 1253.338, 1253.392, 1253.394, 1253.4, 1253.402, 1253.408, 1253.41, 1253.416, 1253.418, 1253.424, 1253.432, 1253.44, 1253.448, 1253.456, 1253.46, 1253.464, 1253.468, 1253.472, 1253.476, 1253.48, 1253.484, 1253.488, 1253.492, 1253.504, 1253.508, 1253.52, 1253.524, 1253.536, 1253.54, 1253.552, 1253.556, 1253.568, 1253.572, 1253.584, 1253.588, 1253.6, 1253.604.
     Calls: test.data.table -> sys.source -> eval -> eval
     Execution halted
Flavor: r-devel-linux-x86_64-debian-clang

Version: 1.9.6
Check: tests
Result: ERROR
    Running the tests in ‘tests/tests.R’ failed.
    Last 13 lines of output:
     > x = ans1[ans1 != 0]
     First 6 of 566 :[1] 312 431 451 612 843 9
     > y = with(DT, eval(ll))
     First 6 of 566 :[1] 312 431 451 612 843 9
     Test 1253.58 ran without errors but failed check that x equals y:
     > x = ans1[ans1 != 0]
     First 6 of 566 :[1] 312 38 612 843 9 431
     > y = with(DT, eval(ll))
     First 6 of 566 :[1] 312 38 612 843 9 431
     forder decreasing argument test: seed = 1469201598 colorder = 4,1,2,3,5
    
     Error in eval(exprs[i], envir) :
     49 errors out of 4435 (lastID=1557.4, endian=little, sizeof(long double)==16) in inst/tests/tests.Rraw on Fri Jul 22 17:33:24 2016. Search tests.Rraw for test numbers: 1241.2, 1253.192, 1253.194, 1253.196, 1253.198, 1253.248, 1253.25, 1253.252, 1253.254, 1253.328, 1253.33, 1253.332, 1253.334, 1253.336, 1253.338, 1253.34, 1253.342, 1253.36, 1253.364, 1253.368, 1253.372, 1253.392, 1253.394, 1253.396, 1253.398, 1253.4, 1253.402, 1253.404, 1253.406, 1253.456, 1253.46, 1253.464, 1253.468, 1253.52, 1253.524, 1253.528, 1253.532, 1253.536, 1253.54, 1253.544, 1253.548, 1253.552, 1253.556, 1253.56, 1253.564, 1253.568, 1253.572, 1253.576, 1253.58.
     Calls: test.data.table -> sys.source -> eval -> eval
     Execution halted
Flavor: r-devel-linux-x86_64-debian-gcc

Version: 1.9.6
Check: tests
Result: ERROR
    Running the tests in ‘tests/tests.R’ failed.
    Last 13 lines of output:
     > x = ans1[ans1 != 0]
     First 6 of 583 :[1] 608 806 885 169 135 591
     > y = with(DT, eval(ll))
     First 6 of 585 :[1] 608 806 885 169 135 591
     Test 1253.566 ran without errors but failed check that x equals y:
     > x = ans1[ans1 != 0]
     First 6 of 583 :[1] 608 806 885 135 591 169
     > y = with(DT, eval(ll))
     First 6 of 585 :[1] 608 806 885 135 591 169
     forder decreasing argument test: seed = 1468945961 colorder = 4,5,3,2,1
    
     Error in eval(exprs[i], envir) :
     54 errors out of 4435 (lastID=1557.4, endian=little, sizeof(long double)==16) in inst/tests/tests.Rraw on Tue Jul 19 17:32:54 2016. Search tests.Rraw for test numbers: 1253.264, 1253.266, 1253.296, 1253.298, 1253.3, 1253.302, 1253.328, 1253.33, 1253.332, 1253.334, 1253.344, 1253.346, 1253.348, 1253.35, 1253.36, 1253.362, 1253.364, 1253.366, 1253.392, 1253.394, 1253.396, 1253.398, 1253.424, 1253.426, 1253.428, 1253.43, 1253.456, 1253.458, 1253.46, 1253.462, 1253.488, 1253.49, 1253.492, 1253.494, 1253.496, 1253.498, 1253.5, 1253.502, 1253.52, 1253.522, 1253.524, 1253.526, 1253.528, 1253.53, 1253.532, 1253.534, 1253.552, 1253.554, 1253.556, 1253.558, 1253.56, 1253.562, 1253.564, 1253.566.
     Calls: test.data.table -> sys.source -> eval -> eval
     Execution halted
Flavor: r-devel-linux-x86_64-fedora-clang

Version: 1.9.6
Check: tests
Result: ERROR
    Running the tests in ‘tests/tests.R’ failed.
    Last 13 lines of output:
     > x = ans1[ans1 != 0]
     First 6 of 576 :[1] 893 958 554 477 676 229
     > y = with(DT, eval(ll))
     First 6 of 573 :[1] 893 958 554 477 676 229
     Test 1253.574 ran without errors but failed check that x equals y:
     > x = ans1[ans1 != 0]
     First 6 of 576 :[1] 893 958 554 477 676 229
     > y = with(DT, eval(ll))
     First 6 of 573 :[1] 893 958 554 477 676 229
     forder decreasing argument test: seed = 1469139071 colorder = 5,3,4,2,1
    
     Error in eval(exprs[i], envir) :
     62 errors out of 4435 (lastID=1557.4, endian=little, sizeof(long double)==16) in inst/tests/tests.Rraw on Thu Jul 21 23:11:24 2016. Search tests.Rraw for test numbers: 1253.184, 1253.188, 1253.208, 1253.21, 1253.232, 1253.236, 1253.248, 1253.25, 1253.252, 1253.254, 1253.264, 1253.266, 1253.268, 1253.27, 1253.328, 1253.33, 1253.336, 1253.338, 1253.344, 1253.346, 1253.352, 1253.354, 1253.376, 1253.378, 1253.38, 1253.382, 1253.392, 1253.394, 1253.4, 1253.402, 1253.424, 1253.426, 1253.432, 1253.434, 1253.456, 1253.458, 1253.46, 1253.462, 1253.464, 1253.466, 1253.468, 1253.47, 1253.488, 1253.49, 1253.492, 1253.494, 1253.52, 1253.522, 1253.524, 1253.526, 1253.536, 1253.538, 1253.54, 1253.542, 1253.552, 1253.554, 1253.556, 1253.558, 1253.568, 1253.57, 1253.572, 1253.574.
     Calls: test.data.table -> sys.source -> eval -> eval
     Execution halted
Flavor: r-devel-linux-x86_64-fedora-gcc

Version: 1.9.6
Check: tests
Result: ERROR
    Running the tests in ‘tests/tests.R’ failed.
    Last 13 lines of output:
     First 6 of 581 :[1] 397 87 735 60 426 832
     > y = with(DT, eval(ll))
     First 6 of 581 :[1] 397 87 735 60 426 832
     Test 1253.59 ran without errors but failed check that x equals y:
     > x = ans1[ans1 != 0]
     First 6 of 581 :[1] 397 87 60 735 426 832
     > y = with(DT, eval(ll))
     First 6 of 581 :[1] 397 87 60 735 426 832
     forder decreasing argument test: seed = 1469136636 colorder = 3,4,5,2,1
     Tests 1441-1444 not run. If required install the 'fr_FR.utf8' locale.
    
     Error in eval(exprs[i], envir) :
     52 errors out of 4427 (lastID=1557.4, endian=little, sizeof(long double)==16) in inst/tests/tests.Rraw on Thu Jul 21 22:30:47 2016. Search tests.Rraw for test numbers: 1253.28, 1253.282, 1253.288, 1253.29, 1253.296, 1253.298, 1253.304, 1253.306, 1253.312, 1253.314, 1253.316, 1253.318, 1253.32, 1253.322, 1253.324, 1253.326, 1253.392, 1253.394, 1253.408, 1253.41, 1253.424, 1253.426, 1253.44, 1253.442, 1253.456, 1253.458, 1253.46, 1253.462, 1253.472, 1253.474, 1253.476, 1253.478, 1253.488, 1253.49, 1253.492, 1253.494, 1253.504, 1253.506, 1253.508, 1253.51, 1253.52, 1253.522, 1253.524, 1253.526, 1253.552, 1253.554, 1253.556, 1253.558, 1253.584, 1253.586, 1253.588, 1253.59.
     Calls: test.data.table -> sys.source -> eval -> eval
     Execution halted
Flavor: r-devel-osx-x86_64-clang

Version: 1.9.6
Check: tests
Result: ERROR
    Running the tests in ‘tests/tests.R’ failed.
    Last 13 lines of output:
     Don't know how to automatically pick scale for object of type ITime. Defaulting to continuous.
     Don't know how to automatically pick scale for object of type ITime. Defaulting to continuous.
     Test 1147.3 ran without errors but failed check that x equals y:
     > x = dradixorder(x)
     First 6 of 13 :[1] 2 11 6 9 8 7
     > y = c(6L, 9L, 2L, 11L, 8L, 7L, 4L, 12L, 5L, 10L, 13L, 1L, 3L)
     First 6 of 13 :[1] 6 9 2 11 8 7
     Tests 1441-1444 not run. If required install the 'fr_FR.utf8' locale.
    
     Error in eval(expr, envir, enclos) :
     1 error out of 4426 (lastID=1557.4, endian=big, sizeof(long double)==0) in inst/tests/tests.Rraw on Wed Jun 15 00:29:40 2016. Search tests.Rraw for test number 1147.3.
     Calls: test.data.table -> sys.source -> eval -> eval
     Execution halted
Flavor: r-patched-solaris-sparc