CRAN Package Check Results for Package data.table

Last updated on 2016-02-09 01:47:59.

Flavor Version Tinstall Tcheck Ttotal Status Flags
r-devel-linux-x86_64-debian-gcc 1.9.6 14.63 95.84 110.47 OK
r-devel-linux-x86_64-fedora-clang 1.9.6 196.34 OK
r-devel-linux-x86_64-fedora-gcc 1.9.6 204.66 OK
r-devel-osx-x86_64-clang 1.9.6 207.22 OK
r-devel-windows-ix86+x86_64 1.9.6 74.00 224.00 298.00 OK
r-patched-linux-x86_64 1.9.6 14.29 128.49 142.78 OK
r-patched-solaris-sparc 1.9.6 1349.20 ERROR
r-patched-solaris-x86 1.9.6 340.40 OK
r-release-linux-x86_64 1.9.6 14.27 123.74 138.02 OK
r-release-osx-x86_64-mavericks 1.9.6 OK
r-release-windows-ix86+x86_64 1.9.6 61.00 265.00 326.00 OK
r-oldrel-windows-ix86+x86_64 1.9.6 74.00 291.00 365.00 OK

Memtest notes: clang-UBSAN gcc6-UBSAN gcc-UBSAN

Check Details

Version: 1.9.6
Check: tests
Result: ERROR
    Running the tests in ‘tests/tests.R’ failed.
    Last 13 lines of output:
     Don't know how to automatically pick scale for object of type ITime. Defaulting to continuous
     Don't know how to automatically pick scale for object of type ITime. Defaulting to continuous
     Test 1147.3 ran without errors but failed check that x equals y:
     > x = dradixorder(x)
     First 6 of 13 :[1] 2 11 6 9 8 7
     > y = c(6L, 9L, 2L, 11L, 8L, 7L, 4L, 12L, 5L, 10L, 13L, 1L, 3L)
     First 6 of 13 :[1] 6 9 2 11 8 7
     Tests 1441-1444 not run. If required install the 'fr_FR.utf8' locale.
    
     Error in eval(expr, envir, enclos) :
     1 error out of 4426 (lastID=1557.4, endian=big, sizeof(long double)==0) in inst/tests/tests.Rraw on Tue Jan 5 02:55:19 2016. Search tests.Rraw for test number 1147.3.
     Calls: test.data.table -> sys.source -> eval -> eval
     Execution halted
Flavor: r-patched-solaris-sparc