CRAN Package Check Results for Package data.table

Last updated on 2017-12-13 05:48:37 CET.

Flavor Version Tinstall Tcheck Ttotal Status Flags
r-devel-linux-x86_64-debian-clang 1.10.4-3 19.35 279.12 298.47 OK
r-devel-linux-x86_64-debian-gcc 1.10.4-3 20.03 215.25 235.28 OK
r-devel-linux-x86_64-fedora-clang 1.10.4-3 345.77 OK
r-devel-linux-x86_64-fedora-gcc FAIL
r-devel-windows-ix86+x86_64 1.10.4-3 115.00 544.00 659.00 OK
r-patched-linux-x86_64 1.10.4-3 25.31 269.63 294.94 OK
r-patched-solaris-x86 1.10.4-3 454.30 OK
r-release-linux-x86_64 1.10.4-3 24.89 261.92 286.81 OK
r-release-windows-ix86+x86_64 1.10.4-3 69.00 399.00 468.00 OK
r-release-osx-x86_64 1.10.4-3 NOTE
r-oldrel-windows-ix86+x86_64 1.10.4-3 105.00 515.00 620.00 OK
r-oldrel-osx-x86_64 1.10.4-3 OK

Additional issues

rchk valgrind

Check Details

Version: 1.10.4-3
Check: tests
Result: FAIL
    
Flavor: r-devel-linux-x86_64-fedora-gcc

Version: 1.10.4-3
Check: package dependencies
Result: NOTE
    Package suggested but not available for checking: ‘GenomicRanges’
Flavor: r-release-osx-x86_64