CRAN Package Check Results for Package data.table

Last updated on 2014-04-23 20:47:10.

Flavor Version Tinstall Tcheck Ttotal Status Flags
r-devel-linux-x86_64-debian-clang 1.9.2 7.70 108.05 115.75 OK
r-devel-linux-x86_64-debian-gcc 1.9.2 10.87 109.45 120.32 OK
r-devel-linux-x86_64-fedora-clang 1.9.2 228.90 OK
r-devel-linux-x86_64-fedora-gcc 1.9.2 138.85 OK
r-devel-osx-x86_64-clang 1.9.2 133.50 OK
r-devel-osx-x86_64-gcc 1.9.2 NOTE
r-devel-windows-ix86+x86_64 1.9.2 37.00 210.00 247.00 OK
r-patched-linux-x86_64 1.9.2 10.24 111.32 121.56 OK
r-patched-solaris-sparc 1.9.2 587.80 ERROR
r-patched-solaris-x86 1.9.2 231.80 OK
r-release-linux-ix86 1.9.2 16.00 175.00 191.00 OK
r-release-linux-x86_64 1.9.2 11.06 108.53 119.59 OK
r-release-osx-x86_64-mavericks 1.9.2 WARN
r-release-osx-x86_64-snowleopard 1.9.2 OK
r-release-windows-ix86+x86_64 1.9.2 37.00 106.00 143.00 ERROR
r-oldrel-windows-ix86+x86_64 1.9.2 37.00 220.00 257.00 OK

Check Details

Version: 1.9.2
Check: package dependencies
Result: NOTE
    Packages suggested but not available for checking: ‘ggplot2’ ‘xts’
Flavor: r-devel-osx-x86_64-gcc

Version: 1.9.2
Check: tests
Result: ERROR
    Running the tests in ‘tests/tests.R’ failed.
    Last 13 lines of output:
     5: 2 13
     6: 3 14
     > y = data.table(g = c(NA, NaN, Inf, 1, 2, 3), V1 = INT(20, 17, 7, 7, 13, 14))
     g V1 [Key= Types=num,int]
     1: NA 20
     2: NaN 17
     ---
     5: 2 13
     6: 3 14
     Error in eval(expr, envir, enclos) :
     4 errors out of 1220 in inst/tests/tests.Rraw. Search tests.Rraw for test numbers: 1101,1147.3,1211,1212. The test() function is defined at the top of tests.Rraw and contains usage info.
     Calls: test.data.table -> sys.source -> eval -> eval
     Execution halted
Flavor: r-patched-solaris-sparc

Version: 1.9.2
Check: PDF version of manual
Result: WARNING
    LaTeX errors when creating PDF version.
    This typically indicates Rd problems.
    LaTeX errors found:
    ! LaTeX Error: File `upquote.sty' not found.
    
    Type X to quit or <RETURN> to proceed,
    or enter new name. (Default extension: sty)
    
    2dd81a68/Rd2.tex:8: ==> Fatal error occurred, no output PDF file produced!
Flavor: r-release-osx-x86_64-mavericks

Version: 1.9.2
Check: running tests for arch 'i386'
Result: ERROR
    Running the tests in 'tests/tests.R' failed.
    Last 13 lines of output:
     Attaching package: 'bit64'
    
     The following object is masked from 'package:bit':
    
     still.identical
    
     The following objects are masked from 'package:base':
    
     %in%, :, is.double, match, order, rank
    
     Loading required package: gdata
     Don't know how to automatically pick scale for object of type ITime. Defaulting to continuous
     Don't know how to automatically pick scale for object of type ITime. Defaulting to continuous
Flavor: r-release-windows-ix86+x86_64