CRAN Package Check Results for Package data.table

Last updated on 2014-07-26 17:47:08.

Flavor Version Tinstall Tcheck Ttotal Status Flags
r-devel-linux-x86_64-debian-clang 1.9.2 7.53 104.54 112.07 OK
r-devel-linux-x86_64-debian-gcc 1.9.2 10.06 105.42 115.48 OK
r-devel-linux-x86_64-fedora-clang 1.9.2 236.49 OK
r-devel-linux-x86_64-fedora-gcc 1.9.2 233.71 OK
r-devel-osx-x86_64-clang 1.9.2 188.77 OK
r-devel-windows-ix86+x86_64 1.9.2 35.00 192.00 227.00 OK
r-patched-linux-x86_64 1.9.2 10.55 109.29 119.84 OK
r-patched-solaris-sparc 1.9.2 587.80 ERROR
r-patched-solaris-x86 1.9.2 295.50 OK
r-release-linux-ix86 1.9.2 12.28 128.52 140.80 OK
r-release-linux-x86_64 1.9.2 10.86 106.71 117.57 OK
r-release-osx-x86_64-mavericks 1.9.2 OK
r-release-osx-x86_64-snowleopard 1.9.2 OK
r-release-windows-ix86+x86_64 1.9.2 35.00 198.00 233.00 OK
r-oldrel-windows-ix86+x86_64 1.9.2 37.00 225.00 262.00 OK

Check Details

Version: 1.9.2
Check: tests
Result: ERROR
    Running the tests in ‘tests/tests.R’ failed.
    Last 13 lines of output:
     5: 2 13
     6: 3 14
     > y = data.table(g = c(NA, NaN, Inf, 1, 2, 3), V1 = INT(20, 17, 7, 7, 13, 14))
     g V1 [Key= Types=num,int]
     1: NA 20
     2: NaN 17
     ---
     5: 2 13
     6: 3 14
     Error in eval(expr, envir, enclos) :
     4 errors out of 1220 in inst/tests/tests.Rraw. Search tests.Rraw for test numbers: 1101,1147.3,1211,1212. The test() function is defined at the top of tests.Rraw and contains usage info.
     Calls: test.data.table -> sys.source -> eval -> eval
     Execution halted
Flavor: r-patched-solaris-sparc