CRAN Package Check Results for Package data.table

Last updated on 2018-09-22 22:49:30 CEST.

Flavor Version Tinstall Tcheck Ttotal Status Flags
r-devel-linux-x86_64-debian-clang 1.11.6 24.92 211.87 236.79 OK
r-devel-linux-x86_64-debian-gcc 1.11.6 19.69 143.09 162.78 OK
r-devel-linux-x86_64-fedora-clang 1.11.6 268.71 OK
r-devel-linux-x86_64-fedora-gcc 1.11.6 134.91 OK
r-devel-windows-ix86+x86_64 1.11.6 105.00 305.00 410.00 OK
r-patched-linux-x86_64 1.11.6 26.01 171.71 197.72 OK
r-patched-solaris-x86 1.11.6 231.50 NOTE
r-release-linux-x86_64 1.11.6 26.65 171.55 198.20 OK
r-release-windows-ix86+x86_64 1.11.6 75.00 238.00 313.00 OK
r-release-osx-x86_64 1.11.4 OK
r-oldrel-windows-ix86+x86_64 1.11.4 82.00 304.00 386.00 OK
r-oldrel-osx-x86_64 1.11.4 OK

Check Details

Version: 1.11.6
Check: installed package size
Result: NOTE
     installed size is 5.1Mb
     sub-directories of 1Mb or more:
     libs 1.1Mb
     tests 2.2Mb
Flavor: r-patched-solaris-x86