CRAN Package Check Results for Package data.table

Last updated on 2016-05-28 06:47:05.

Flavor Version Tinstall Tcheck Ttotal Status Flags
r-devel-linux-x86_64-debian-gcc 1.9.6 15.13 97.35 112.49 ERROR
r-devel-linux-x86_64-fedora-clang 1.9.6 110.90 ERROR
r-devel-linux-x86_64-fedora-gcc 1.9.6 182.51 ERROR
r-devel-osx-x86_64-clang 1.9.6 211.70 ERROR
r-devel-windows-ix86+x86_64 1.9.6 48.00 264.00 312.00 OK
r-patched-linux-x86_64 1.9.6 15.30 94.99 110.28 OK
r-patched-solaris-sparc 1.9.6 1120.20 ERROR
r-patched-solaris-x86 1.9.6 270.80 OK
r-release-linux-x86_64 1.9.6 14.91 94.00 108.91 OK
r-release-osx-x86_64-mavericks 1.9.6 OK
r-release-windows-ix86+x86_64 1.9.6 65.00 308.00 373.00 OK

Check Details

Version: 1.9.6
Check: tests
Result: ERROR
    Running the tests in ‘tests/tests.R’ failed.
    Last 13 lines of output:
     > x = ans1[ans1 != 0]
     First 6 of 658 :[1] 982 309 112 303 641 574
     > y = with(DT, eval(ll))
     First 6 of 658 :[1] 982 309 112 303 641 574
     Test 1253.512 ran without errors but failed check that x equals y:
     > x = ans1[ans1 != 0]
     First 6 of 658 :[1] 982 112 309 257 621 932
     > y = with(DT, eval(ll))
     First 6 of 658 :[1] 982 112 309 257 621 932
     forder decreasing argument test: seed = 1464360385 colorder = 1,3,2,5,4
    
     Error in eval(expr, envir, enclos) :
     4 errors out of 4435 (lastID=1557.4, endian=little, sizeof(long double)==16) in inst/tests/tests.Rraw on Fri May 27 16:46:31 2016. Search tests.Rraw for test numbers: 1253.488, 1253.496, 1253.504, 1253.512.
     Calls: test.data.table -> sys.source -> eval -> eval
     Execution halted
Flavor: r-devel-linux-x86_64-debian-gcc

Version: 1.9.6
Check: tests
Result: ERROR
    Running the tests in ‘tests/tests.R’ failed.
    Last 13 lines of output:
     > x = ans1[ans1 != 0]
     First 6 of 657 :[1] 986 65 967 108 57 249
     > y = with(DT, eval(ll))
     First 6 of 657 :[1] 986 65 967 108 57 249
     Test 1253.476 ran without errors but failed check that x equals y:
     > x = ans1[ans1 != 0]
     First 6 of 657 :[1] 986 65 574 361 367 629
     > y = with(DT, eval(ll))
     First 6 of 657 :[1] 986 65 574 361 367 629
     forder decreasing argument test: seed = 1463990720 colorder = 1,4,3,2,5
    
     Error in eval(expr, envir, enclos) :
     16 errors out of 4435 (lastID=1557.4, endian=little, sizeof(long double)==16) in inst/tests/tests.Rraw on Mon May 23 09:05:26 2016. Search tests.Rraw for test numbers: 1253.168, 1253.17, 1253.172, 1253.174, 1253.248, 1253.25, 1253.256, 1253.258, 1253.312, 1253.316, 1253.32, 1253.324, 1253.456, 1253.46, 1253.472, 1253.476.
     Calls: test.data.table -> sys.source -> eval -> eval
     Execution halted
Flavor: r-devel-linux-x86_64-fedora-clang

Version: 1.9.6
Check: tests
Result: ERROR
    Running the tests in ‘tests/tests.R’ failed.
    Last 13 lines of output:
     > x = ans1[ans1 != 0]
     First 6 of 655 :[1] 1000 332 111 579 879 229
     > y = with(DT, eval(ll))
     First 6 of 655 :[1] 1000 332 111 579 879 229
     Test 1253.412 ran without errors but failed check that x equals y:
     > x = ans1[ans1 != 0]
     First 6 of 655 :[1] 1000 332 229 959 579 879
     > y = with(DT, eval(ll))
     First 6 of 655 :[1] 1000 332 229 959 579 879
     forder decreasing argument test: seed = 1463998898 colorder = 2,5,1,4,3
    
     Error in eval(expr, envir, enclos) :
     4 errors out of 4435 (lastID=1557.4, endian=little, sizeof(long double)==16) in inst/tests/tests.Rraw on Mon May 23 11:21:49 2016. Search tests.Rraw for test numbers: 1253.392, 1253.396, 1253.408, 1253.412.
     Calls: test.data.table -> sys.source -> eval -> eval
     Execution halted
Flavor: r-devel-linux-x86_64-fedora-gcc

Version: 1.9.6
Check: tests
Result: ERROR
    Running the tests in ‘tests/tests.R’ failed.
    Last 13 lines of output:
     First 6 of 645 :[1] 139 657 122 575 988 917
     > y = with(DT, eval(ll))
     First 6 of 645 :[1] 139 657 122 575 988 917
     Test 1253.53 ran without errors but failed check that x equals y:
     > x = ans1[ans1 != 0]
     First 6 of 645 :[1] 917 122 575 988 139 657
     > y = with(DT, eval(ll))
     First 6 of 645 :[1] 917 122 575 988 139 657
     forder decreasing argument test: seed = 1463942067 colorder = 3,4,2,5,1
     Tests 1441-1444 not run. If required install the 'fr_FR.utf8' locale.
    
     Error in eval(expr, envir, enclos) :
     4 errors out of 4427 (lastID=1557.4, endian=little, sizeof(long double)==16) in inst/tests/tests.Rraw on Sun May 22 19:34:39 2016. Search tests.Rraw for test numbers: 1253.52, 1253.522, 1253.528, 1253.53.
     Calls: test.data.table -> sys.source -> eval -> eval
     Execution halted
Flavor: r-devel-osx-x86_64-clang

Version: 1.9.6
Check: tests
Result: ERROR
    Running the tests in ‘tests/tests.R’ failed.
    Last 13 lines of output:
     Don't know how to automatically pick scale for object of type ITime. Defaulting to continuous.
     Don't know how to automatically pick scale for object of type ITime. Defaulting to continuous.
     Test 1147.3 ran without errors but failed check that x equals y:
     > x = dradixorder(x)
     First 6 of 13 :[1] 2 11 6 9 8 7
     > y = c(6L, 9L, 2L, 11L, 8L, 7L, 4L, 12L, 5L, 10L, 13L, 1L, 3L)
     First 6 of 13 :[1] 6 9 2 11 8 7
     Tests 1441-1444 not run. If required install the 'fr_FR.utf8' locale.
    
     Error in eval(expr, envir, enclos) :
     1 error out of 4426 (lastID=1557.4, endian=big, sizeof(long double)==0) in inst/tests/tests.Rraw on Fri May 6 03:27:34 2016. Search tests.Rraw for test number 1147.3.
     Calls: test.data.table -> sys.source -> eval -> eval
     Execution halted
Flavor: r-patched-solaris-sparc