CRAN Package Check Results for Package data.table

Last updated on 2014-10-30 14:47:21.

Flavor Version Tinstall Tcheck Ttotal Status Flags
r-devel-linux-x86_64-debian-clang 1.9.4 10.41 156.34 166.74 OK
r-devel-linux-x86_64-debian-gcc 1.9.4 12.02 150.07 162.08 OK
r-devel-linux-x86_64-fedora-clang 1.9.4 383.55 OK
r-devel-linux-x86_64-fedora-gcc 1.9.4 335.76 OK
r-devel-osx-x86_64-clang 1.9.4 246.41 OK
r-devel-windows-ix86+x86_64 1.9.4 38.00 314.00 352.00 OK
r-patched-linux-x86_64 1.9.4 15.73 173.73 189.46 OK
r-patched-solaris-sparc 1.9.4 692.00 ERROR
r-patched-solaris-x86 1.9.4 402.20 OK
r-release-linux-ix86 1.9.4 15.02 167.20 182.22 OK
r-release-linux-x86_64 1.9.4 15.23 174.37 189.60 OK
r-release-osx-x86_64-mavericks 1.9.4 OK
r-release-osx-x86_64-snowleopard 1.9.4 ERROR
r-release-windows-ix86+x86_64 1.9.4 41.00 328.00 369.00 OK
r-oldrel-windows-ix86+x86_64 1.9.4 42.00 349.00 391.00 OK

Check Details

Version: 1.9.4
Check: tests
Result: ERROR
    Running the tests in ‘tests/tests.R’ failed.
    Last 13 lines of output:
     [1] 3 4 5 6 6 1
     > y = INT(1, 3:4, 5:6, 6)
     [1] 1 3 4 5 6 6
     Test -1191 ran without errors but failed check that x equals y:
     > x = TESTDT[SJ(c(1, NA, 4, NA, NA, 4, 4), c(5, 5, 6, 6, 7, 9, 10)), v, mult = "all", roll = TRUE, nomatch = NA][[3]]
     First 6 of 9 :[1] NA NA NA 3 4 5
     > y = INT(NA, NA, NA, 1, 3:4, 5:6, 6)
     First 6 of 9 :[1] NA NA NA 1 3 4
    
     Error in eval(expr, envir, enclos) :
     429 errors out of 3748 (lastID=1380) in inst/tests/tests.Rraw on Thu Oct 2 08:10:38 2014. Search tests.Rraw for test numbers: 24, 191, 272, 599, 632, 632.1, 1104.2, 1147.2, 1154.1, 1155.1, 1155.2, 1155.3, 1162.4, 1162.9, 1207.1, 1208.1, 1207.2, 1208.2, 1223.007, 1223.008, 1223.011, 1223.012, 1223.061, 1223.062, 1223.063, 1223.064, 1223.065, 1223.066, 1223.067, 1223.068, 1223.225, 1223.226, 1223.227, 1223.228, 1223.229, 1223.23, 1223.231, 1223.232, 1251.6, 1251.7, 1253.131, 1253.132, 1253.133, 1253.134, 1253.151, 1253.152, 1253.153, 1253.154, 1253.155, 1253.156, 1253.157, 1253.158, 1253.159, 1253.16, 1253.161, 1253.162, 1253.163, 1253.164, 1253.165, 1253.166, 1253.167, 1253.168, 1253.169, 1253.17, 1253.171, 1253.172, 1253.173, 1253.174, 1253.175, 1253.176, 1253.177, 1253.178, 1253.179, 1253.18, 1253.181, 1253.182, 1253.231, 1253.232, 1253.233, 1253.234, 1253.235, 1253.236, 1253.237, 1253.238, 1253.239, 1253.24, 1253.241, 1253.242, 1253.243, 1253.244, 1253.245, 1253.246, 1253.
     Calls: test.data.table -> sys.source -> eval -> eval
     Execution halted
Flavor: r-patched-solaris-sparc

Version: 1.9.4
Check: tests
Result: ERROR
    Running the tests in ‘tests/tests.R’ failed.
    Last 13 lines of output:
     Running test id 1362.8
    
     Running test id 1362.9
    
     Running test id 1362.11
    
     Running test id 1362.12
    
     Running test id 1362.13
     Error in eval(expr, envir, enclos) :
     7 errors out of 3775 (lastID=1380) in inst/tests/tests.Rraw on Wed Oct 29 06:56:30 2014. Search tests.Rraw for test numbers: 839, 840, 841, 1163, 1345, 1347.1, 1347.2.
     Calls: test.data.table -> sys.source -> eval -> eval
     Execution halted
Flavor: r-release-osx-x86_64-snowleopard