CRAN Package Check Results for Package data.table

Last updated on 2015-05-22 09:47:31.

Flavor Version Tinstall Tcheck Ttotal Status Flags
r-devel-linux-x86_64-debian-clang 1.9.4 11.70 142.85 154.56 OK
r-devel-linux-x86_64-debian-gcc 1.9.4 11.50 142.12 153.62 OK
r-devel-linux-x86_64-fedora-clang 1.9.4 295.25 OK
r-devel-linux-x86_64-fedora-gcc 1.9.4 283.47 OK
r-devel-osx-x86_64-clang 1.9.4 247.41 OK
r-devel-windows-ix86+x86_64 1.9.4 51.00 333.00 384.00 OK
r-patched-linux-x86_64 1.9.4 11.68 148.13 159.81 OK
r-patched-solaris-sparc 1.9.4 1019.60 ERROR
r-patched-solaris-x86 1.9.4 403.50 OK
r-release-linux-x86_64 1.9.4 11.52 144.57 156.08 OK
r-release-osx-x86_64-mavericks 1.9.4 OK
r-release-osx-x86_64-snowleopard 1.9.4 NOTE
r-release-windows-ix86+x86_64 1.9.4 39.00 358.00 397.00 OK
r-oldrel-windows-ix86+x86_64 1.9.4 41.00 359.00 400.00 OK

Check Details

Version: 1.9.4
Check: tests
Result: ERROR
    Running the tests in ‘tests/tests.R’ failed.
    Last 13 lines of output:
     [1] 3 4 5 6 6 1
     > y = INT(1, 3:4, 5:6, 6)
     [1] 1 3 4 5 6 6
     Test -1191 ran without errors but failed check that x equals y:
     > x = TESTDT[SJ(c(1, NA, 4, NA, NA, 4, 4), c(5, 5, 6, 6, 7, 9, 10)), v, mult = "all", roll = TRUE, nomatch = NA][[3]]
     First 6 of 9 :[1] NA NA NA 3 4 5
     > y = INT(NA, NA, NA, 1, 3:4, 5:6, 6)
     First 6 of 9 :[1] NA NA NA 1 3 4
    
     Error in eval(expr, envir, enclos) :
     469 errors out of 3748 (lastID=1380) in inst/tests/tests.Rraw on Tue Mar 10 08:35:51 2015. Search tests.Rraw for test numbers: 24, 191, 272, 599, 632, 632.1, 1104.2, 1147.2, 1154.1, 1155.1, 1155.2, 1155.3, 1162.4, 1162.9, 1207.1, 1208.1, 1207.2, 1208.2, 1223.005, 1223.006, 1223.009, 1223.01, 1223.049, 1223.05, 1223.051, 1223.052, 1223.053, 1223.054, 1223.055, 1223.056, 1223.057, 1223.058, 1223.059, 1223.06, 1223.069, 1223.07, 1223.071, 1223.072, 1223.201, 1223.202, 1223.203, 1223.204, 1223.205, 1223.206, 1223.207, 1223.208, 1223.209, 1223.21, 1223.211, 1223.212, 1223.213, 1223.214, 1223.215, 1223.216, 1223.217, 1223.218, 1223.219, 1223.22, 1223.221, 1223.222, 1223.223, 1223.224, 1223.457, 1223.458, 1223.459, 1223.46, 1223.461, 1223.462, 1223.463, 1223.464, 1223.465, 1223.466, 1223.467, 1223.468, 1223.469, 1223.47, 1223.471, 1223.472, 1251.6, 1251.7, 1253.135, 1253.136, 1253.137, 1253.138, 1253.151, 1253.152, 1253.153, 1253.154, 1253.155, 1253.156, 1253.157, 1253.158, 1253.183
     Calls: test.data.table -> sys.source -> eval -> eval
     Execution halted
Flavor: r-patched-solaris-sparc

Version: 1.9.4
Check: package dependencies
Result: NOTE
    Packages suggested but not available for checking: ‘ggplot2’ ‘xts’
Flavor: r-release-osx-x86_64-snowleopard