CRAN Package Check Results for Package data.table

Last updated on 2023-03-28 20:51:47 CEST.

Flavor Version Tinstall Tcheck Ttotal Status Flags
r-devel-linux-x86_64-debian-clang 1.14.8 41.46 162.76 204.22 OK --no-tests
r-devel-linux-x86_64-debian-gcc 1.14.8 31.05 120.70 151.75 OK --no-tests
r-devel-linux-x86_64-fedora-clang 1.14.8 407.87 OK
r-devel-linux-x86_64-fedora-gcc 1.14.8 390.75 OK
r-devel-windows-x86_64 1.14.8 350.00 0.00 350.00 FAIL
r-patched-linux-x86_64 1.14.8 42.05 147.93 189.98 OK --no-tests
r-release-linux-x86_64 1.14.8 38.34 148.23 186.57 OK --no-tests
r-release-macos-arm64 1.14.8 109.00 NOTE
r-release-macos-x86_64 1.14.8 172.00 NOTE
r-release-windows-x86_64 1.14.8 232.00 1179.00 1411.00 OK
r-oldrel-macos-arm64 1.14.8 106.00 NOTE
r-oldrel-macos-x86_64 1.14.8 204.00 NOTE
r-oldrel-windows-ix86+x86_64 1.14.8 121.00 459.00 580.00 NOTE

Check Details

Version: 1.14.8
Check: tests
Result: FAIL
    Check process probably crashed or hung up for 20 minutes ... killed
    Most likely this happened in the example checks (?),
    if not, ignore the following last lines of example output:
    >
    > ### Name: update_dev_pkg
    > ### Title: Perform update of development version of a package
    > ### Aliases: update_dev_pkg
    > ### Keywords: data
    >
    > ### ** Examples
    >
    > ## Don't show:
    > # using if(FALSE) because \dontrun could still be run by --run-dontrun; #5421
    > ## End(Don't show)
    > if (FALSE) data.table::update_dev_pkg()
    >
    >
    >
    > ### * <FOOTER>
    > ###
    > cleanEx()
    > options(digits = 7L)
    > base::cat("Time elapsed: ", proc.time() - base::get("ptime", pos = 'CheckExEnv'),"\n")
    Time elapsed: 6.22 0.16 8.1 NA NA
    > grDevices::dev.off()
    null device
     1
    > ###
    > ### Local variables: ***
    > ### mode: outline-minor ***
    > ### outline-regexp: "\\(> \\)?### [*]+" ***
    > ### End: ***
    > quit('no')
    ======== End of example output (where/before crash/hang up occured ?) ========
Flavor: r-devel-windows-x86_64

Version: 1.14.8
Check: installed package size
Result: NOTE
     installed size is 5.4Mb
     sub-directories of 1Mb or more:
     libs 1.4Mb
     tests 1.5Mb
Flavors: r-release-macos-arm64, r-release-macos-x86_64, r-oldrel-macos-arm64, r-oldrel-macos-x86_64, r-oldrel-windows-ix86+x86_64

Version: 1.14.8
Check: dependencies in R code
Result: NOTE
    Initiating curl with CURL_SSL_BACKEND: openssl
Flavor: r-oldrel-windows-ix86+x86_64