CRAN Package Check Results for Package data.table

Last updated on 2015-09-05 07:46:44.

Flavor Version Tinstall Tcheck Ttotal Status Flags
r-devel-linux-x86_64-debian-clang 1.9.4 9.19 153.92 163.11 OK
r-devel-linux-x86_64-debian-gcc 1.9.4 11.57 159.12 170.69 OK
r-devel-linux-x86_64-fedora-clang 1.9.4 268.36 OK
r-devel-linux-x86_64-fedora-gcc 1.9.4 293.73 OK
r-devel-osx-x86_64-clang 1.9.4 231.02 OK
r-devel-windows-ix86+x86_64 1.9.4 58.00 357.00 415.00 OK
r-patched-linux-x86_64 1.9.4 11.46 154.51 165.97 OK
r-patched-solaris-sparc 1.9.4 1026.40 ERROR
r-patched-solaris-x86 1.9.4 396.90 OK
r-release-linux-x86_64 1.9.4 11.56 155.94 167.51 OK
r-release-osx-x86_64-mavericks 1.9.4 OK
r-release-windows-ix86+x86_64 1.9.4 54.00 363.00 417.00 OK
r-oldrel-windows-ix86+x86_64 1.9.4 45.00 419.00 464.00 OK

Check Details

Version: 1.9.4
Check: tests
Result: ERROR
    Running the tests in ‘tests/tests.R’ failed.
    Last 13 lines of output:
     [1] 3 4 5 6 6 1
     > y = INT(1, 3:4, 5:6, 6)
     [1] 1 3 4 5 6 6
     Test -1191 ran without errors but failed check that x equals y:
     > x = TESTDT[SJ(c(1, NA, 4, NA, NA, 4, 4), c(5, 5, 6, 6, 7, 9, 10)), v, mult = "all", roll = TRUE, nomatch = NA][[3]]
     First 6 of 9 :[1] NA NA NA 3 4 5
     > y = INT(NA, NA, NA, 1, 3:4, 5:6, 6)
     First 6 of 9 :[1] NA NA NA 1 3 4
    
     Error in eval(expr, envir, enclos) :
     349 errors out of 3748 (lastID=1380) in inst/tests/tests.Rraw on Sun Jul 19 06:03:37 2015. Search tests.Rraw for test numbers: 24, 191, 272, 599, 632, 632.1, 1104.2, 1147.2, 1154.1, 1155.1, 1155.2, 1155.3, 1162.4, 1162.9, 1207.1, 1208.1, 1207.2, 1208.2, 1223.005, 1223.006, 1223.007, 1223.008, 1223.049, 1223.05, 1223.051, 1223.052, 1223.053, 1223.054, 1223.055, 1223.056, 1223.057, 1223.058, 1223.059, 1223.06, 1223.061, 1223.062, 1223.063, 1223.064, 1223.065, 1223.066, 1223.067, 1223.068, 1223.201, 1223.202, 1223.203, 1223.204, 1223.205, 1223.206, 1223.207, 1223.208, 1223.209, 1223.21, 1223.211, 1223.212, 1223.213, 1223.214, 1223.215, 1223.216, 1223.217, 1223.218, 1223.219, 1223.22, 1223.221, 1223.222, 1223.223, 1223.224, 1223.225, 1223.226, 1223.227, 1223.228, 1223.229, 1223.23, 1223.231, 1223.232, 1223.457, 1223.458, 1223.459, 1223.46, 1223.461, 1223.462, 1223.463, 1223.464, 1223.465, 1223.466, 1223.467, 1223.468, 1223.469, 1223.47, 1223.471, 1223.472, 1251.6, 1251.7, 1253.14
     Calls: test.data.table -> sys.source -> eval -> eval
     Execution halted
Flavor: r-patched-solaris-sparc