CRAN Package Check Results for Package data.table

Last updated on 2017-10-20 00:52:33.

Flavor Version Tinstall Tcheck Ttotal Status Flags
r-devel-linux-x86_64-debian-clang 1.10.4-2 16.63 169.60 186.22 OK
r-devel-linux-x86_64-debian-gcc 1.10.4-2 24.07 180.13 204.20 OK
r-devel-linux-x86_64-fedora-clang 1.10.4-2 358.77 OK
r-devel-linux-x86_64-fedora-gcc 1.10.4-2 348.74 OK
r-devel-windows-ix86+x86_64 1.10.4-2 69.00 381.00 450.00 OK
r-patched-linux-x86_64 1.10.4-2 20.14 167.94 188.08 OK
r-patched-solaris-x86 1.10.4-2 358.70 OK
r-release-linux-x86_64 1.10.4-2 19.88 164.32 184.19 OK
r-release-windows-ix86+x86_64 1.10.4-2 102.00 521.00 623.00 OK
r-release-osx-x86_64 1.10.4-2 NOTE
r-oldrel-windows-ix86+x86_64 1.10.4-2 72.00 500.00 572.00 OK
r-oldrel-osx-x86_64 1.10.4-2 OK

Additional issues

rchk

Check Details

Version: 1.10.4-2
Check: package dependencies
Result: NOTE
    Package suggested but not available for checking: ‘GenomicRanges’
Flavor: r-release-osx-x86_64