CRAN Package Check Results for Package data.table

Last updated on 2016-08-30 19:47:23.

Flavor Version Tinstall Tcheck Ttotal Status Flags
r-devel-linux-x86_64-debian-clang 1.9.6 13.13 95.47 108.60 ERROR
r-devel-linux-x86_64-debian-gcc 1.9.6 15.00 94.13 109.12 ERROR
r-devel-linux-x86_64-fedora-clang 1.9.6 189.35 ERROR
r-devel-linux-x86_64-fedora-gcc 1.9.6 184.83 ERROR
r-devel-osx-x86_64-clang 1.9.6 147.65 ERROR
r-devel-windows-ix86+x86_64 1.9.6 60.00 313.00 373.00 ERROR
r-patched-linux-x86_64 1.9.6 14.25 96.41 110.66 OK
r-patched-solaris-sparc 1.9.6 1122.40 ERROR
r-patched-solaris-x86 1.9.6 257.40 OK
r-release-linux-x86_64 1.9.6 14.42 97.05 111.46 OK
r-release-osx-x86_64-mavericks 1.9.6 OK
r-release-windows-ix86+x86_64 1.9.6 63.00 266.00 329.00 OK
r-oldrel-windows-ix86+x86_64 1.9.6 68.00 390.00 458.00 OK

Check Details

Version: 1.9.6
Check: tests
Result: ERROR
    Running the tests in ‘tests/tests.R’ failed.
    Last 13 lines of output:
     > x = ans1[ans1 != 0]
     First 6 of 581 :[1] 933 526 268 238 915 427
     > y = with(DT, eval(ll))
     First 6 of 582 :[1] 933 526 268 238 915 427
     Test 1253.608 ran without errors but failed check that x equals y:
     > x = ans1[ans1 != 0]
     First 6 of 581 :[1] 933 769 735 384 932 806
     > y = with(DT, eval(ll))
     First 6 of 582 :[1] 933 769 735 384 932 806
     forder decreasing argument test: seed = 1472511596 colorder = 2,1,3,4,5
    
     Error in eval(exprs[i], envir) :
     66 errors out of 4435 (lastID=1557.4, endian=little, sizeof(long double)==16) in inst/tests/tests.Rraw on Tue Aug 30 01:00:02 2016. Search tests.Rraw for test numbers: 1253.152, 1253.154, 1253.156, 1253.158, 1253.168, 1253.172, 1253.176, 1253.18, 1253.192, 1253.196, 1253.232, 1253.234, 1253.236, 1253.238, 1253.24, 1253.242, 1253.244, 1253.246, 1253.248, 1253.252, 1253.256, 1253.26, 1253.264, 1253.268, 1253.272, 1253.276, 1253.312, 1253.32, 1253.328, 1253.332, 1253.336, 1253.34, 1253.36, 1253.368, 1253.392, 1253.396, 1253.4, 1253.404, 1253.408, 1253.412, 1253.416, 1253.42, 1253.424, 1253.428, 1253.432, 1253.436, 1253.44, 1253.444, 1253.448, 1253.452, 1253.456, 1253.464, 1253.472, 1253.48, 1253.52, 1253.528, 1253.536, 1253.544, 1253.552, 1253.56, 1253.568, 1253.576, 1253.584, 1253.592, 1253.6, 1253.608.
     Calls: test.data.table -> sys.source -> eval -> eval
     Execution halted
Flavor: r-devel-linux-x86_64-debian-clang

Version: 1.9.6
Check: tests
Result: ERROR
    Running the tests in ‘tests/tests.R’ failed.
    Last 13 lines of output:
     > x = ans1[ans1 != 0]
     First 6 of 587 :[1] 840 685 835 606 419 848
     > y = with(DT, eval(ll))
     First 6 of 588 :[1] 840 685 835 606 1 419
     Test 1253.574 ran without errors but failed check that x equals y:
     > x = ans1[ans1 != 0]
     First 6 of 587 :[1] 840 685 835 606 419 983
     > y = with(DT, eval(ll))
     First 6 of 588 :[1] 840 685 835 606 1 419
     forder decreasing argument test: seed = 1472482864 colorder = 5,2,4,3,1
    
     Error in eval(exprs[i], envir) :
     68 errors out of 4435 (lastID=1557.4, endian=little, sizeof(long double)==16) in inst/tests/tests.Rraw on Mon Aug 29 17:01:10 2016. Search tests.Rraw for test numbers: 1253.192, 1253.194, 1253.196, 1253.198, 1253.232, 1253.236, 1253.248, 1253.25, 1253.252, 1253.254, 1253.264, 1253.266, 1253.268, 1253.27, 1253.28, 1253.282, 1253.312, 1253.314, 1253.316, 1253.318, 1253.344, 1253.346, 1253.352, 1253.354, 1253.36, 1253.362, 1253.364, 1253.366, 1253.368, 1253.37, 1253.372, 1253.374, 1253.392, 1253.394, 1253.4, 1253.402, 1253.424, 1253.426, 1253.432, 1253.434, 1253.456, 1253.458, 1253.46, 1253.462, 1253.464, 1253.466, 1253.468, 1253.47, 1253.488, 1253.49, 1253.492, 1253.494, 1253.52, 1253.522, 1253.524, 1253.526, 1253.536, 1253.538, 1253.54, 1253.542, 1253.552, 1253.554, 1253.556, 1253.558, 1253.568, 1253.57, 1253.572, 1253.574.
     Calls: test.data.table -> sys.source -> eval -> eval
     Execution halted
Flavor: r-devel-linux-x86_64-debian-gcc

Version: 1.9.6
Check: tests
Result: ERROR
    Running the tests in ‘tests/tests.R’ failed.
    Last 13 lines of output:
     > x = ans1[ans1 != 0]
     First 6 of 588 :[1] 123 932 204 600 998 414
     > y = with(DT, eval(ll))
     First 6 of 591 :[1] 123 932 204 600 998 414
     Test 1253.596 ran without errors but failed check that x equals y:
     > x = ans1[ans1 != 0]
     First 6 of 588 :[1] 123 932 600 204 998 593
     > y = with(DT, eval(ll))
     First 6 of 591 :[1] 123 932 600 204 998 593
     forder decreasing argument test: seed = 1471952838 colorder = 1,5,3,2,4
    
     Error in eval(exprs[i], envir) :
     72 errors out of 4435 (lastID=1557.4, endian=little, sizeof(long double)==16) in inst/tests/tests.Rraw on Tue Aug 23 12:47:31 2016. Search tests.Rraw for test numbers: 1253.16, 1253.162, 1253.164, 1253.166, 1253.168, 1253.17, 1253.172, 1253.174, 1253.216, 1253.22, 1253.28, 1253.282, 1253.284, 1253.286, 1253.288, 1253.29, 1253.292, 1253.294, 1253.296, 1253.3, 1253.304, 1253.308, 1253.312, 1253.316, 1253.32, 1253.324, 1253.328, 1253.33, 1253.332, 1253.334, 1253.344, 1253.348, 1253.376, 1253.38, 1253.384, 1253.388, 1253.392, 1253.394, 1253.396, 1253.398, 1253.408, 1253.41, 1253.412, 1253.414, 1253.424, 1253.428, 1253.44, 1253.444, 1253.456, 1253.46, 1253.472, 1253.476, 1253.488, 1253.492, 1253.496, 1253.5, 1253.504, 1253.508, 1253.512, 1253.516, 1253.52, 1253.524, 1253.528, 1253.532, 1253.552, 1253.556, 1253.56, 1253.564, 1253.584, 1253.588, 1253.592, 1253.596.
     Calls: test.data.table -> sys.source -> eval -> eval
     Execution halted
Flavor: r-devel-linux-x86_64-fedora-clang

Version: 1.9.6
Check: tests
Result: ERROR
    Running the tests in ‘tests/tests.R’ failed.
    Last 13 lines of output:
     > x = ans1[ans1 != 0]
     First 6 of 571 :[1] 975 971 788 767 403 82
     > y = with(DT, eval(ll))
     First 6 of 571 :[1] 975 971 788 767 403 82
     Test 1253.58 ran without errors but failed check that x equals y:
     > x = ans1[ans1 != 0]
     First 6 of 571 :[1] 620 934 82 788 767 403
     > y = with(DT, eval(ll))
     First 6 of 571 :[1] 620 934 82 788 767 403
     forder decreasing argument test: seed = 1471911287 colorder = 4,3,1,2,5
    
     Error in eval(exprs[i], envir) :
     44 errors out of 4435 (lastID=1557.4, endian=little, sizeof(long double)==16) in inst/tests/tests.Rraw on Tue Aug 23 01:14:57 2016. Search tests.Rraw for test numbers: 1253.168, 1253.17, 1253.312, 1253.316, 1253.328, 1253.33, 1253.332, 1253.334, 1253.336, 1253.338, 1253.34, 1253.342, 1253.344, 1253.348, 1253.352, 1253.356, 1253.376, 1253.38, 1253.384, 1253.388, 1253.392, 1253.394, 1253.396, 1253.398, 1253.4, 1253.402, 1253.404, 1253.406, 1253.52, 1253.524, 1253.528, 1253.532, 1253.536, 1253.54, 1253.544, 1253.548, 1253.552, 1253.556, 1253.56, 1253.564, 1253.568, 1253.572, 1253.576, 1253.58.
     Calls: test.data.table -> sys.source -> eval -> eval
     Execution halted
Flavor: r-devel-linux-x86_64-fedora-gcc

Version: 1.9.6
Check: tests
Result: ERROR
    Running the tests in ‘tests/tests.R’ failed.
    Last 13 lines of output:
     First 6 of 584 :[1] 790 21 824 471 706 562
     > y = with(DT, eval(ll))
     First 6 of 575 :[1] 790 21 824 471 706 562
     Test 1253.596 ran without errors but failed check that x equals y:
     > x = ans1[ans1 != 0]
     First 6 of 584 :[1] 790 21 824 471 706 562
     > y = with(DT, eval(ll))
     First 6 of 575 :[1] 790 21 824 471 706 562
     forder decreasing argument test: seed = 1471966139 colorder = 3,5,1,2,4
     Tests 1441-1444 not run. If required install the 'fr_FR.utf8' locale.
    
     Error in eval(exprs[i], envir) :
     60 errors out of 4427 (lastID=1557.4, endian=little, sizeof(long double)==16) in inst/tests/tests.Rraw on Tue Aug 23 16:29:09 2016. Search tests.Rraw for test numbers: 1253.232, 1253.234, 1253.24, 1253.242, 1253.248, 1253.25, 1253.256, 1253.258, 1253.264, 1253.272, 1253.296, 1253.3, 1253.304, 1253.308, 1253.328, 1253.33, 1253.332, 1253.334, 1253.344, 1253.348, 1253.376, 1253.38, 1253.384, 1253.388, 1253.392, 1253.394, 1253.396, 1253.398, 1253.408, 1253.41, 1253.412, 1253.414, 1253.424, 1253.428, 1253.44, 1253.444, 1253.456, 1253.46, 1253.472, 1253.476, 1253.488, 1253.492, 1253.496, 1253.5, 1253.504, 1253.508, 1253.512, 1253.516, 1253.52, 1253.524, 1253.528, 1253.532, 1253.552, 1253.556, 1253.56, 1253.564, 1253.584, 1253.588, 1253.592, 1253.596.
     Calls: test.data.table -> sys.source -> eval -> eval
     Execution halted
Flavor: r-devel-osx-x86_64-clang

Version: 1.9.6
Check: running tests for arch ‘i386’
Result: ERROR
    Running the tests in 'tests/tests.R' failed.
    Last 13 lines of output:
     First 6 of 587 :[1] 649 690 200 93 295 99
     > y = with(DT, eval(ll))
     First 6 of 589 :[1] 649 690 200 93 295 99
     Test 1253.594 ran without errors but failed check that x equals y:
     > x = ans1[ans1 != 0]
     First 6 of 587 :[1] 649 690 200 93 99 295
     > y = with(DT, eval(ll))
     First 6 of 589 :[1] 649 690 200 93 99 295
     forder decreasing argument test: seed = 1472492784 colorder = 1,5,2,4,3
    
     Error in eval(exprs[i], envir) :
     43 errors out of 4244 (lastID=1557.4, endian=little, sizeof(long double)==12) in inst/tests/tests.Rraw on Mon Aug 29 19:46:34 2016. Search tests.Rraw for test numbers: 1241.2, 1253.168, 1253.172, 1253.216, 1253.218, 1253.22, 1253.222, 1253.312, 1253.314, 1253.32, 1253.322, 1253.344, 1253.346, 1253.348, 1253.35, 1253.392, 1253.396, 1253.408, 1253.412, 1253.424, 1253.426, 1253.428, 1253.43, 1253.44, 1253.442, 1253.444, 1253.446, 1253.456, 1253.458, 1253.472, 1253.474, 1253.52, 1253.522, 1253.528, 1253.53, 1253.552, 1253.554, 1253.56, 1253.562, 1253.584, 1253.586, 1253.592, 1253.594.
     Calls: test.data.table -> sys.source -> eval -> eval
     In addition: There were 12 warnings (use warnings() to see them)
     Execution halted
Flavor: r-devel-windows-ix86+x86_64

Version: 1.9.6
Check: running tests for arch ‘x64’
Result: ERROR
    Running the tests in 'tests/tests.R' failed.
    Last 13 lines of output:
     First 6 of 591 :[1] 680 885 396 332 325 193
     > y = with(DT, eval(ll))
     First 6 of 593 :[1] 680 885 396 332 325 193
     Test 1253.574 ran without errors but failed check that x equals y:
     > x = ans1[ans1 != 0]
     First 6 of 591 :[1] 680 885 396 332 325 193
     > y = with(DT, eval(ll))
     First 6 of 593 :[1] 680 885 396 332 325 193
     forder decreasing argument test: seed = 1472492869 colorder = 5,1,4,2,3
    
     Error in eval(exprs[i], envir) :
     72 errors out of 4245 (lastID=1557.4, endian=little, sizeof(long double)==16) in inst/tests/tests.Rraw on Mon Aug 29 19:48:00 2016. Search tests.Rraw for test numbers: 1253.2, 1253.202, 1253.204, 1253.206, 1253.224, 1253.226, 1253.228, 1253.23, 1253.248, 1253.25, 1253.252, 1253.254, 1253.264, 1253.266, 1253.268, 1253.27, 1253.28, 1253.282, 1253.296, 1253.298, 1253.312, 1253.314, 1253.316, 1253.318, 1253.328, 1253.33, 1253.336, 1253.338, 1253.344, 1253.346, 1253.352, 1253.354, 1253.376, 1253.378, 1253.38, 1253.382, 1253.392, 1253.394, 1253.4, 1253.402, 1253.424, 1253.426, 1253.432, 1253.434, 1253.456, 1253.458, 1253.46, 1253.462, 1253.464, 1253.466, 1253.468, 1253.47, 1253.488, 1253.49, 1253.492, 1253.494, 1253.52, 1253.522, 1253.524, 1253.526, 1253.536, 1253.538, 1253.54, 1253.542, 1253.552, 1253.554, 1253.556, 1253.558, 1253.568, 1253.57, 1253.572, 1253.574.
     Calls: test.data.table -> sys.source -> eval -> eval
     In addition: There were 12 warnings (use warnings() to see them)
     Execution halted
Flavor: r-devel-windows-ix86+x86_64

Version: 1.9.6
Check: tests
Result: ERROR
    Running the tests in ‘tests/tests.R’ failed.
    Last 13 lines of output:
     Don't know how to automatically pick scale for object of type ITime. Defaulting to continuous.
     Don't know how to automatically pick scale for object of type ITime. Defaulting to continuous.
     Test 1147.3 ran without errors but failed check that x equals y:
     > x = dradixorder(x)
     First 6 of 13 :[1] 2 11 6 9 8 7
     > y = c(6L, 9L, 2L, 11L, 8L, 7L, 4L, 12L, 5L, 10L, 13L, 1L, 3L)
     First 6 of 13 :[1] 6 9 2 11 8 7
     Tests 1441-1444 not run. If required install the 'fr_FR.utf8' locale.
    
     Error in eval(expr, envir, enclos) :
     1 error out of 4426 (lastID=1557.4, endian=big, sizeof(long double)==0) in inst/tests/tests.Rraw on Wed Jun 15 00:29:40 2016. Search tests.Rraw for test number 1147.3.
     Calls: test.data.table -> sys.source -> eval -> eval
     Execution halted
Flavor: r-patched-solaris-sparc