CRAN Package Check Results for Package data.table

Last updated on 2015-03-06 12:46:35.

Flavor Version Tinstall Tcheck Ttotal Status Flags
r-devel-linux-x86_64-debian-clang 1.9.4 8.87 145.16 154.04 OK
r-devel-linux-x86_64-debian-gcc 1.9.4 11.57 140.92 152.49 OK
r-devel-linux-x86_64-fedora-clang 1.9.4 284.25 OK
r-devel-linux-x86_64-fedora-gcc 1.9.4 277.27 OK
r-devel-osx-x86_64-clang 1.9.4 245.56 OK
r-devel-windows-ix86+x86_64 1.9.4 44.00 321.00 365.00 OK
r-patched-linux-x86_64 1.9.4 12.74 175.29 188.03 OK
r-patched-solaris-sparc 1.9.4 774.70 ERROR
r-patched-solaris-x86 1.9.4 396.40 OK
r-release-linux-ix86 1.9.4 14.40 160.66 175.07 OK
r-release-linux-x86_64 1.9.4 12.93 173.73 186.66 OK
r-release-osx-x86_64-mavericks 1.9.4 OK
r-release-osx-x86_64-snowleopard 1.9.4 ERROR
r-release-windows-ix86+x86_64 1.9.4 47.00 367.00 414.00 OK
r-oldrel-windows-ix86+x86_64 1.9.4 45.00 368.00 413.00 OK

Check Details

Version: 1.9.4
Check: tests
Result: ERROR
    Running the tests in ‘tests/tests.R’ failed.
    Last 13 lines of output:
     [1] 3 4 5 6 6 1
     > y = INT(1, 3:4, 5:6, 6)
     [1] 1 3 4 5 6 6
     Test -1191 ran without errors but failed check that x equals y:
     > x = TESTDT[SJ(c(1, NA, 4, NA, NA, 4, 4), c(5, 5, 6, 6, 7, 9, 10)), v, mult = "all", roll = TRUE, nomatch = NA][[3]]
     First 6 of 9 :[1] NA NA NA 3 4 5
     > y = INT(NA, NA, NA, 1, 3:4, 5:6, 6)
     First 6 of 9 :[1] NA NA NA 1 3 4
    
     Error in eval(expr, envir, enclos) :
     505 errors out of 3748 (lastID=1380) in inst/tests/tests.Rraw on Sun Mar 1 11:13:02 2015. Search tests.Rraw for test numbers: 24, 191, 272, 599, 632, 632.1, 1104.2, 1147.2, 1154.1, 1155.1, 1155.2, 1155.3, 1162.4, 1162.9, 1207.1, 1208.1, 1207.2, 1208.2, 1223.003, 1223.004, 1223.009, 1223.01, 1223.033, 1223.034, 1223.035, 1223.036, 1223.037, 1223.038, 1223.039, 1223.04, 1223.041, 1223.042, 1223.043, 1223.044, 1223.045, 1223.046, 1223.047, 1223.048, 1223.069, 1223.07, 1223.071, 1223.072, 1223.153, 1223.154, 1223.155, 1223.156, 1223.157, 1223.158, 1223.159, 1223.16, 1223.161, 1223.162, 1223.163, 1223.164, 1223.165, 1223.166, 1223.167, 1223.168, 1223.169, 1223.17, 1223.171, 1223.172, 1223.173, 1223.174, 1223.175, 1223.176, 1223.177, 1223.178, 1223.179, 1223.18, 1223.181, 1223.182, 1223.183, 1223.184, 1223.185, 1223.186, 1223.187, 1223.188, 1223.189, 1223.19, 1223.191, 1223.192, 1223.193, 1223.194, 1223.195, 1223.196, 1223.197, 1223.198, 1223.199, 1223.2, 1223.393, 1223.394, 1223.
     Calls: test.data.table -> sys.source -> eval -> eval
     Execution halted
Flavor: r-patched-solaris-sparc

Version: 1.9.4
Check: tests
Result: ERROR
    Running the tests in ‘tests/tests.R’ failed.
    Last 13 lines of output:
     Running test id 1362.8
    
     Running test id 1362.9
    
     Running test id 1362.11
    
     Running test id 1362.12
    
     Running test id 1362.13
     Error in eval(expr, envir, enclos) :
     7 errors out of 3775 (lastID=1380) in inst/tests/tests.Rraw on Thu Mar 5 08:26:40 2015. Search tests.Rraw for test numbers: 839, 840, 841, 1163, 1345, 1347.1, 1347.2.
     Calls: test.data.table -> sys.source -> eval -> eval
     Execution halted
Flavor: r-release-osx-x86_64-snowleopard