CRAN Package Check Results for Package data.table

Last updated on 2014-08-20 15:50:12.

Flavor Version Tinstall Tcheck Ttotal Status Flags
r-devel-linux-x86_64-debian-clang 1.9.2 7.41 101.30 108.71 OK
r-devel-linux-x86_64-debian-gcc 1.9.2 10.00 100.35 110.35 OK
r-devel-linux-x86_64-fedora-clang 1.9.2 237.45 NOTE
r-devel-linux-x86_64-fedora-gcc 1.9.2 222.95 NOTE
r-devel-osx-x86_64-clang 1.9.2 183.94 NOTE
r-devel-windows-ix86+x86_64 1.9.2 32.00 181.00 213.00 OK
r-patched-linux-x86_64 1.9.2 10.22 106.70 116.93 OK
r-patched-solaris-sparc 1.9.2 635.20 ERROR
r-patched-solaris-x86 1.9.2 284.30 OK
r-release-linux-ix86 1.9.2 12.31 142.75 155.06 OK
r-release-linux-x86_64 1.9.2 11.29 104.76 116.06 OK
r-release-osx-x86_64-mavericks 1.9.2 OK
r-release-osx-x86_64-snowleopard 1.9.2 OK
r-release-windows-ix86+x86_64 1.9.2 35.00 204.00 239.00 OK
r-oldrel-windows-ix86+x86_64 1.9.2 35.00 217.00 252.00 OK

Check Details

Version: 1.9.2
Check: R code for possible problems
Result: NOTE
    as.chron.IDate: no visible global function definition for ‘chron’
    as.chron.IDate: no visible global function definition for ‘as.chron’
    as.chron.ITime: no visible global function definition for ‘chron’
    as.chron.ITime: no visible global function definition for ‘as.chron’
    examples.IDateTime: no visible global function definition for
     ‘as.chron’
    examples.IDateTime: no visible global function definition for ‘chron’
Flavors: r-devel-linux-x86_64-fedora-clang, r-devel-linux-x86_64-fedora-gcc, r-devel-osx-x86_64-clang

Version: 1.9.2
Check: tests
Result: ERROR
    Running the tests in ‘tests/tests.R’ failed.
    Last 13 lines of output:
     5: 2 13
     6: 3 14
     > y = data.table(g = c(NA, NaN, Inf, 1, 2, 3), V1 = INT(20, 17, 7, 7, 13, 14))
     g V1 [Key= Types=num,int]
     1: NA 20
     2: NaN 17
     ---
     5: 2 13
     6: 3 14
     Error in eval(expr, envir, enclos) :
     4 errors out of 1220 in inst/tests/tests.Rraw. Search tests.Rraw for test numbers: 1101,1147.3,1211,1212. The test() function is defined at the top of tests.Rraw and contains usage info.
     Calls: test.data.table -> sys.source -> eval -> eval
     Execution halted
Flavor: r-patched-solaris-sparc