CRAN Package Check Results for Package databraryr

Last updated on 2024-04-20 08:50:49 CEST.

Flavor Version Tinstall Tcheck Ttotal Status Flags
r-devel-linux-x86_64-debian-clang 0.6.4 5.21 98.32 103.53 OK
r-devel-linux-x86_64-debian-gcc 0.6.4 6.19 71.57 77.76 OK
r-devel-linux-x86_64-fedora-clang 0.6.4 132.10 OK
r-devel-linux-x86_64-fedora-gcc 0.6.4 139.77 OK
r-prerel-macos-arm64 0.6.4 122.00 OK
r-prerel-macos-x86_64 0.6.4 209.00 OK
r-prerel-windows-x86_64 0.6.4 13.00 162.00 175.00 OK
r-patched-linux-x86_64 0.6.3 5.40 79.98 85.38 OK
r-release-linux-x86_64 0.6.3 5.04 77.61 82.65 OK
r-release-macos-arm64 0.6.4 11.00 ERROR
r-release-macos-x86_64 0.6.4 173.00 OK
r-release-windows-x86_64 0.6.3 10.00 126.00 136.00 OK
r-oldrel-macos-arm64 0.6.4 11.00 ERROR
r-oldrel-windows-x86_64 0.6.4 3.00 11.00 14.00 ERROR

Check Details

Version: 0.6.4
Check: package dependencies
Result: ERROR Packages required and available but unsuitable versions: 'methods', 'utils' See section ‘The DESCRIPTION file’ in the ‘Writing R Extensions’ manual. Flavors: r-release-macos-arm64, r-oldrel-macos-arm64, r-oldrel-windows-x86_64