CRAN Package Check Results for Package datacheck

Last updated on 2014-04-21 17:47:49.

Flavor Version Tinstall Tcheck Ttotal Status Flags
r-devel-linux-x86_64-debian-clang 1.0.0 2.17 32.78 34.96 NOTE
r-devel-linux-x86_64-debian-gcc 1.0.0 2.06 33.82 35.89 NOTE
r-devel-linux-x86_64-fedora-clang 1.0.0 72.78 NOTE
r-devel-linux-x86_64-fedora-gcc 1.0.0 67.96 NOTE
r-devel-osx-x86_64-clang 1.0.0 64.68 NOTE
r-devel-osx-x86_64-gcc 1.0.0 ERROR
r-devel-windows-ix86+x86_64 1.0.0 9.00 52.00 61.00 NOTE
r-patched-linux-x86_64 1.0.0 2.51 32.62 35.12 NOTE
r-patched-solaris-sparc 1.0.0 384.80 NOTE
r-patched-solaris-x86 1.0.0 94.60 NOTE
r-release-linux-x86_64 1.0.0 2.09 32.49 34.58 NOTE
r-release-osx-x86_64-mavericks 1.0.0 WARN
r-release-osx-x86_64-snowleopard 1.0.0 ERROR
r-release-windows-ix86+x86_64 1.0.0 12.00 53.00 65.00 NOTE
r-oldrel-windows-ix86+x86_64 1.0.0 10.00 55.00 65.00 NOTE

Check Details

Version: 1.0.0
Check: dependencies in R code
Result: NOTE
    Packages in Depends field not imported from:
     ‘Hmisc’ ‘shiny’ ‘stringr’ ‘testthat’ ‘xtable’
     These packages need to be imported from (in the NAMESPACE file)
     for when this namespace is loaded but not attached.
    See the information on DESCRIPTION files in the chapter ‘Creating R
    packages’ of the ‘Writing R Extensions’ manual.
Flavors: r-devel-linux-x86_64-debian-clang, r-devel-linux-x86_64-debian-gcc, r-devel-linux-x86_64-fedora-clang, r-devel-linux-x86_64-fedora-gcc, r-devel-osx-x86_64-clang, r-devel-windows-ix86+x86_64, r-patched-linux-x86_64, r-patched-solaris-sparc, r-patched-solaris-x86, r-release-linux-x86_64, r-release-osx-x86_64-mavericks, r-release-windows-ix86+x86_64, r-oldrel-windows-ix86+x86_64

Version: 1.0.0
Check: package dependencies
Result: ERROR
    Package required but not available: ‘Hmisc’
    
    Package suggested but not available for checking: ‘knitr’
    
    See the information on DESCRIPTION files in the chapter ‘Creating R
    packages’ of the ‘Writing R Extensions’ manual.
Flavor: r-devel-osx-x86_64-gcc

Version: 1.0.0
Check: PDF version of manual
Result: WARNING
    LaTeX errors when creating PDF version.
    This typically indicates Rd problems.
    LaTeX errors found:
    ! LaTeX Error: File `upquote.sty' not found.
    
    Type X to quit or <RETURN> to proceed,
    or enter new name. (Default extension: sty)
    
    6eff1866/Rd2.tex:8: ==> Fatal error occurred, no output PDF file produced!
Flavor: r-release-osx-x86_64-mavericks

Version: 1.0.0
Check: whether package can be installed
Result: ERROR
    Installation failed.
    See ‘/Volumes/XT3/Builds/R-dev-web/QA/Simon/packages/snowleopard-x86_64/results/3.1/datacheck.Rcheck/00install.out’ for details.
Flavor: r-release-osx-x86_64-snowleopard