CRAN Package Check Results for Package datacheck

Last updated on 2015-07-07 23:47:40.

Flavor Version Tinstall Tcheck Ttotal Status Flags
r-devel-linux-x86_64-debian-clang 1.2.2 0.80 12.26 13.06 NOTE
r-devel-linux-x86_64-debian-gcc 1.2.2 0.77 12.20 12.97 NOTE
r-devel-linux-x86_64-fedora-clang 1.2.2 23.36 NOTE
r-devel-linux-x86_64-fedora-gcc 1.2.2 22.63 NOTE
r-devel-osx-x86_64-clang 1.2.2 24.81 OK
r-devel-windows-ix86+x86_64 1.2.2 5.00 23.00 28.00 NOTE
r-patched-linux-x86_64 1.2.2 0.98 12.59 13.57 OK
r-patched-solaris-sparc 1.2.2 158.70 OK
r-patched-solaris-x86 1.2.2 34.70 OK
r-release-linux-x86_64 1.2.2 0.80 12.51 13.31 OK
r-release-osx-x86_64-mavericks 1.2.2 OK
r-release-windows-ix86+x86_64 1.2.2 6.00 23.00 29.00 OK
r-oldrel-windows-ix86+x86_64 1.2.2 4.00 25.00 29.00 OK

Check Details

Version: 1.2.2
Check: R code for possible problems
Result: NOTE
    datadict.profile: no visible global function definition for
     ‘txtProgressBar’
    datadict.profile: no visible global function definition for
     ‘setTxtProgressBar’
    datadict_profile: no visible global function definition for
     ‘txtProgressBar’
    datadict_profile: no visible global function definition for
     ‘setTxtProgressBar’
    heatmap.quality: no visible global function definition for
     ‘colorRampPalette’
    heatmap.quality: no visible global function definition for ‘heatmap’
    heatmap_quality: no visible global function definition for
     ‘colorRampPalette’
    heatmap_quality: no visible global function definition for ‘heatmap’
    is.oneOf: no visible global function definition for ‘read.csv’
    is_one_of: no visible global function definition for ‘read.csv’
    pkg.version: no visible global function definition for ‘citation’
    pkg_version: no visible global function definition for ‘citation’
    ruleCoverage: no visible global function definition for ‘dotchart’
    ruleCoverage: no visible global function definition for ‘abline’
    rule_coverage: no visible global function definition for ‘dotchart’
    rule_coverage: no visible global function definition for ‘abline’
    scoreSum: no visible global function definition for ‘plot’
    score_sum: no visible global function definition for ‘plot’
    shortSummary: no visible global function definition for ‘sd’
    short_summary: no visible global function definition for ‘sd’
    Undefined global functions or variables:
     abline citation colorRampPalette dotchart heatmap plot read.csv sd
     setTxtProgressBar txtProgressBar
Flavors: r-devel-linux-x86_64-debian-clang, r-devel-linux-x86_64-debian-gcc, r-devel-linux-x86_64-fedora-clang, r-devel-linux-x86_64-fedora-gcc, r-devel-windows-ix86+x86_64