CRAN Package Check Results for Package datacheck

Last updated on 2016-07-02 00:47:09.

Flavor Version Tinstall Tcheck Ttotal Status Flags
r-devel-linux-x86_64-debian-gcc 1.2.2 1.01 14.95 15.96 NOTE
r-devel-linux-x86_64-fedora-clang 1.2.2 24.26 NOTE
r-devel-linux-x86_64-fedora-gcc 1.2.2 22.24 NOTE
r-devel-osx-x86_64-clang 1.2.2 22.14 NOTE
r-devel-windows-ix86+x86_64 1.2.2 5.00 33.00 38.00 NOTE
r-patched-linux-x86_64 1.2.2 1.10 16.44 17.54 NOTE
r-patched-solaris-sparc 1.2.2 157.20 NOTE
r-patched-solaris-x86 1.2.2 34.80 NOTE
r-release-linux-x86_64 1.2.2 0.89 13.54 14.43 NOTE
r-release-osx-x86_64-mavericks 1.2.2 NOTE
r-release-windows-ix86+x86_64 1.2.2 6.00 32.00 38.00 NOTE
r-oldrel-windows-ix86+x86_64 1.2.2 4.00 29.00 33.00 OK

Check Details

Version: 1.2.2
Check: R code for possible problems
Result: NOTE
    datadict.profile: no visible global function definition for
     ‘txtProgressBar’
    datadict.profile: no visible global function definition for
     ‘setTxtProgressBar’
    datadict_profile: no visible global function definition for
     ‘txtProgressBar’
    datadict_profile: no visible global function definition for
     ‘setTxtProgressBar’
    heatmap.quality: no visible global function definition for
     ‘colorRampPalette’
    heatmap.quality: no visible global function definition for ‘heatmap’
    heatmap_quality: no visible global function definition for
     ‘colorRampPalette’
    heatmap_quality: no visible global function definition for ‘heatmap’
    is.oneOf: no visible global function definition for ‘read.csv’
    is_one_of: no visible global function definition for ‘read.csv’
    pkg.version: no visible global function definition for ‘citation’
    pkg_version: no visible global function definition for ‘citation’
    ruleCoverage: no visible global function definition for ‘dotchart’
    ruleCoverage: no visible global function definition for ‘abline’
    rule_coverage: no visible global function definition for ‘dotchart’
    rule_coverage: no visible global function definition for ‘abline’
    scoreSum: no visible global function definition for ‘plot’
    score_sum: no visible global function definition for ‘plot’
    shortSummary: no visible global function definition for ‘sd’
    short_summary: no visible global function definition for ‘sd’
    Undefined global functions or variables:
     abline citation colorRampPalette dotchart heatmap plot read.csv sd
     setTxtProgressBar txtProgressBar
    Consider adding
     importFrom("grDevices", "colorRampPalette")
     importFrom("graphics", "abline", "dotchart", "plot")
     importFrom("stats", "heatmap", "sd")
     importFrom("utils", "citation", "read.csv", "setTxtProgressBar",
     "txtProgressBar")
    to your NAMESPACE file.
Flavors: r-devel-linux-x86_64-debian-gcc, r-devel-linux-x86_64-fedora-clang, r-devel-linux-x86_64-fedora-gcc, r-devel-osx-x86_64-clang, r-devel-windows-ix86+x86_64, r-patched-linux-x86_64, r-patched-solaris-sparc, r-patched-solaris-x86, r-release-linux-x86_64, r-release-osx-x86_64-mavericks, r-release-windows-ix86+x86_64