CRAN Package Check Results for Package datacheck

Last updated on 2014-07-24 17:48:59.

Flavor Version Tinstall Tcheck Ttotal Status Flags
r-devel-linux-x86_64-debian-clang 1.0.0 1.95 31.30 33.25 NOTE
r-devel-linux-x86_64-debian-gcc 1.0.0 1.91 30.95 32.86 NOTE
r-devel-linux-x86_64-fedora-clang 1.0.0 73.86 NOTE
r-devel-linux-x86_64-fedora-gcc 1.0.0 69.70 NOTE
r-devel-osx-x86_64-clang 1.0.0 62.08 NOTE
r-devel-windows-ix86+x86_64 1.0.0 10.00 55.00 65.00 NOTE
r-patched-linux-x86_64 1.0.0 1.95 31.95 33.90 NOTE
r-patched-solaris-sparc 1.0.0 384.80 NOTE
r-patched-solaris-x86 1.0.0 93.50 NOTE
r-release-linux-ix86 1.0.0 2.62 40.94 43.56 NOTE
r-release-linux-x86_64 1.0.0 2.04 32.56 34.60 NOTE
r-release-osx-x86_64-mavericks 1.0.0 NOTE
r-release-osx-x86_64-snowleopard 1.0.0 ERROR
r-release-windows-ix86+x86_64 1.0.0 8.00 57.00 65.00 NOTE
r-oldrel-windows-ix86+x86_64 1.0.0 9.00 59.00 68.00 NOTE

Check Details

Version: 1.0.0
Check: dependencies in R code
Result: NOTE
    Packages in Depends field not imported from:
     ‘Hmisc’ ‘shiny’ ‘stringr’ ‘testthat’ ‘xtable’
     These packages need to be imported from (in the NAMESPACE file)
     for when this namespace is loaded but not attached.
    See the information on DESCRIPTION files in the chapter ‘Creating R
    packages’ of the ‘Writing R Extensions’ manual.
Flavors: r-devel-linux-x86_64-debian-clang, r-devel-linux-x86_64-debian-gcc, r-devel-linux-x86_64-fedora-clang, r-devel-linux-x86_64-fedora-gcc, r-devel-osx-x86_64-clang, r-devel-windows-ix86+x86_64, r-patched-linux-x86_64, r-patched-solaris-sparc, r-patched-solaris-x86, r-release-linux-ix86, r-release-linux-x86_64, r-release-osx-x86_64-mavericks, r-release-windows-ix86+x86_64, r-oldrel-windows-ix86+x86_64

Version: 1.0.0
Check: whether package can be installed
Result: ERROR
    Installation failed.
    See ‘/Volumes/XT3/Builds/R-dev-web/QA/Simon/packages/snowleopard-x86_64/results/3.1/datacheck.Rcheck/00install.out’ for details.
Flavor: r-release-osx-x86_64-snowleopard