CRAN Package Check Results for Package datacheck

Last updated on 2015-05-23 14:46:53.

Flavor Version Tinstall Tcheck Ttotal Status Flags
r-devel-linux-x86_64-debian-clang 1.2.2 0.90 12.86 13.76 OK
r-devel-linux-x86_64-debian-gcc 1.2.2 1.15 12.51 13.66 OK
r-devel-linux-x86_64-fedora-clang 1.2.2 26.18 OK
r-devel-linux-x86_64-fedora-gcc 1.2.2 24.98 OK
r-devel-osx-x86_64-clang 1.2.2 27.78 OK
r-devel-windows-ix86+x86_64 1.2.2 5.00 23.00 28.00 OK
r-patched-linux-x86_64 1.2.2 0.84 12.82 13.66 OK
r-patched-solaris-sparc 1.2.2 158.70 OK
r-patched-solaris-x86 1.2.2 35.40 OK
r-release-linux-x86_64 1.2.2 0.81 13.28 14.08 OK
r-release-osx-x86_64-mavericks 1.2.2 OK
r-release-osx-x86_64-snowleopard 1.2.2 ERROR
r-release-windows-ix86+x86_64 1.2.2 5.00 24.00 29.00 OK
r-oldrel-windows-ix86+x86_64 1.2.2 5.00 23.00 28.00 OK

Check Details

Version: 1.2.2
Check: package dependencies
Result: ERROR
    Package required but not available: ‘Hmisc’
    
    See section ‘The DESCRIPTION file’ in the ‘Writing R Extensions’
    manual.
Flavor: r-release-osx-x86_64-snowleopard