CRAN Package Check Results for Package datacheck

Last updated on 2014-09-23 23:46:58.

Flavor Version Tinstall Tcheck Ttotal Status Flags
r-devel-linux-x86_64-debian-clang 1.0.0 1.97 28.66 30.63 ERROR
r-devel-linux-x86_64-debian-gcc 1.0.0 1.90 26.94 28.84 ERROR
r-devel-linux-x86_64-fedora-clang 1.0.4 35.62 OK
r-devel-linux-x86_64-fedora-gcc 1.0.4 33.93 OK
r-devel-osx-x86_64-clang 1.0.4 58.82 OK
r-devel-windows-ix86+x86_64 1.0.0 11.00 47.00 58.00 ERROR
r-patched-linux-x86_64 1.0.0 2.09 29.33 31.42 ERROR
r-patched-solaris-sparc 1.0.4 362.30 OK
r-patched-solaris-x86 1.0.4 76.70 OK
r-release-linux-ix86 1.0.0 2.72 38.05 40.77 ERROR
r-release-linux-x86_64 1.0.0 2.16 30.72 32.88 ERROR
r-release-osx-x86_64-mavericks 1.0.0 NOTE
r-release-osx-x86_64-snowleopard 1.0.0 ERROR
r-release-windows-ix86+x86_64 1.0.0 10.00 57.00 67.00 ERROR
r-oldrel-windows-ix86+x86_64 1.0.0 11.00 56.00 67.00 ERROR

Check Details

Version: 1.0.0
Check: dependencies in R code
Result: NOTE
    Packages in Depends field not imported from:
     ‘Hmisc’ ‘shiny’ ‘stringr’ ‘testthat’ ‘xtable’
     These packages need to be imported from (in the NAMESPACE file)
     for when this namespace is loaded but not attached.
    See the information on DESCRIPTION files in the chapter ‘Creating R
    packages’ of the ‘Writing R Extensions’ manual.
Flavors: r-devel-linux-x86_64-debian-clang, r-devel-linux-x86_64-debian-gcc, r-devel-windows-ix86+x86_64, r-patched-linux-x86_64, r-release-linux-ix86, r-release-linux-x86_64, r-release-osx-x86_64-mavericks, r-release-windows-ix86+x86_64, r-oldrel-windows-ix86+x86_64

Version: 1.0.0
Check: R code for possible problems
Result: NOTE
    as.rules: no visible global function definition for ‘str_trim’
    as.rules: no visible global function definition for ‘str_locate’
    as.rules: no visible global function definition for ‘str_detect’
    as.rules: no visible global function definition for ‘str_split’
    has.punct: no visible global function definition for ‘str_detect’
    is.oneOf: no visible global function definition for ‘str_detect’
    is.oneOf: no visible global function definition for ‘str_split’
    is.oneOf: no visible global function definition for ‘str_trim’
    is.onlyLowers: no visible global function definition for ‘str_length’
    is.onlyLowers: no visible global function definition for ‘str_match’
    is.properName: no visible global function definition for ‘str_detect’
    is.properName: no visible global function definition for ‘str_sub’
    is.properName: no visible global function definition for ‘str_length’
    pkg.version: no visible global function definition for ‘str_extract’
    prep4rep: no visible global function definition for ‘str_detect’
    prep4rep: no visible global function definition for ‘str_count’
    prep4rep: no visible global function definition for ‘str_split’
    shortSummary: no visible global function definition for ‘describe’
Flavors: r-devel-linux-x86_64-debian-clang, r-devel-linux-x86_64-debian-gcc, r-devel-windows-ix86+x86_64

Version: 1.0.0
Check: running R code from vignettes
Result: ERROR
    Errors in running code in vignettes:
    when running code in ‘index.Rmd’
     ...
     |
     |==================================================================== | 97%
     |
     |======================================================================| 100%
    
    > xtable(shortSummary(atable))
    
     When sourcing ‘index.R’:
    Error: description must be a string of at least length 1
    Execution halted
Flavors: r-devel-linux-x86_64-debian-clang, r-patched-linux-x86_64, r-release-windows-ix86+x86_64, r-oldrel-windows-ix86+x86_64

Version: 1.0.0
Check: running R code from vignettes
Result: ERROR
    Errors in running code in vignettes:
    when running code in ‘index.Rmd’
     ...
     |
     |==================================================================== | 97%
     |
     |======================================================================| 100%
    
    > xtable(shortSummary(atable))
    
     When sourcing ‘index.R’:
    Error: recursive indexing failed at level 2
    Execution halted
Flavors: r-devel-linux-x86_64-debian-gcc, r-devel-windows-ix86+x86_64, r-release-linux-ix86, r-release-linux-x86_64

Version: 1.0.0
Check: whether package can be installed
Result: ERROR
    Installation failed.
Flavor: r-release-osx-x86_64-snowleopard