CRAN Package Check Results for Package datacheck

Last updated on 2014-08-20 15:50:12.

Flavor Version Tinstall Tcheck Ttotal Status Flags
r-devel-linux-x86_64-debian-clang 1.0.0 1.91 31.00 32.91 NOTE
r-devel-linux-x86_64-debian-gcc 1.0.0 2.18 30.55 32.73 NOTE
r-devel-linux-x86_64-fedora-clang 1.0.0 72.58 NOTE
r-devel-linux-x86_64-fedora-gcc 1.0.0 65.21 NOTE
r-devel-osx-x86_64-clang 1.0.0 60.09 NOTE
r-devel-windows-ix86+x86_64 1.0.0 10.00 53.00 63.00 NOTE
r-patched-linux-x86_64 1.0.0 2.08 31.68 33.76 NOTE
r-patched-solaris-sparc 1.0.0 411.70 NOTE
r-patched-solaris-x86 1.0.0 94.70 NOTE
r-release-linux-ix86 1.0.0 2.57 43.87 46.44 NOTE
r-release-linux-x86_64 1.0.0 2.58 32.59 35.17 NOTE
r-release-osx-x86_64-mavericks 1.0.0 NOTE
r-release-osx-x86_64-snowleopard 1.0.0 ERROR
r-release-windows-ix86+x86_64 1.0.0 10.00 56.00 66.00 NOTE
r-oldrel-windows-ix86+x86_64 1.0.0 11.00 57.00 68.00 NOTE

Check Details

Version: 1.0.0
Check: dependencies in R code
Result: NOTE
    Packages in Depends field not imported from:
     ‘Hmisc’ ‘shiny’ ‘stringr’ ‘testthat’ ‘xtable’
     These packages need to be imported from (in the NAMESPACE file)
     for when this namespace is loaded but not attached.
    See the information on DESCRIPTION files in the chapter ‘Creating R
    packages’ of the ‘Writing R Extensions’ manual.
Flavors: r-devel-linux-x86_64-debian-clang, r-devel-linux-x86_64-debian-gcc, r-devel-linux-x86_64-fedora-clang, r-devel-linux-x86_64-fedora-gcc, r-devel-osx-x86_64-clang, r-devel-windows-ix86+x86_64, r-patched-linux-x86_64, r-patched-solaris-sparc, r-patched-solaris-x86, r-release-linux-ix86, r-release-linux-x86_64, r-release-osx-x86_64-mavericks, r-release-windows-ix86+x86_64, r-oldrel-windows-ix86+x86_64

Version: 1.0.0
Check: R code for possible problems
Result: NOTE
    as.rules: no visible global function definition for ‘str_trim’
    as.rules: no visible global function definition for ‘str_locate’
    as.rules: no visible global function definition for ‘str_detect’
    as.rules: no visible global function definition for ‘str_split’
    has.punct: no visible global function definition for ‘str_detect’
    is.oneOf: no visible global function definition for ‘str_detect’
    is.oneOf: no visible global function definition for ‘str_split’
    is.oneOf: no visible global function definition for ‘str_trim’
    is.onlyLowers: no visible global function definition for ‘str_length’
    is.onlyLowers: no visible global function definition for ‘str_match’
    is.properName: no visible global function definition for ‘str_detect’
    is.properName: no visible global function definition for ‘str_sub’
    is.properName: no visible global function definition for ‘str_length’
    pkg.version: no visible global function definition for ‘str_extract’
    prep4rep: no visible global function definition for ‘str_detect’
    prep4rep: no visible global function definition for ‘str_count’
    prep4rep: no visible global function definition for ‘str_split’
    shortSummary: no visible global function definition for ‘describe’
Flavors: r-devel-linux-x86_64-fedora-clang, r-devel-linux-x86_64-fedora-gcc, r-devel-osx-x86_64-clang

Version: 1.0.0
Check: whether package can be installed
Result: ERROR
    Installation failed.
Flavor: r-release-osx-x86_64-snowleopard