CRAN Package Check Results for Package datacheck

Last updated on 2015-04-28 16:46:37.

Flavor Version Tinstall Tcheck Ttotal Status Flags
r-devel-linux-x86_64-debian-clang 1.2.2 0.82 13.20 14.02 OK
r-devel-linux-x86_64-debian-gcc 1.2.2 0.86 12.58 13.44 OK
r-devel-linux-x86_64-fedora-clang 1.2.2 25.85 OK
r-devel-linux-x86_64-fedora-gcc 1.2.2 23.69 OK
r-devel-osx-x86_64-clang 1.2.2 28.04 OK
r-devel-windows-ix86+x86_64 1.2.2 4.00 21.00 25.00 OK
r-patched-linux-x86_64 1.2.2 0.81 12.57 13.38 OK
r-patched-solaris-sparc 1.2.2 159.90 OK
r-patched-solaris-x86 1.2.2 34.50 OK
r-release-linux-x86_64 1.2.2 0.80 12.98 13.78 OK
r-release-osx-x86_64-mavericks 1.2.2 OK
r-release-osx-x86_64-snowleopard 1.2.2 ERROR
r-release-windows-ix86+x86_64 1.2.2 4.00 23.00 27.00 OK
r-oldrel-windows-ix86+x86_64 1.2.2 4.00 21.00 25.00 OK

Check Details

Version: 1.2.2
Check: package dependencies
Result: ERROR
    Package required but not available: ‘Hmisc’
    
    See section ‘The DESCRIPTION file’ in the ‘Writing R Extensions’
    manual.
Flavor: r-release-osx-x86_64-snowleopard