CRAN Package Check Results for Package dataframes2xls

Last updated on 2020-08-07 19:47:11 CEST.

Flavor Version Tinstall Tcheck Ttotal Status Flags
r-devel-linux-x86_64-debian-clang 0.4.7 2.14 18.90 21.04 OK
r-devel-linux-x86_64-debian-gcc 0.4.7 1.82 14.87 16.69 OK
r-devel-linux-x86_64-fedora-clang 0.4.7 33.23 NOTE
r-devel-linux-x86_64-fedora-gcc 0.4.7 24.10 OK
r-devel-windows-ix86+x86_64 0.4.7 10.00 27.00 37.00 OK
r-patched-linux-x86_64 0.4.7 2.23 18.82 21.05 OK
r-patched-solaris-x86 0.4.7 38.60 OK
r-release-linux-x86_64 0.4.7 1.90 18.74 20.64 OK
r-release-macos-x86_64 0.4.7 OK
r-release-windows-ix86+x86_64 0.4.7 6.00 28.00 34.00 OK
r-oldrel-macos-x86_64 0.4.7 OK
r-oldrel-windows-ix86+x86_64 0.4.7 6.00 45.00 51.00 OK

Check Details

Version: 0.4.7
Check: Rd cross-references
Result: NOTE
    Undeclared package ‘gdata’ in Rd xrefs
Flavor: r-devel-linux-x86_64-fedora-clang