CRAN Package Check Results for Package datamap

Last updated on 2014-04-23 20:47:10.

Flavor Version Tinstall Tcheck Ttotal Status Flags
r-devel-linux-x86_64-debian-clang 0.1-1 1.02 11.57 12.59 NOTE
r-devel-linux-x86_64-debian-gcc 0.1-1 1.02 11.69 12.71 NOTE
r-devel-linux-x86_64-fedora-clang 0.1-1 24.91 NOTE
r-devel-linux-x86_64-fedora-gcc 0.1-1 23.75 NOTE
r-devel-osx-x86_64-clang 0.1-1 25.13 NOTE
r-devel-osx-x86_64-gcc 0.1-1 NOTE
r-devel-windows-ix86+x86_64 0.1-1 5.00 23.00 28.00 NOTE
r-patched-linux-x86_64 0.1-1 1.06 11.68 12.74 NOTE
r-patched-solaris-sparc 0.1-1 143.50 NOTE
r-patched-solaris-x86 0.1-1 37.90 NOTE
r-release-linux-ix86 0.1-1 2.00 25.00 27.00 NOTE
r-release-linux-x86_64 0.1-1 1.03 11.58 12.60 NOTE
r-release-osx-x86_64-mavericks 0.1-1 WARN
r-release-windows-ix86+x86_64 0.1-1 11.00 30.00 41.00 NOTE
r-oldrel-windows-ix86+x86_64 0.1-1 5.00 24.00 29.00 NOTE

Check Details

Version: 0.1-1
Check: dependencies in R code
Result: NOTE
    Package in Depends field not imported from: ‘DBI’
     These packages need to be imported from (in the NAMESPACE file)
     for when this namespace is loaded but not attached.
    See the information on DESCRIPTION files in the chapter ‘Creating R
    packages’ of the ‘Writing R Extensions’ manual.
Flavors: r-devel-linux-x86_64-debian-clang, r-devel-linux-x86_64-debian-gcc, r-devel-linux-x86_64-fedora-clang, r-devel-linux-x86_64-fedora-gcc, r-devel-osx-x86_64-clang, r-devel-osx-x86_64-gcc, r-devel-windows-ix86+x86_64, r-patched-linux-x86_64, r-patched-solaris-sparc, r-patched-solaris-x86, r-release-linux-ix86, r-release-linux-x86_64, r-release-osx-x86_64-mavericks, r-release-windows-ix86+x86_64, r-oldrel-windows-ix86+x86_64

Version: 0.1-1
Check: PDF version of manual
Result: WARNING
    LaTeX errors when creating PDF version.
    This typically indicates Rd problems.
    LaTeX errors found:
    ! LaTeX Error: File `upquote.sty' not found.
    
    Type X to quit or <RETURN> to proceed,
    or enter new name. (Default extension: sty)
    
    17c6f07c/Rd2.tex:8: ==> Fatal error occurred, no output PDF file produced!
Flavor: r-release-osx-x86_64-mavericks