CRAN Package Check Results for Package datamap

Last updated on 2015-08-29 20:47:55.

Flavor Version Tinstall Tcheck Ttotal Status Flags
r-devel-linux-x86_64-debian-clang 0.1-1 0.92 11.33 12.24 NOTE
r-devel-linux-x86_64-debian-gcc 0.1-1 0.97 11.16 12.12 NOTE
r-devel-linux-x86_64-fedora-clang 0.1-1 24.79 NOTE
r-devel-linux-x86_64-fedora-gcc 0.1-1 22.46 NOTE
r-devel-osx-x86_64-clang 0.1-1 24.63 NOTE
r-devel-windows-ix86+x86_64 0.1-1 8.00 29.00 37.00 NOTE
r-patched-linux-x86_64 0.1-1 1.12 12.34 13.45 NOTE
r-patched-solaris-sparc 0.1-1 166.00 NOTE
r-patched-solaris-x86 0.1-1 39.50 NOTE
r-release-linux-x86_64 0.1-1 1.09 12.41 13.50 NOTE
r-release-osx-x86_64-mavericks 0.1-1 NOTE
r-release-windows-ix86+x86_64 0.1-1 8.00 28.00 36.00 NOTE
r-oldrel-windows-ix86+x86_64 0.1-1 11.00 32.00 43.00 NOTE

Check Details

Version: 0.1-1
Check: dependencies in R code
Result: NOTE
    Package in Depends field not imported from: ‘DBI’
     These packages need to be imported from (in the NAMESPACE file)
     for when this namespace is loaded but not attached.
Flavors: r-devel-linux-x86_64-debian-clang, r-devel-linux-x86_64-debian-gcc, r-devel-linux-x86_64-fedora-clang, r-devel-linux-x86_64-fedora-gcc, r-devel-osx-x86_64-clang, r-devel-windows-ix86+x86_64, r-patched-linux-x86_64, r-patched-solaris-sparc, r-patched-solaris-x86, r-release-linux-x86_64, r-release-osx-x86_64-mavericks, r-release-windows-ix86+x86_64, r-oldrel-windows-ix86+x86_64

Version: 0.1-1
Check: R code for possible problems
Result: NOTE
    .onLoad : <anonymous>: no visible global function definition for
     ‘read.table’
    .onLoad : <anonymous>: no visible global function definition for
     ‘dbConnect’
    .onLoad : <anonymous>: no visible global function definition for
     ‘dbListTables’
    .onLoad : <anonymous>: no visible global function definition for
     ‘dbExistsTable’
    .onLoad : <anonymous>: no visible global function definition for
     ‘dbReadTable’
    .onLoad : <anonymous>: no visible global function definition for
     ‘dbWriteTable’
    .onLoad : <anonymous>: no visible global function definition for
     ‘dbDisconnect’
    .onLoad : <anonymous>: no visible global function definition for
     ‘dbRemoveTable’
    Undefined global functions or variables:
     dbConnect dbDisconnect dbExistsTable dbListTables dbReadTable
     dbRemoveTable dbWriteTable read.table
    Consider adding
     importFrom("utils", "read.table")
    to your NAMESPACE.
    
    Found the following calls to attach():
    File ‘datamap/R/datamap.R’:
     attach(.Call("CreateUserDB", map, PACKAGE = "datamap"), pos,
     name, warn.conflicts)
    See section ‘Good practice’ in ‘?attach’.
Flavors: r-devel-linux-x86_64-debian-clang, r-devel-linux-x86_64-debian-gcc

Version: 0.1-1
Check: R code for possible problems
Result: NOTE
    .onLoad : <anonymous>: no visible global function definition for
     ‘read.table’
    .onLoad : <anonymous>: no visible global function definition for
     ‘dbConnect’
    .onLoad : <anonymous>: no visible global function definition for
     ‘dbListTables’
    .onLoad : <anonymous>: no visible global function definition for
     ‘dbExistsTable’
    .onLoad : <anonymous>: no visible global function definition for
     ‘dbReadTable’
    .onLoad : <anonymous>: no visible global function definition for
     ‘dbWriteTable’
    .onLoad : <anonymous>: no visible global function definition for
     ‘dbDisconnect’
    .onLoad : <anonymous>: no visible global function definition for
     ‘dbRemoveTable’
    Undefined global functions or variables:
     dbConnect dbDisconnect dbExistsTable dbListTables dbReadTable
     dbRemoveTable dbWriteTable read.table
    Consider adding
     importFrom("utils", "read.table")
    to your NAMESPACE.
Flavors: r-devel-linux-x86_64-fedora-clang, r-devel-linux-x86_64-fedora-gcc, r-devel-windows-ix86+x86_64

Version: 0.1-1
Check: R code for possible problems
Result: NOTE
    .onLoad : <anonymous>: no visible global function definition for
     ‘dbConnect’
    .onLoad : <anonymous>: no visible global function definition for
     ‘dbListTables’
    .onLoad : <anonymous>: no visible global function definition for
     ‘dbExistsTable’
    .onLoad : <anonymous>: no visible global function definition for
     ‘dbReadTable’
    .onLoad : <anonymous>: no visible global function definition for
     ‘dbWriteTable’
    .onLoad : <anonymous>: no visible global function definition for
     ‘dbDisconnect’
    .onLoad : <anonymous>: no visible global function definition for
     ‘dbRemoveTable’
    Undefined global functions or variables:
     dbConnect dbDisconnect dbExistsTable dbListTables dbReadTable
     dbRemoveTable dbWriteTable
Flavor: r-devel-osx-x86_64-clang

Version: 0.1-1
Check: R code for possible problems
Result: NOTE
    .onLoad : <anonymous>: no visible global function definition for
     ‘dbConnect’
    .onLoad : <anonymous>: no visible global function definition for
     ‘dbListTables’
    .onLoad : <anonymous>: no visible global function definition for
     ‘dbExistsTable’
    .onLoad : <anonymous>: no visible global function definition for
     ‘dbReadTable’
    .onLoad : <anonymous>: no visible global function definition for
     ‘dbWriteTable’
    .onLoad : <anonymous>: no visible global function definition for
     ‘dbDisconnect’
    .onLoad : <anonymous>: no visible global function definition for
     ‘dbRemoveTable’
    
    Found the following calls to attach():
    File ‘datamap/R/datamap.R’:
     attach(.Call("CreateUserDB", map, PACKAGE = "datamap"), pos,
     name, warn.conflicts)
    See section ‘Good practice’ in ‘?attach’.
Flavors: r-patched-linux-x86_64, r-release-linux-x86_64

Version: 0.1-1
Check: R code for possible problems
Result: NOTE
    .onLoad : <anonymous>: no visible global function definition for
     ‘dbConnect’
    .onLoad : <anonymous>: no visible global function definition for
     ‘dbListTables’
    .onLoad : <anonymous>: no visible global function definition for
     ‘dbExistsTable’
    .onLoad : <anonymous>: no visible global function definition for
     ‘dbReadTable’
    .onLoad : <anonymous>: no visible global function definition for
     ‘dbWriteTable’
    .onLoad : <anonymous>: no visible global function definition for
     ‘dbDisconnect’
    .onLoad : <anonymous>: no visible global function definition for
     ‘dbRemoveTable’
Flavors: r-patched-solaris-sparc, r-patched-solaris-x86, r-release-osx-x86_64-mavericks, r-release-windows-ix86+x86_64, r-oldrel-windows-ix86+x86_64