CRAN Package Check Results for Package datamap

Last updated on 2016-08-25 10:47:18.

Flavor Version Tinstall Tcheck Ttotal Status Flags
r-devel-linux-x86_64-debian-clang 0.1-1 1.07 11.55 12.62 NOTE
r-devel-linux-x86_64-debian-gcc 0.1-1 1.22 12.18 13.40 NOTE
r-devel-linux-x86_64-fedora-clang 0.1-1 22.08 NOTE
r-devel-linux-x86_64-fedora-gcc 0.1-1 21.05 NOTE
r-devel-osx-x86_64-clang 0.1-1 20.46 NOTE
r-devel-windows-ix86+x86_64 0.1-1 9.00 32.00 41.00 NOTE
r-patched-linux-x86_64 0.1-1 1.10 12.37 13.47 NOTE
r-patched-solaris-sparc 0.1-1 132.00 NOTE
r-patched-solaris-x86 0.1-1 29.80 NOTE
r-release-linux-x86_64 0.1-1 1.19 12.24 13.43 NOTE
r-release-osx-x86_64-mavericks 0.1-1 NOTE
r-release-windows-ix86+x86_64 0.1-1 8.00 47.00 55.00 NOTE
r-oldrel-windows-ix86+x86_64 0.1-1 6.00 47.00 53.00 NOTE

Check Details

Version: 0.1-1
Check: dependencies in R code
Result: NOTE
    Package in Depends field not imported from: ‘DBI’
     These packages need to be imported from (in the NAMESPACE file)
     for when this namespace is loaded but not attached.
Flavors: r-devel-linux-x86_64-debian-clang, r-devel-linux-x86_64-debian-gcc, r-devel-linux-x86_64-fedora-clang, r-devel-linux-x86_64-fedora-gcc, r-devel-osx-x86_64-clang, r-devel-windows-ix86+x86_64, r-patched-linux-x86_64, r-patched-solaris-sparc, r-patched-solaris-x86, r-release-linux-x86_64, r-release-osx-x86_64-mavericks, r-release-windows-ix86+x86_64, r-oldrel-windows-ix86+x86_64

Version: 0.1-1
Check: R code for possible problems
Result: NOTE
    .onLoad : <anonymous>: no visible global function definition for
     ‘read.table’
    .onLoad : <anonymous>: no visible global function definition for
     ‘dbConnect’
    .onLoad : <anonymous>: no visible global function definition for
     ‘dbListTables’
    .onLoad : <anonymous>: no visible global function definition for
     ‘dbExistsTable’
    .onLoad : <anonymous>: no visible global function definition for
     ‘dbReadTable’
    .onLoad : <anonymous>: no visible global function definition for
     ‘dbWriteTable’
    .onLoad : <anonymous>: no visible global function definition for
     ‘dbDisconnect’
    .onLoad : <anonymous>: no visible global function definition for
     ‘dbRemoveTable’
    Undefined global functions or variables:
     dbConnect dbDisconnect dbExistsTable dbListTables dbReadTable
     dbRemoveTable dbWriteTable read.table
    Consider adding
     importFrom("utils", "read.table")
    to your NAMESPACE file.
    
    Found the following calls to attach():
    File ‘datamap/R/datamap.R’:
     attach(.Call("CreateUserDB", map, PACKAGE = "datamap"), pos,
     name, warn.conflicts)
    See section ‘Good practice’ in ‘?attach’.
Flavors: r-devel-linux-x86_64-debian-clang, r-devel-linux-x86_64-debian-gcc, r-patched-linux-x86_64, r-release-linux-x86_64

Version: 0.1-1
Check: R code for possible problems
Result: NOTE
    .onLoad : <anonymous>: no visible global function definition for
     ‘read.table’
    .onLoad : <anonymous>: no visible global function definition for
     ‘dbConnect’
    .onLoad : <anonymous>: no visible global function definition for
     ‘dbListTables’
    .onLoad : <anonymous>: no visible global function definition for
     ‘dbExistsTable’
    .onLoad : <anonymous>: no visible global function definition for
     ‘dbReadTable’
    .onLoad : <anonymous>: no visible global function definition for
     ‘dbWriteTable’
    .onLoad : <anonymous>: no visible global function definition for
     ‘dbDisconnect’
    .onLoad : <anonymous>: no visible global function definition for
     ‘dbRemoveTable’
    Undefined global functions or variables:
     dbConnect dbDisconnect dbExistsTable dbListTables dbReadTable
     dbRemoveTable dbWriteTable read.table
    Consider adding
     importFrom("utils", "read.table")
    to your NAMESPACE file.
Flavors: r-devel-linux-x86_64-fedora-clang, r-devel-linux-x86_64-fedora-gcc, r-devel-osx-x86_64-clang, r-devel-windows-ix86+x86_64, r-patched-solaris-sparc, r-patched-solaris-x86, r-release-osx-x86_64-mavericks, r-release-windows-ix86+x86_64

Version: 0.1-1
Check: R code for possible problems
Result: NOTE
    .onLoad : <anonymous>: no visible global function definition for
     'dbConnect'
    .onLoad : <anonymous>: no visible global function definition for
     'dbListTables'
    .onLoad : <anonymous>: no visible global function definition for
     'dbExistsTable'
    .onLoad : <anonymous>: no visible global function definition for
     'dbReadTable'
    .onLoad : <anonymous>: no visible global function definition for
     'dbWriteTable'
    .onLoad : <anonymous>: no visible global function definition for
     'dbDisconnect'
    .onLoad : <anonymous>: no visible global function definition for
     'dbRemoveTable'
Flavor: r-oldrel-windows-ix86+x86_64