CRAN Package Check Results for Package datamap

Last updated on 2016-02-07 03:50:31.

Flavor Version Tinstall Tcheck Ttotal Status Flags
r-devel-linux-x86_64-debian-gcc 0.1-1 1.07 11.01 12.08 NOTE
r-devel-linux-x86_64-fedora-clang 0.1-1 21.61 NOTE
r-devel-linux-x86_64-fedora-gcc 0.1-1 20.34 NOTE
r-devel-osx-x86_64-clang 0.1-1 24.77 NOTE
r-devel-windows-ix86+x86_64 0.1-1 9.00 39.00 48.00 NOTE
r-patched-linux-x86_64 0.1-1 1.19 12.28 13.47 NOTE
r-patched-solaris-sparc 0.1-1 149.70 NOTE
r-patched-solaris-x86 0.1-1 34.20 NOTE
r-release-linux-x86_64 0.1-1 1.29 12.30 13.59 NOTE
r-release-osx-x86_64-mavericks 0.1-1 NOTE
r-release-windows-ix86+x86_64 0.1-1 7.00 49.00 56.00 NOTE
r-oldrel-windows-ix86+x86_64 0.1-1 8.00 49.00 57.00 NOTE

Check Details

Version: 0.1-1
Check: dependencies in R code
Result: NOTE
    Package in Depends field not imported from: ‘DBI’
     These packages need to be imported from (in the NAMESPACE file)
     for when this namespace is loaded but not attached.
Flavors: r-devel-linux-x86_64-debian-gcc, r-devel-linux-x86_64-fedora-clang, r-devel-linux-x86_64-fedora-gcc, r-devel-osx-x86_64-clang, r-devel-windows-ix86+x86_64, r-patched-linux-x86_64, r-patched-solaris-sparc, r-patched-solaris-x86, r-release-linux-x86_64, r-release-osx-x86_64-mavericks, r-release-windows-ix86+x86_64, r-oldrel-windows-ix86+x86_64

Version: 0.1-1
Check: R code for possible problems
Result: NOTE
    .onLoad : <anonymous>: no visible global function definition for
     ‘read.table’
    .onLoad : <anonymous>: no visible global function definition for
     ‘dbConnect’
    .onLoad : <anonymous>: no visible global function definition for
     ‘dbListTables’
    .onLoad : <anonymous>: no visible global function definition for
     ‘dbExistsTable’
    .onLoad : <anonymous>: no visible global function definition for
     ‘dbReadTable’
    .onLoad : <anonymous>: no visible global function definition for
     ‘dbWriteTable’
    .onLoad : <anonymous>: no visible global function definition for
     ‘dbDisconnect’
    .onLoad : <anonymous>: no visible global function definition for
     ‘dbRemoveTable’
    Undefined global functions or variables:
     dbConnect dbDisconnect dbExistsTable dbListTables dbReadTable
     dbRemoveTable dbWriteTable read.table
    Consider adding
     importFrom("utils", "read.table")
    to your NAMESPACE file.
    
    Found the following calls to attach():
    File ‘datamap/R/datamap.R’:
     attach(.Call("CreateUserDB", map, PACKAGE = "datamap"), pos,
     name, warn.conflicts)
    See section ‘Good practice’ in ‘?attach’.
Flavor: r-devel-linux-x86_64-debian-gcc

Version: 0.1-1
Check: R code for possible problems
Result: NOTE
    .onLoad : <anonymous>: no visible global function definition for
     ‘read.table’
    .onLoad : <anonymous>: no visible global function definition for
     ‘dbConnect’
    .onLoad : <anonymous>: no visible global function definition for
     ‘dbListTables’
    .onLoad : <anonymous>: no visible global function definition for
     ‘dbExistsTable’
    .onLoad : <anonymous>: no visible global function definition for
     ‘dbReadTable’
    .onLoad : <anonymous>: no visible global function definition for
     ‘dbWriteTable’
    .onLoad : <anonymous>: no visible global function definition for
     ‘dbDisconnect’
    .onLoad : <anonymous>: no visible global function definition for
     ‘dbRemoveTable’
    Undefined global functions or variables:
     dbConnect dbDisconnect dbExistsTable dbListTables dbReadTable
     dbRemoveTable dbWriteTable read.table
    Consider adding
     importFrom("utils", "read.table")
    to your NAMESPACE file.
Flavors: r-devel-linux-x86_64-fedora-clang, r-devel-linux-x86_64-fedora-gcc, r-devel-osx-x86_64-clang, r-devel-windows-ix86+x86_64

Version: 0.1-1
Check: R code for possible problems
Result: NOTE
    .onLoad : <anonymous>: no visible global function definition for
     ‘dbConnect’
    .onLoad : <anonymous>: no visible global function definition for
     ‘dbListTables’
    .onLoad : <anonymous>: no visible global function definition for
     ‘dbExistsTable’
    .onLoad : <anonymous>: no visible global function definition for
     ‘dbReadTable’
    .onLoad : <anonymous>: no visible global function definition for
     ‘dbWriteTable’
    .onLoad : <anonymous>: no visible global function definition for
     ‘dbDisconnect’
    .onLoad : <anonymous>: no visible global function definition for
     ‘dbRemoveTable’
    
    Found the following calls to attach():
    File ‘datamap/R/datamap.R’:
     attach(.Call("CreateUserDB", map, PACKAGE = "datamap"), pos,
     name, warn.conflicts)
    See section ‘Good practice’ in ‘?attach’.
Flavors: r-patched-linux-x86_64, r-release-linux-x86_64

Version: 0.1-1
Check: R code for possible problems
Result: NOTE
    .onLoad : <anonymous>: no visible global function definition for
     ‘dbConnect’
    .onLoad : <anonymous>: no visible global function definition for
     ‘dbListTables’
    .onLoad : <anonymous>: no visible global function definition for
     ‘dbExistsTable’
    .onLoad : <anonymous>: no visible global function definition for
     ‘dbReadTable’
    .onLoad : <anonymous>: no visible global function definition for
     ‘dbWriteTable’
    .onLoad : <anonymous>: no visible global function definition for
     ‘dbDisconnect’
    .onLoad : <anonymous>: no visible global function definition for
     ‘dbRemoveTable’
Flavors: r-patched-solaris-sparc, r-patched-solaris-x86, r-release-osx-x86_64-mavericks, r-release-windows-ix86+x86_64, r-oldrel-windows-ix86+x86_64