CRAN Package Check Results for Package datamap

Last updated on 2017-03-24 06:48:05.

Flavor Version Tinstall Tcheck Ttotal Status Flags
r-devel-linux-x86_64-debian-clang 0.1-1 1.30 15.29 16.59 NOTE
r-devel-linux-x86_64-debian-gcc 0.1-1 1.15 14.91 16.07 NOTE
r-devel-linux-x86_64-fedora-clang 0.1-1 28.47 NOTE --no-stop-on-test-error
r-devel-linux-x86_64-fedora-gcc 0.1-1 27.18 NOTE --no-stop-on-test-error
r-devel-macos-x86_64-clang 0.1-1 25.16 NOTE --no-stop-on-test-error
r-devel-windows-ix86+x86_64 0.1-1 7.00 37.00 44.00 NOTE
r-patched-linux-x86_64 0.1-1 1.15 12.73 13.89 NOTE
r-patched-solaris-sparc 0.1-1 176.90 NOTE
r-patched-solaris-x86 0.1-1 42.60 NOTE
r-release-linux-x86_64 0.1-1 1.13 12.31 13.44 NOTE
r-release-osx-x86_64-mavericks 0.1-1 NOTE
r-release-windows-ix86+x86_64 0.1-1 10.00 35.00 45.00 NOTE
r-oldrel-windows-ix86+x86_64 0.1-1 9.00 42.00 51.00 NOTE

Check Details

Version: 0.1-1
Check: dependencies in R code
Result: NOTE
    Package in Depends field not imported from: ‘DBI’
     These packages need to be imported from (in the NAMESPACE file)
     for when this namespace is loaded but not attached.
Flavors: r-devel-linux-x86_64-debian-clang, r-devel-linux-x86_64-debian-gcc, r-devel-windows-ix86+x86_64, r-patched-linux-x86_64, r-patched-solaris-sparc, r-patched-solaris-x86, r-release-linux-x86_64, r-release-osx-x86_64-mavericks, r-release-windows-ix86+x86_64, r-oldrel-windows-ix86+x86_64

Version: 0.1-1
Check: R code for possible problems
Result: NOTE
    .onLoad : <anonymous>: no visible global function definition for
     ‘read.table’
    .onLoad : <anonymous>: no visible global function definition for
     ‘dbConnect’
    .onLoad : <anonymous>: no visible global function definition for
     ‘dbListTables’
    .onLoad : <anonymous>: no visible global function definition for
     ‘dbExistsTable’
    .onLoad : <anonymous>: no visible global function definition for
     ‘dbReadTable’
    .onLoad : <anonymous>: no visible global function definition for
     ‘dbWriteTable’
    .onLoad : <anonymous>: no visible global function definition for
     ‘dbDisconnect’
    .onLoad : <anonymous>: no visible global function definition for
     ‘dbRemoveTable’
    Undefined global functions or variables:
     dbConnect dbDisconnect dbExistsTable dbListTables dbReadTable
     dbRemoveTable dbWriteTable read.table
    Consider adding
     importFrom("utils", "read.table")
    to your NAMESPACE file.
    
    Found the following calls to attach():
    File ‘datamap/R/datamap.R’:
     attach(.Call("CreateUserDB", map, PACKAGE = "datamap"), pos,
     name, warn.conflicts)
    See section ‘Good practice’ in ‘?attach’.
Flavors: r-devel-linux-x86_64-debian-clang, r-devel-linux-x86_64-debian-gcc, r-patched-linux-x86_64, r-release-linux-x86_64

Version: 0.1-1
Check: compiled code
Result: NOTE
    File ‘datamap/libs/datamap.so’:
     Found no calls to: ‘R_registerRoutines’, ‘R_useDynamicSymbols’
    
    It is good practice to register native routines and to disable symbol
    search.
    
    See ‘Writing portable packages’ in the ‘Writing R Extensions’ manual.
Flavors: r-devel-linux-x86_64-debian-clang, r-devel-linux-x86_64-debian-gcc

Version: 0.1-1
Flags: --no-stop-on-test-error
Check: dependencies in R code
Result: NOTE
    Package in Depends field not imported from: ‘DBI’
     These packages need to be imported from (in the NAMESPACE file)
     for when this namespace is loaded but not attached.
Flavors: r-devel-linux-x86_64-fedora-clang, r-devel-linux-x86_64-fedora-gcc, r-devel-macos-x86_64-clang

Version: 0.1-1
Flags: --no-stop-on-test-error
Check: R code for possible problems
Result: NOTE
    .onLoad : <anonymous>: no visible global function definition for
     ‘read.table’
    .onLoad : <anonymous>: no visible global function definition for
     ‘dbConnect’
    .onLoad : <anonymous>: no visible global function definition for
     ‘dbListTables’
    .onLoad : <anonymous>: no visible global function definition for
     ‘dbExistsTable’
    .onLoad : <anonymous>: no visible global function definition for
     ‘dbReadTable’
    .onLoad : <anonymous>: no visible global function definition for
     ‘dbWriteTable’
    .onLoad : <anonymous>: no visible global function definition for
     ‘dbDisconnect’
    .onLoad : <anonymous>: no visible global function definition for
     ‘dbRemoveTable’
    Undefined global functions or variables:
     dbConnect dbDisconnect dbExistsTable dbListTables dbReadTable
     dbRemoveTable dbWriteTable read.table
    Consider adding
     importFrom("utils", "read.table")
    to your NAMESPACE file.
Flavors: r-devel-linux-x86_64-fedora-clang, r-devel-linux-x86_64-fedora-gcc, r-devel-macos-x86_64-clang

Version: 0.1-1
Flags: --no-stop-on-test-error
Check: compiled code
Result: NOTE
    File ‘datamap/libs/datamap.so’:
     Found no calls to: ‘R_registerRoutines’, ‘R_useDynamicSymbols’
    
    It is good practice to register native routines and to disable symbol
    search.
    
    See ‘Writing portable packages’ in the ‘Writing R Extensions’ manual.
Flavors: r-devel-linux-x86_64-fedora-clang, r-devel-linux-x86_64-fedora-gcc, r-devel-macos-x86_64-clang

Version: 0.1-1
Check: R code for possible problems
Result: NOTE
    .onLoad : <anonymous>: no visible global function definition for
     'read.table'
    .onLoad : <anonymous>: no visible global function definition for
     'dbConnect'
    .onLoad : <anonymous>: no visible global function definition for
     'dbListTables'
    .onLoad : <anonymous>: no visible global function definition for
     'dbExistsTable'
    .onLoad : <anonymous>: no visible global function definition for
     'dbReadTable'
    .onLoad : <anonymous>: no visible global function definition for
     'dbWriteTable'
    .onLoad : <anonymous>: no visible global function definition for
     'dbDisconnect'
    .onLoad : <anonymous>: no visible global function definition for
     'dbRemoveTable'
    Undefined global functions or variables:
     dbConnect dbDisconnect dbExistsTable dbListTables dbReadTable
     dbRemoveTable dbWriteTable read.table
    Consider adding
     importFrom("utils", "read.table")
    to your NAMESPACE file.
Flavors: r-devel-windows-ix86+x86_64, r-patched-solaris-sparc, r-patched-solaris-x86, r-release-osx-x86_64-mavericks, r-release-windows-ix86+x86_64

Version: 0.1-1
Check: R code for possible problems
Result: NOTE
    .onLoad : <anonymous>: no visible global function definition for
     'dbConnect'
    .onLoad : <anonymous>: no visible global function definition for
     'dbListTables'
    .onLoad : <anonymous>: no visible global function definition for
     'dbExistsTable'
    .onLoad : <anonymous>: no visible global function definition for
     'dbReadTable'
    .onLoad : <anonymous>: no visible global function definition for
     'dbWriteTable'
    .onLoad : <anonymous>: no visible global function definition for
     'dbDisconnect'
    .onLoad : <anonymous>: no visible global function definition for
     'dbRemoveTable'
Flavor: r-oldrel-windows-ix86+x86_64