CRAN Package Check Results for Package datamap

Last updated on 2014-08-22 13:46:49.

Flavor Version Tinstall Tcheck Ttotal Status Flags
r-devel-linux-x86_64-debian-clang 0.1-1 1.10 10.99 12.09 NOTE
r-devel-linux-x86_64-debian-gcc 0.1-1 0.97 10.60 11.57 NOTE
r-devel-linux-x86_64-fedora-clang 0.1-1 23.87 NOTE
r-devel-linux-x86_64-fedora-gcc 0.1-1 22.67 NOTE
r-devel-osx-x86_64-clang 0.1-1 26.23 NOTE
r-devel-windows-ix86+x86_64 0.1-1 5.00 24.00 29.00 NOTE
r-patched-linux-x86_64 0.1-1 0.97 11.09 12.06 NOTE
r-patched-solaris-sparc 0.1-1 147.70 NOTE
r-patched-solaris-x86 0.1-1 36.90 NOTE
r-release-linux-ix86 0.1-1 1.48 17.98 19.46 NOTE
r-release-linux-x86_64 0.1-1 1.01 11.29 12.30 NOTE
r-release-osx-x86_64-mavericks 0.1-1 NOTE
r-release-windows-ix86+x86_64 0.1-1 8.00 25.00 33.00 NOTE
r-oldrel-windows-ix86+x86_64 0.1-1 5.00 24.00 29.00 NOTE

Check Details

Version: 0.1-1
Check: dependencies in R code
Result: NOTE
    Package in Depends field not imported from: ‘DBI’
     These packages need to be imported from (in the NAMESPACE file)
     for when this namespace is loaded but not attached.
    See the information on DESCRIPTION files in the chapter ‘Creating R
    packages’ of the ‘Writing R Extensions’ manual.
Flavors: r-devel-linux-x86_64-debian-clang, r-devel-linux-x86_64-debian-gcc, r-devel-linux-x86_64-fedora-clang, r-devel-linux-x86_64-fedora-gcc, r-devel-osx-x86_64-clang, r-devel-windows-ix86+x86_64, r-patched-linux-x86_64, r-patched-solaris-sparc, r-patched-solaris-x86, r-release-linux-ix86, r-release-linux-x86_64, r-release-osx-x86_64-mavericks, r-release-windows-ix86+x86_64, r-oldrel-windows-ix86+x86_64

Version: 0.1-1
Check: R code for possible problems
Result: NOTE
    .onLoad : <anonymous>: no visible global function definition for
     ‘dbConnect’
    .onLoad : <anonymous>: no visible global function definition for
     ‘dbListTables’
    .onLoad : <anonymous>: no visible global function definition for
     ‘dbExistsTable’
    .onLoad : <anonymous>: no visible global function definition for
     ‘dbReadTable’
    .onLoad : <anonymous>: no visible global function definition for
     ‘dbWriteTable’
    .onLoad : <anonymous>: no visible global function definition for
     ‘dbDisconnect’
    .onLoad : <anonymous>: no visible global function definition for
     ‘dbRemoveTable’
Flavors: r-devel-linux-x86_64-fedora-clang, r-devel-linux-x86_64-fedora-gcc, r-devel-osx-x86_64-clang