CRAN Package Check Results for Package datamap

Last updated on 2017-06-25 06:47:23.

Flavor Version Tinstall Tcheck Ttotal Status Flags
r-devel-linux-x86_64-debian-clang 0.1-1 1.42 15.56 16.98 NOTE
r-devel-linux-x86_64-debian-gcc 0.1-1 1.28 15.41 16.69 NOTE
r-devel-linux-x86_64-fedora-clang 0.1-1 28.45 NOTE
r-devel-linux-x86_64-fedora-gcc 0.1-1 27.32 NOTE
r-devel-windows-ix86+x86_64 0.1-1 8.00 49.00 57.00 NOTE
r-patched-linux-x86_64 0.1-1 1.27 15.18 16.45 NOTE
r-patched-solaris-sparc 0.1-1 176.90 NOTE
r-patched-solaris-x86 0.1-1 40.90 NOTE
r-release-linux-x86_64 0.1-1 1.18 15.39 16.57 NOTE
r-release-windows-ix86+x86_64 0.1-1 12.00 56.00 68.00 NOTE
r-release-osx-x86_64 0.1-1 NOTE
r-oldrel-windows-ix86+x86_64 0.1-1 12.00 45.00 57.00 NOTE
r-oldrel-osx-x86_64 0.1-1 NOTE

Additional issues

rchk

Check Details

Version: 0.1-1
Check: dependencies in R code
Result: NOTE
    Package in Depends field not imported from: ‘DBI’
     These packages need to be imported from (in the NAMESPACE file)
     for when this namespace is loaded but not attached.
Flavors: r-devel-linux-x86_64-debian-clang, r-devel-linux-x86_64-debian-gcc, r-devel-linux-x86_64-fedora-clang, r-devel-linux-x86_64-fedora-gcc, r-devel-windows-ix86+x86_64, r-patched-linux-x86_64, r-patched-solaris-sparc, r-patched-solaris-x86, r-release-linux-x86_64, r-release-windows-ix86+x86_64, r-release-osx-x86_64, r-oldrel-windows-ix86+x86_64, r-oldrel-osx-x86_64

Version: 0.1-1
Check: R code for possible problems
Result: NOTE
    .onLoad : <anonymous>: no visible global function definition for
     ‘read.table’
    .onLoad : <anonymous>: no visible global function definition for
     ‘dbConnect’
    .onLoad : <anonymous>: no visible global function definition for
     ‘dbListTables’
    .onLoad : <anonymous>: no visible global function definition for
     ‘dbExistsTable’
    .onLoad : <anonymous>: no visible global function definition for
     ‘dbReadTable’
    .onLoad : <anonymous>: no visible global function definition for
     ‘dbWriteTable’
    .onLoad : <anonymous>: no visible global function definition for
     ‘dbDisconnect’
    .onLoad : <anonymous>: no visible global function definition for
     ‘dbRemoveTable’
    Undefined global functions or variables:
     dbConnect dbDisconnect dbExistsTable dbListTables dbReadTable
     dbRemoveTable dbWriteTable read.table
    Consider adding
     importFrom("utils", "read.table")
    to your NAMESPACE file.
    
    Found the following calls to attach():
    File ‘datamap/R/datamap.R’:
     attach(.Call("CreateUserDB", map, PACKAGE = "datamap"), pos,
     name, warn.conflicts)
    See section ‘Good practice’ in ‘?attach’.
Flavors: r-devel-linux-x86_64-debian-clang, r-devel-linux-x86_64-debian-gcc, r-patched-linux-x86_64, r-release-linux-x86_64

Version: 0.1-1
Check: compiled code
Result: NOTE
    File ‘datamap/libs/datamap.so’:
     Found no calls to: ‘R_registerRoutines’, ‘R_useDynamicSymbols’
    
    It is good practice to register native routines and to disable symbol
    search.
    
    See ‘Writing portable packages’ in the ‘Writing R Extensions’ manual.
Flavors: r-devel-linux-x86_64-debian-clang, r-devel-linux-x86_64-debian-gcc, r-devel-linux-x86_64-fedora-clang, r-devel-linux-x86_64-fedora-gcc, r-patched-linux-x86_64, r-release-linux-x86_64

Version: 0.1-1
Check: R code for possible problems
Result: NOTE
    .onLoad : <anonymous>: no visible global function definition for
     ‘read.table’
    .onLoad : <anonymous>: no visible global function definition for
     ‘dbConnect’
    .onLoad : <anonymous>: no visible global function definition for
     ‘dbListTables’
    .onLoad : <anonymous>: no visible global function definition for
     ‘dbExistsTable’
    .onLoad : <anonymous>: no visible global function definition for
     ‘dbReadTable’
    .onLoad : <anonymous>: no visible global function definition for
     ‘dbWriteTable’
    .onLoad : <anonymous>: no visible global function definition for
     ‘dbDisconnect’
    .onLoad : <anonymous>: no visible global function definition for
     ‘dbRemoveTable’
    Undefined global functions or variables:
     dbConnect dbDisconnect dbExistsTable dbListTables dbReadTable
     dbRemoveTable dbWriteTable read.table
    Consider adding
     importFrom("utils", "read.table")
    to your NAMESPACE file.
Flavors: r-devel-linux-x86_64-fedora-clang, r-devel-linux-x86_64-fedora-gcc, r-devel-windows-ix86+x86_64, r-patched-solaris-sparc, r-patched-solaris-x86, r-release-windows-ix86+x86_64, r-release-osx-x86_64, r-oldrel-windows-ix86+x86_64, r-oldrel-osx-x86_64