CRAN Package Check Results for Package datamart

Last updated on 2014-07-24 17:48:59.

Flavor Version Tinstall Tcheck Ttotal Status Flags
r-devel-linux-x86_64-debian-clang 0.4.2 2.17 26.34 28.52 NOTE
r-devel-linux-x86_64-debian-gcc 0.4.2 2.16 26.05 28.21 NOTE
r-devel-linux-x86_64-fedora-clang 0.4.2 60.74 NOTE
r-devel-linux-x86_64-fedora-gcc 0.4.2 58.03 NOTE
r-devel-osx-x86_64-clang 0.4.2 54.81 NOTE
r-devel-windows-ix86+x86_64 0.4.2 6.00 43.00 49.00 NOTE
r-patched-linux-x86_64 0.4.2 2.15 26.22 28.37 NOTE
r-patched-solaris-sparc 0.4.2 344.60 NOTE
r-patched-solaris-x86 0.4.2 79.80 NOTE
r-release-linux-ix86 0.4.2 2.73 35.88 38.60 NOTE
r-release-linux-x86_64 0.4.2 2.20 26.86 29.05 NOTE
r-release-osx-x86_64-mavericks 0.4.2 NOTE
r-release-osx-x86_64-snowleopard 0.4.2 NOTE
r-release-windows-ix86+x86_64 0.4.2 6.00 41.00 47.00 NOTE
r-oldrel-windows-ix86+x86_64 0.4.2 7.00 42.00 49.00 NOTE

Check Details

Version: 0.4.2
Check: dependencies in R code
Result: NOTE
    Namespaces in Imports field not imported from:
     ‘base64’ ‘markdown’ ‘methods’
     All declared Imports should be used.
    See the information on DESCRIPTION files in the chapter ‘Creating R
    packages’ of the ‘Writing R Extensions’ manual.
Flavors: r-devel-linux-x86_64-debian-clang, r-devel-linux-x86_64-debian-gcc, r-devel-linux-x86_64-fedora-clang, r-devel-linux-x86_64-fedora-gcc, r-devel-osx-x86_64-clang, r-devel-windows-ix86+x86_64, r-patched-linux-x86_64, r-patched-solaris-sparc, r-patched-solaris-x86, r-release-linux-ix86, r-release-linux-x86_64, r-release-osx-x86_64-mavericks, r-release-osx-x86_64-snowleopard, r-release-windows-ix86+x86_64, r-oldrel-windows-ix86+x86_64