CRAN Package Check Results for Package datamart

Last updated on 2014-09-24 03:48:52.

Flavor Version Tinstall Tcheck Ttotal Status Flags
r-devel-linux-x86_64-debian-clang 0.4.2 2.24 26.18 28.42 NOTE
r-devel-linux-x86_64-debian-gcc 0.4.2 2.05 25.86 27.91 NOTE
r-devel-linux-x86_64-fedora-clang 0.4.2 59.47 NOTE
r-devel-linux-x86_64-fedora-gcc 0.4.2 56.46 NOTE
r-devel-osx-x86_64-clang 0.4.2 56.64 NOTE
r-devel-windows-ix86+x86_64 0.4.2 6.00 38.00 44.00 NOTE
r-patched-linux-x86_64 0.4.2 2.18 26.64 28.81 NOTE
r-patched-solaris-sparc 0.4.2 369.70 NOTE
r-patched-solaris-x86 0.4.2 81.70 NOTE
r-release-linux-ix86 0.4.2 2.76 36.69 39.46 NOTE
r-release-linux-x86_64 0.4.2 2.22 27.35 29.57 NOTE
r-release-osx-x86_64-mavericks 0.4.2 NOTE
r-release-osx-x86_64-snowleopard 0.4.2 NOTE
r-release-windows-ix86+x86_64 0.4.2 6.00 40.00 46.00 NOTE
r-oldrel-windows-ix86+x86_64 0.4.2 7.00 40.00 47.00 NOTE

Check Details

Version: 0.4.2
Check: dependencies in R code
Result: NOTE
    Namespaces in Imports field not imported from:
     ‘base64’ ‘markdown’ ‘methods’
     All declared Imports should be used.
    See the information on DESCRIPTION files in the chapter ‘Creating R
    packages’ of the ‘Writing R Extensions’ manual.
Flavors: r-devel-linux-x86_64-debian-clang, r-devel-linux-x86_64-debian-gcc, r-devel-linux-x86_64-fedora-clang, r-devel-linux-x86_64-fedora-gcc, r-devel-osx-x86_64-clang, r-devel-windows-ix86+x86_64, r-patched-linux-x86_64, r-patched-solaris-sparc, r-patched-solaris-x86, r-release-linux-ix86, r-release-linux-x86_64, r-release-osx-x86_64-mavericks, r-release-osx-x86_64-snowleopard, r-release-windows-ix86+x86_64, r-oldrel-windows-ix86+x86_64