CRAN Package Check Results for Package datamart

Last updated on 2015-07-31 06:46:51.

Flavor Version Tinstall Tcheck Ttotal Status Flags
r-devel-linux-x86_64-debian-clang 0.5.2 1.36 17.34 18.70 NOTE
r-devel-linux-x86_64-debian-gcc 0.5.2 2.03 16.87 18.90 NOTE
r-devel-linux-x86_64-fedora-clang 0.5.2 35.54 NOTE
r-devel-linux-x86_64-fedora-gcc 0.5.2 31.99 NOTE
r-devel-osx-x86_64-clang 0.5.2 33.17 NOTE
r-devel-windows-ix86+x86_64 0.5.2 11.00 29.00 40.00 NOTE
r-patched-linux-x86_64 0.5.2 1.39 17.16 18.55 NOTE
r-patched-solaris-sparc 0.5.2 226.20 NOTE
r-patched-solaris-x86 0.5.2 48.90 NOTE
r-release-linux-x86_64 0.5.2 1.31 17.53 18.84 NOTE
r-release-osx-x86_64-mavericks 0.5.2 OK
r-release-windows-ix86+x86_64 0.5.2 8.00 31.00 39.00 NOTE
r-oldrel-windows-ix86+x86_64 0.5.2 8.00 30.00 38.00 NOTE

Check Details

Version: 0.5.2
Check: R code for possible problems
Result: NOTE
    blogger: no visible global function definition for ‘new’
    blogpost: no visible global function definition for ‘new’
    csvdata: no visible global function definition for ‘new’
    datamart: no visible global function definition for ‘new’
    dirloc: no visible global function definition for ‘new’
    enipedia.powerplants : <anonymous>: no visible global function
     definition for ‘setNames’
    evs.elasticity: no visible global function definition for ‘par’
    evs.elasticity: no visible global function definition for ‘boxplot’
    filetarget: no visible global function definition for ‘new’
    gapm_religion_babies: no visible global function definition for ‘par’
    gapm_religion_babies: no visible global function definition for ‘plot’
    gapm_religion_babies: no visible global function definition for
     ‘legend’
    google.oauth2: no visible global function definition for ‘browseURL’
    google.oauth2: no visible global function definition for ‘new’
    internalData: no visible global function definition for ‘new’
    iwv_online : <anonymous>: no visible global function definition for
     ‘read.csv2’
    mdfigure: no visible global function definition for ‘new’
    mdreport: no visible global function definition for ‘new’
    mdreport: no visible global function definition for ‘tail’
    mem.info: no visible binding for global variable ‘object.size’
    memloc: no visible global function definition for ‘new’
    mySPARQL: no visible global function definition for ‘URLencode’
    openei.powerplants : <anonymous>: no visible global function definition
     for ‘setNames’
    pastebin: no visible global function definition for ‘new’
    read.csvdata: no visible global function definition for ‘new’
    res_gapminder : <anonymous>: no visible global function definition for
     ‘read.csv’
    res_gapminder : <anonymous>: no visible global function definition for
     ‘tail’
    res_gapminder : <anonymous>: no visible global function definition for
     ‘reshape’
    resfunc: no visible global function definition for ‘new’
    sftpdir: no visible global function definition for ‘new’
    swvreport: no visible global function definition for ‘head’
    swvreport: no visible global function definition for ‘new’
    urldata: no visible global function definition for ‘new’
    webloc: no visible global function definition for ‘new’
    xsparql: no visible global function definition for ‘new’
    meta,SftpLocation: no visible global function definition for
     ‘basicTextGatherer’
    meta,SftpLocation: no visible binding for global variable ‘isdir’
    meta,SftpLocation: no visible binding for global variable ‘name’
    put,BlogPostTarget-Blogger: no visible global function definition for
     ‘toJSON’
    put,MdFigure-DirectoryLocation: no visible global function definition
     for ‘png’
    put,MdFigure-DirectoryLocation: no visible global function definition
     for ‘dev.off’
    put,MdFigure-MemoryLocation: no visible global function definition for
     ‘new’
    put,MdReport-Location: no visible global function definition for ‘new’
    put,SweaveReport-DirectoryLocation: no visible global function
     definition for ‘Sweave’
    put,SweaveReport-DirectoryLocation: no visible global function
     definition for ‘head’
    put,Target-character: no visible global function definition for ‘new’
    queries,InternalData: no visible global function definition for
     ‘callNextMethod’
    queries,Location: no visible global function definition for
     ‘callNextMethod’
    queries,Mashup: no visible global function definition for
     ‘callNextMethod’
    queries,ResFunc: no visible global function definition for
     ‘callNextMethod’
    queries,UrlData: no visible global function definition for
     ‘callNextMethod’
    queries,Xdata: no visible global function definition for ‘findMethods’
    queries,Xdata: no visible global function definition for ‘getClass’
    queries,Xsparql: no visible global function definition for
     ‘callNextMethod’
    query,CsvData-character: no visible global function definition for
     ‘callNextMethod’
    query,GoogleOAuth2-character: no visible global function definition for
     ‘callNextMethod’
    query,InternalData-character: no visible global function definition for
     ‘callNextMethod’
    query,Mashup-character: no visible global function definition for
     ‘tail’
    query,MemoryLocation2-character: no visible global function definition
     for ‘callNextMethod’
    query,Pastebin-character: no visible global function definition for
     ‘callNextMethod’
    query,ResFunc-character: no visible global function definition for
     ‘callNextMethod’
    query,UrlData-character: no visible global function definition for
     ‘callNextMethod’
    Undefined global functions or variables:
     Sweave URLencode basicTextGatherer boxplot browseURL callNextMethod
     dev.off findMethods getClass head isdir legend name new object.size
     par plot png read.csv read.csv2 reshape setNames tail toJSON
    Consider adding
     importFrom("grDevices", "dev.off", "png")
     importFrom("graphics", "boxplot", "legend", "par", "plot")
     importFrom("methods", "callNextMethod", "findMethods", "getClass",
     "new")
     importFrom("stats", "reshape", "setNames")
     importFrom("utils", "Sweave", "URLencode", "browseURL", "head",
     "object.size", "read.csv", "read.csv2", "tail")
    to your NAMESPACE.
Flavors: r-devel-linux-x86_64-debian-clang, r-devel-linux-x86_64-debian-gcc, r-devel-linux-x86_64-fedora-clang, r-devel-linux-x86_64-fedora-gcc, r-devel-windows-ix86+x86_64

Version: 0.5.2
Check: R code for possible problems
Result: NOTE
    meta,SftpLocation: no visible global function definition for
     ‘basicTextGatherer’
    meta,SftpLocation: no visible binding for global variable ‘isdir’
    meta,SftpLocation: no visible binding for global variable ‘name’
    put,BlogPostTarget-Blogger: no visible global function definition for
     ‘toJSON’
    Undefined global functions or variables:
     basicTextGatherer isdir name toJSON
Flavor: r-devel-osx-x86_64-clang

Version: 0.5.2
Check: R code for possible problems
Result: NOTE
    meta,SftpLocation : .local: no visible global function definition for
     ‘basicTextGatherer’
    meta,SftpLocation : .local: no visible binding for global variable
     ‘isdir’
    meta,SftpLocation : .local: no visible binding for global variable
     ‘name’
    put,BlogPostTarget-Blogger : .local: no visible global function
     definition for ‘toJSON’
Flavors: r-patched-linux-x86_64, r-patched-solaris-sparc, r-patched-solaris-x86, r-release-linux-x86_64, r-release-windows-ix86+x86_64, r-oldrel-windows-ix86+x86_64