CRAN Package Check Results for Package datamart

Last updated on 2015-06-30 04:46:29.

Flavor Version Tinstall Tcheck Ttotal Status Flags
r-devel-linux-x86_64-debian-clang 0.5.2 1.30 15.92 17.21 NOTE
r-devel-linux-x86_64-debian-gcc 0.5.2 1.30 15.54 16.84 NOTE
r-devel-linux-x86_64-fedora-clang 0.5.2 31.87 OK
r-devel-linux-x86_64-fedora-gcc 0.5.2 30.83 OK
r-devel-osx-x86_64-clang 0.5.2 34.16 OK
r-devel-windows-ix86+x86_64 0.5.2 10.00 27.00 37.00 NOTE
r-patched-linux-x86_64 0.5.2 1.49 16.39 17.88 OK
r-patched-solaris-sparc 0.5.2 220.30 OK
r-patched-solaris-x86 0.5.2 48.10 OK
r-release-linux-x86_64 0.5.2 1.41 15.94 17.35 OK
r-release-osx-x86_64-mavericks 0.5.2 OK
r-release-windows-ix86+x86_64 0.5.2 8.00 28.00 36.00 OK
r-oldrel-windows-ix86+x86_64 0.5.2 8.00 33.00 41.00 OK

Check Details

Version: 0.5.2
Check: R code for possible problems
Result: NOTE
    blogger: no visible global function definition for ‘new’
    blogpost: no visible global function definition for ‘new’
    csvdata: no visible global function definition for ‘new’
    datamart: no visible global function definition for ‘new’
    dirloc: no visible global function definition for ‘new’
    enipedia.powerplants : <anonymous>: no visible global function
     definition for ‘setNames’
    evs.elasticity: no visible global function definition for ‘par’
    evs.elasticity: no visible global function definition for ‘boxplot’
    filetarget: no visible global function definition for ‘new’
    gapm_religion_babies: no visible global function definition for ‘par’
    gapm_religion_babies: no visible global function definition for ‘plot’
    gapm_religion_babies: no visible global function definition for
     ‘legend’
    google.oauth2: no visible global function definition for ‘browseURL’
    google.oauth2: no visible global function definition for ‘new’
    internalData: no visible global function definition for ‘new’
    iwv_online : <anonymous>: no visible global function definition for
     ‘read.csv2’
    mdfigure: no visible global function definition for ‘new’
    mdreport: no visible global function definition for ‘new’
    mdreport: no visible global function definition for ‘tail’
    mem.info: no visible binding for global variable ‘object.size’
    memloc: no visible global function definition for ‘new’
    mySPARQL: no visible global function definition for ‘URLencode’
    openei.powerplants : <anonymous>: no visible global function definition
     for ‘setNames’
    pastebin: no visible global function definition for ‘new’
    read.csvdata: no visible global function definition for ‘new’
    res_gapminder : <anonymous>: no visible global function definition for
     ‘read.csv’
    res_gapminder : <anonymous>: no visible global function definition for
     ‘tail’
    res_gapminder : <anonymous>: no visible global function definition for
     ‘reshape’
    resfunc: no visible global function definition for ‘new’
    sftpdir: no visible global function definition for ‘new’
    swvreport: no visible global function definition for ‘head’
    swvreport: no visible global function definition for ‘new’
    urldata: no visible global function definition for ‘new’
    webloc: no visible global function definition for ‘new’
    xsparql: no visible global function definition for ‘new’
    put,MdFigure-DirectoryLocation: no visible global function definition
     for ‘png’
    put,MdFigure-DirectoryLocation: no visible global function definition
     for ‘dev.off’
    put,Target-character: no visible global function definition for ‘new’
    queries,InternalData: no visible global function definition for
     ‘callNextMethod’
    queries,Location: no visible global function definition for
     ‘callNextMethod’
    queries,Mashup: no visible global function definition for
     ‘callNextMethod’
    queries,ResFunc: no visible global function definition for
     ‘callNextMethod’
    queries,UrlData: no visible global function definition for
     ‘callNextMethod’
    queries,Xdata: no visible global function definition for ‘findMethods’
    queries,Xdata: no visible global function definition for ‘getClass’
    queries,Xsparql: no visible global function definition for
     ‘callNextMethod’
    query,InternalData-character: no visible global function definition for
     ‘callNextMethod’
    query,MemoryLocation2-character: no visible global function definition
     for ‘callNextMethod’
Flavors: r-devel-linux-x86_64-debian-clang, r-devel-linux-x86_64-debian-gcc, r-devel-windows-ix86+x86_64