CRAN Package Check Results for Package datamart

Last updated on 2014-04-16 11:47:17.

Flavor Version Tinstall Tcheck Ttotal Status Flags
r-devel-linux-x86_64-debian-clang 0.4.2 2.24 28.23 30.48 NOTE
r-devel-linux-x86_64-debian-gcc 0.4.2 2.25 27.82 30.07 NOTE
r-devel-linux-x86_64-fedora-clang 0.4.2 60.91 NOTE
r-devel-linux-x86_64-fedora-gcc 0.4.2 57.83 NOTE
r-devel-macosx-x86_64-clang 0.4.2 58.01 NOTE
r-devel-macosx-x86_64-gcc 0.4.2 ERROR
r-devel-windows-ix86+x86_64 0.4.2 5.00 39.00 44.00 NOTE
r-patched-linux-x86_64 0.4.2 2.30 27.84 30.14 NOTE
r-patched-solaris-sparc 0.4.2 344.60 NOTE
r-patched-solaris-x86 0.4.2 81.50 NOTE
r-release-linux-ix86 0.4.2 5.00 49.00 54.00 NOTE
r-release-linux-x86_64 0.4.2 2.23 27.66 29.89 NOTE
r-release-macosx-x86_64 0.4.2 NOTE
r-release-windows-ix86+x86_64 0.4.2 6.00 39.00 45.00 NOTE
r-oldrel-windows-ix86+x86_64 0.4.2 6.00 41.00 47.00 NOTE

Check Details

Version: 0.4.2
Check: dependencies in R code
Result: NOTE
    Namespaces in Imports field not imported from:
     ‘base64’ ‘markdown’ ‘methods’
     All declared Imports should be used.
    See the information on DESCRIPTION files in the chapter ‘Creating R
    packages’ of the ‘Writing R Extensions’ manual.
Flavors: r-devel-linux-x86_64-debian-clang, r-devel-linux-x86_64-debian-gcc, r-devel-linux-x86_64-fedora-clang, r-devel-linux-x86_64-fedora-gcc, r-devel-macosx-x86_64-clang, r-devel-windows-ix86+x86_64, r-patched-linux-x86_64, r-patched-solaris-sparc, r-patched-solaris-x86, r-release-linux-ix86, r-release-linux-x86_64, r-release-macosx-x86_64, r-release-windows-ix86+x86_64, r-oldrel-windows-ix86+x86_64

Version: 0.4.2
Check: package dependencies
Result: ERROR
    Package required but not available: ‘XML’
    
    See the information on DESCRIPTION files in the chapter ‘Creating R
    packages’ of the ‘Writing R Extensions’ manual.
Flavor: r-devel-macosx-x86_64-gcc