CRAN Package Check Results for Package datamart

Last updated on 2014-08-30 23:48:20.

Flavor Version Tinstall Tcheck Ttotal Status Flags
r-devel-linux-x86_64-debian-clang 0.4.2 2.15 25.66 27.81 NOTE
r-devel-linux-x86_64-debian-gcc 0.4.2 2.07 25.34 27.41 NOTE
r-devel-linux-x86_64-fedora-clang 0.4.2 61.77 NOTE
r-devel-linux-x86_64-fedora-gcc 0.4.2 57.21 NOTE
r-devel-osx-x86_64-clang 0.4.2 56.27 NOTE
r-devel-windows-ix86+x86_64 0.4.2 8.00 40.00 48.00 NOTE
r-patched-linux-x86_64 0.4.2 2.18 26.25 28.43 NOTE
r-patched-solaris-sparc 0.4.2 369.70 NOTE
r-patched-solaris-x86 0.4.2 82.00 NOTE
r-release-linux-ix86 0.4.2 2.96 35.77 38.73 NOTE
r-release-linux-x86_64 0.4.2 2.22 27.92 30.14 NOTE
r-release-osx-x86_64-mavericks 0.4.2 NOTE
r-release-osx-x86_64-snowleopard 0.4.2 NOTE
r-release-windows-ix86+x86_64 0.4.2 6.00 44.00 50.00 NOTE
r-oldrel-windows-ix86+x86_64 0.4.2 9.00 43.00 52.00 NOTE

Check Details

Version: 0.4.2
Check: dependencies in R code
Result: NOTE
    Namespaces in Imports field not imported from:
     ‘base64’ ‘markdown’ ‘methods’
     All declared Imports should be used.
    See the information on DESCRIPTION files in the chapter ‘Creating R
    packages’ of the ‘Writing R Extensions’ manual.
Flavors: r-devel-linux-x86_64-debian-clang, r-devel-linux-x86_64-debian-gcc, r-devel-linux-x86_64-fedora-clang, r-devel-linux-x86_64-fedora-gcc, r-devel-osx-x86_64-clang, r-devel-windows-ix86+x86_64, r-patched-linux-x86_64, r-patched-solaris-sparc, r-patched-solaris-x86, r-release-linux-ix86, r-release-linux-x86_64, r-release-osx-x86_64-mavericks, r-release-osx-x86_64-snowleopard, r-release-windows-ix86+x86_64, r-oldrel-windows-ix86+x86_64