CRAN Package Check Results for Package dataone

Last updated on 2014-07-24 11:53:21.

Flavor Version Tinstall Tcheck Ttotal Status Flags
r-devel-linux-x86_64-debian-clang 1.0.0 2.80 27.53 30.33 NOTE
r-devel-linux-x86_64-debian-gcc 1.0.0 2.59 27.35 29.94 NOTE
r-devel-linux-x86_64-fedora-clang 1.0.0 68.22 NOTE
r-devel-linux-x86_64-fedora-gcc 1.0.0 63.17 NOTE
r-devel-osx-x86_64-clang 1.0.0 56.71 NOTE
r-devel-windows-ix86+x86_64 1.0.0 8.00 43.00 51.00 NOTE
r-patched-linux-x86_64 1.0.0 2.63 27.27 29.90 NOTE
r-patched-solaris-sparc 1.0.0 378.40 NOTE
r-patched-solaris-x86 1.0.0 90.40 NOTE
r-release-linux-ix86 1.0.0 3.16 35.65 38.81 NOTE
r-release-linux-x86_64 1.0.0 2.86 28.03 30.88 NOTE
r-release-osx-x86_64-mavericks 1.0.0 NOTE
r-release-osx-x86_64-snowleopard 1.0.0 NOTE
r-release-windows-ix86+x86_64 1.0.0 11.00 46.00 57.00 NOTE
r-oldrel-windows-ix86+x86_64 1.0.0 7.00 42.00 49.00 NOTE

Check Details

Version: 1.0.0
Check: DESCRIPTION meta-information
Result: NOTE
    Packages listed in more than one of Depends, Imports, Suggests, Enhances:
     ‘rJava’ ‘XML’
    A package should be listed in only one of these fields.
Flavors: r-devel-linux-x86_64-debian-clang, r-devel-linux-x86_64-debian-gcc, r-devel-linux-x86_64-fedora-clang, r-devel-linux-x86_64-fedora-gcc, r-devel-osx-x86_64-clang, r-devel-windows-ix86+x86_64, r-patched-linux-x86_64, r-patched-solaris-sparc, r-patched-solaris-x86, r-release-linux-ix86, r-release-linux-x86_64, r-release-osx-x86_64-mavericks, r-release-osx-x86_64-snowleopard, r-release-windows-ix86+x86_64, r-oldrel-windows-ix86+x86_64

Version: 1.0.0
Check: dependencies in R code
Result: NOTE
    Packages in Depends field not imported from:
     ‘dataonelibs’ ‘methods’
     These packages need to be imported from (in the NAMESPACE file)
     for when this namespace is loaded but not attached.
    See the information on DESCRIPTION files in the chapter ‘Creating R
    packages’ of the ‘Writing R Extensions’ manual.
Flavors: r-devel-linux-x86_64-debian-clang, r-devel-linux-x86_64-debian-gcc, r-devel-linux-x86_64-fedora-clang, r-devel-linux-x86_64-fedora-gcc, r-devel-osx-x86_64-clang, r-devel-windows-ix86+x86_64, r-patched-linux-x86_64, r-patched-solaris-sparc, r-patched-solaris-x86, r-release-linux-ix86, r-release-linux-x86_64, r-release-osx-x86_64-mavericks, r-release-windows-ix86+x86_64, r-oldrel-windows-ix86+x86_64

Version: 1.0.0
Check: top-level files
Result: NOTE
    Non-standard file/directory found at top level:
     ‘COPYRIGHTS’
    Copyright information should be in file inst/COPYRIGHTS
Flavors: r-devel-linux-x86_64-fedora-clang, r-devel-linux-x86_64-fedora-gcc

Version: 1.0.0
Check: Rd line widths
Result: NOTE
    Rd file 'D1Client-class.Rd':
     \examples lines wider than 100 characters:
     fullyEncodedPath <- paste0("cn/v1/object/",encodeUrlPath("doi:10.6085/AA/YBHX00_XXXITBDXMMR01_20040720.50.5"))
     fullyEncodedQuery <- paste0("q=id:",encodeUrlQuery(encodeSolr("doi:10.6085/AA/YBHX00_XXXITBDXMMR01_20040720.50.5")))
    
    These lines will be truncated in the PDF manual.
Flavors: r-devel-linux-x86_64-fedora-clang, r-devel-linux-x86_64-fedora-gcc

Version: 1.0.0
Check: dependencies in R code
Result: NOTE
    Packages in Depends field not imported from:
     'dataonelibs' 'methods'
     These packages need to be imported from for the case when
     this namespace is loaded but not attached.
    See the information on DESCRIPTION files in the chapter 'Creating R
    packages' of the 'Writing R Extensions' manual.
Flavor: r-release-osx-x86_64-snowleopard