CRAN Package Check Results for Package dataone

Last updated on 2014-09-02 11:48:35.

Flavor Version Tinstall Tcheck Ttotal Status Flags
r-release-linux-ix86 1.0.0 3.20 35.31 38.52 NOTE

Check Details

Version: 1.0.0
Check: DESCRIPTION meta-information
Result: NOTE
    Packages listed in more than one of Depends, Imports, Suggests, Enhances:
     ‘rJava’ ‘XML’
    A package should be listed in only one of these fields.
Flavor: r-release-linux-ix86

Version: 1.0.0
Check: dependencies in R code
Result: NOTE
    Packages in Depends field not imported from:
     ‘dataonelibs’ ‘methods’
     These packages need to be imported from (in the NAMESPACE file)
     for when this namespace is loaded but not attached.
    See the information on DESCRIPTION files in the chapter ‘Creating R
    packages’ of the ‘Writing R Extensions’ manual.
Flavor: r-release-linux-ix86