CRAN Package Check Results for Package dataone

Last updated on 2014-04-25 05:47:13.

Flavor Version Tinstall Tcheck Ttotal Status Flags
r-devel-linux-x86_64-debian-clang 1.0.0 2.78 30.56 33.35 NOTE
r-devel-linux-x86_64-debian-gcc 1.0.0 2.85 29.72 32.57 NOTE
r-devel-linux-x86_64-fedora-clang 1.0.0 67.19 NOTE
r-devel-linux-x86_64-fedora-gcc 1.0.0 63.69 NOTE
r-devel-osx-x86_64-clang 1.0.0 54.32 NOTE
r-devel-osx-x86_64-gcc 1.0.0 ERROR
r-devel-windows-ix86+x86_64 1.0.0 8.00 41.00 49.00 NOTE
r-patched-linux-x86_64 1.0.0 2.72 29.48 32.20 NOTE
r-patched-solaris-sparc 1.0.0 378.40 NOTE
r-patched-solaris-x86 1.0.0 94.50 NOTE
r-release-linux-ix86 1.0.0 4.00 50.00 54.00 NOTE
r-release-linux-x86_64 1.0.0 2.74 29.28 32.02 NOTE
r-release-osx-x86_64-mavericks 1.0.0 WARN
r-release-osx-x86_64-snowleopard 1.0.0 NOTE
r-release-windows-ix86+x86_64 1.0.0 11.00 59.00 70.00 NOTE
r-oldrel-windows-ix86+x86_64 1.0.0 7.00 42.00 49.00 NOTE

Check Details

Version: 1.0.0
Check: DESCRIPTION meta-information
Result: NOTE
    Packages listed in more than one of Depends, Imports, Suggests, Enhances:
     ‘rJava’ ‘XML’
    A package should be listed in only one of these fields.
Flavors: r-devel-linux-x86_64-debian-clang, r-devel-linux-x86_64-debian-gcc, r-devel-linux-x86_64-fedora-clang, r-devel-linux-x86_64-fedora-gcc, r-devel-osx-x86_64-clang, r-devel-windows-ix86+x86_64, r-patched-linux-x86_64, r-patched-solaris-sparc, r-patched-solaris-x86, r-release-linux-ix86, r-release-linux-x86_64, r-release-osx-x86_64-mavericks, r-release-osx-x86_64-snowleopard, r-release-windows-ix86+x86_64, r-oldrel-windows-ix86+x86_64

Version: 1.0.0
Check: dependencies in R code
Result: NOTE
    Packages in Depends field not imported from:
     ‘dataonelibs’ ‘methods’
     These packages need to be imported from (in the NAMESPACE file)
     for when this namespace is loaded but not attached.
    See the information on DESCRIPTION files in the chapter ‘Creating R
    packages’ of the ‘Writing R Extensions’ manual.
Flavors: r-devel-linux-x86_64-debian-clang, r-devel-linux-x86_64-debian-gcc, r-devel-linux-x86_64-fedora-clang, r-devel-linux-x86_64-fedora-gcc, r-devel-osx-x86_64-clang, r-devel-windows-ix86+x86_64, r-patched-linux-x86_64, r-patched-solaris-sparc, r-patched-solaris-x86, r-release-linux-ix86, r-release-linux-x86_64, r-release-osx-x86_64-mavericks, r-release-windows-ix86+x86_64, r-oldrel-windows-ix86+x86_64

Version: 1.0.0
Check: top-level files
Result: NOTE
    Non-standard file/directory found at top level:
     ‘COPYRIGHTS’
    Copyright information should be in file inst/COPYRIGHTS
Flavors: r-devel-linux-x86_64-fedora-clang, r-devel-linux-x86_64-fedora-gcc

Version: 1.0.0
Check: Rd line widths
Result: NOTE
    Rd file 'D1Client-class.Rd':
     \examples lines wider than 100 characters:
     fullyEncodedPath <- paste0("cn/v1/object/",encodeUrlPath("doi:10.6085/AA/YBHX00_XXXITBDXMMR01_20040720.50.5"))
     fullyEncodedQuery <- paste0("q=id:",encodeUrlQuery(encodeSolr("doi:10.6085/AA/YBHX00_XXXITBDXMMR01_20040720.50.5")))
    
    These lines will be truncated in the PDF manual.
Flavors: r-devel-linux-x86_64-fedora-clang, r-devel-linux-x86_64-fedora-gcc

Version: 1.0.0
Check: package dependencies
Result: ERROR
    Package required but not available: ‘XML’
    
    See the information on DESCRIPTION files in the chapter ‘Creating R
    packages’ of the ‘Writing R Extensions’ manual.
Flavor: r-devel-osx-x86_64-gcc

Version: 1.0.0
Check: PDF version of manual
Result: WARNING
    LaTeX errors when creating PDF version.
    This typically indicates Rd problems.
    LaTeX errors found:
    ! LaTeX Error: File `upquote.sty' not found.
    
    Type X to quit or <RETURN> to proceed,
    or enter new name. (Default extension: sty)
    
    50deaea8/Rd2.tex:8: ==> Fatal error occurred, no output PDF file produced!
Flavor: r-release-osx-x86_64-mavericks

Version: 1.0.0
Check: dependencies in R code
Result: NOTE
    Packages in Depends field not imported from:
     'dataonelibs' 'methods'
     These packages need to be imported from for the case when
     this namespace is loaded but not attached.
    See the information on DESCRIPTION files in the chapter 'Creating R
    packages' of the 'Writing R Extensions' manual.
Flavor: r-release-osx-x86_64-snowleopard