CRAN Package Check Results for Package dataonelibs

Last updated on 2014-04-23 17:47:42.

Flavor Version Tinstall Tcheck Ttotal Status Flags
r-devel-linux-x86_64-debian-clang 1.0.0 2.50 20.38 22.88 NOTE
r-devel-linux-x86_64-debian-gcc 1.0.0 2.44 20.52 22.96 NOTE
r-devel-linux-x86_64-fedora-clang 1.0.0 43.78 NOTE
r-devel-linux-x86_64-fedora-gcc 1.0.0 42.06 NOTE
r-devel-osx-x86_64-clang 1.0.0 39.86 NOTE
r-devel-osx-x86_64-gcc 1.0.0 NOTE
r-devel-windows-ix86+x86_64 1.0.0 7.00 30.00 37.00 NOTE
r-patched-linux-x86_64 1.0.0 2.49 20.02 22.51 NOTE
r-patched-solaris-sparc 1.0.0 262.10 NOTE
r-patched-solaris-x86 1.0.0 65.50 NOTE
r-release-linux-ix86 1.0.0 4.00 35.00 39.00 NOTE
r-release-linux-x86_64 1.0.0 2.44 20.30 22.74 NOTE
r-release-osx-x86_64-mavericks 1.0.0 NOTE
r-release-windows-ix86+x86_64 1.0.0 11.00 42.00 53.00 NOTE
r-oldrel-windows-ix86+x86_64 1.0.0 6.00 28.00 34.00 NOTE

Check Details

Version: 1.0.0
Check: installed package size
Result: NOTE
     installed size is 14.6Mb
     sub-directories of 1Mb or more:
     java 14.5Mb
Flavors: r-devel-linux-x86_64-debian-clang, r-devel-linux-x86_64-debian-gcc, r-devel-linux-x86_64-fedora-clang, r-devel-linux-x86_64-fedora-gcc, r-devel-osx-x86_64-clang, r-devel-osx-x86_64-gcc, r-devel-windows-ix86+x86_64, r-patched-linux-x86_64, r-patched-solaris-sparc, r-patched-solaris-x86, r-release-linux-ix86, r-release-linux-x86_64, r-release-osx-x86_64-mavericks, r-release-windows-ix86+x86_64, r-oldrel-windows-ix86+x86_64

Version: 1.0.0
Check: top-level files
Result: NOTE
    Non-standard file/directory found at top level:
     ‘COPYRIGHTS’
    Copyright information should be in file inst/COPYRIGHTS
Flavors: r-devel-linux-x86_64-fedora-clang, r-devel-linux-x86_64-fedora-gcc