CRAN Package Check Results for Package dataonelibs

Last updated on 2014-07-30 08:48:41.

Flavor Version Tinstall Tcheck Ttotal Status Flags
r-devel-linux-x86_64-debian-clang 1.0.0 2.38 19.72 22.10 NOTE
r-devel-linux-x86_64-debian-gcc 1.0.0 2.22 18.99 21.21 NOTE
r-devel-linux-x86_64-fedora-clang 1.0.0 43.79 NOTE
r-devel-linux-x86_64-fedora-gcc 1.0.0 40.72 NOTE
r-devel-osx-x86_64-clang 1.0.0 41.87 NOTE
r-devel-windows-ix86+x86_64 1.0.0 9.00 31.00 40.00 NOTE
r-patched-linux-x86_64 1.0.0 2.27 19.24 21.52 NOTE
r-patched-solaris-sparc 1.0.0 262.10 NOTE
r-patched-solaris-x86 1.0.0 64.30 NOTE
r-release-linux-ix86 1.0.0 3.03 25.18 28.21 NOTE
r-release-linux-x86_64 1.0.0 2.34 19.84 22.18 NOTE
r-release-osx-x86_64-mavericks 1.0.0 NOTE
r-release-windows-ix86+x86_64 1.0.0 10.00 32.00 42.00 NOTE
r-oldrel-windows-ix86+x86_64 1.0.0 6.00 28.00 34.00 NOTE

Check Details

Version: 1.0.0
Check: installed package size
Result: NOTE
     installed size is 14.6Mb
     sub-directories of 1Mb or more:
     java 14.5Mb
Flavors: r-devel-linux-x86_64-debian-clang, r-devel-linux-x86_64-debian-gcc, r-devel-linux-x86_64-fedora-clang, r-devel-linux-x86_64-fedora-gcc, r-devel-osx-x86_64-clang, r-devel-windows-ix86+x86_64, r-patched-linux-x86_64, r-patched-solaris-sparc, r-patched-solaris-x86, r-release-linux-ix86, r-release-linux-x86_64, r-release-osx-x86_64-mavericks, r-release-windows-ix86+x86_64, r-oldrel-windows-ix86+x86_64

Version: 1.0.0
Check: top-level files
Result: NOTE
    Non-standard file/directory found at top level:
     COPYRIGHTS
    Copyright information should be in file inst/COPYRIGHTS
Flavors: r-devel-linux-x86_64-fedora-clang, r-devel-linux-x86_64-fedora-gcc