CRAN Package Check Results for Package dataonelibs

Last updated on 2014-08-28 14:47:25.

Flavor Version Tinstall Tcheck Ttotal Status Flags
r-devel-linux-x86_64-debian-clang 1.0.0 2.33 19.02 21.35 NOTE
r-devel-linux-x86_64-debian-gcc 1.0.0 2.18 18.62 20.80 NOTE
r-devel-linux-x86_64-fedora-clang 1.0.0 44.66 NOTE
r-devel-linux-x86_64-fedora-gcc 1.0.0 40.54 NOTE
r-devel-osx-x86_64-clang 1.0.0 44.03 NOTE
r-devel-windows-ix86+x86_64 1.0.0 7.00 30.00 37.00 NOTE
r-patched-linux-x86_64 1.0.0 2.32 19.26 21.58 NOTE
r-patched-solaris-sparc 1.0.0 288.90 NOTE
r-patched-solaris-x86 1.0.0 66.40 NOTE
r-release-linux-ix86 1.0.0 3.06 25.80 28.86 NOTE
r-release-linux-x86_64 1.0.0 2.33 19.54 21.87 NOTE
r-release-osx-x86_64-mavericks 1.0.0 NOTE
r-release-windows-ix86+x86_64 1.0.0 10.00 32.00 42.00 NOTE
r-oldrel-windows-ix86+x86_64 1.0.0 6.00 28.00 34.00 NOTE

Check Details

Version: 1.0.0
Check: installed package size
Result: NOTE
     installed size is 14.6Mb
     sub-directories of 1Mb or more:
     java 14.5Mb
Flavors: r-devel-linux-x86_64-debian-clang, r-devel-linux-x86_64-debian-gcc, r-devel-linux-x86_64-fedora-clang, r-devel-linux-x86_64-fedora-gcc, r-devel-osx-x86_64-clang, r-devel-windows-ix86+x86_64, r-patched-linux-x86_64, r-patched-solaris-sparc, r-patched-solaris-x86, r-release-linux-ix86, r-release-linux-x86_64, r-release-osx-x86_64-mavericks, r-release-windows-ix86+x86_64, r-oldrel-windows-ix86+x86_64

Version: 1.0.0
Check: top-level files
Result: NOTE
    Non-standard file/directory found at top level:
     ‘COPYRIGHTS’
    Copyright information should be in file inst/COPYRIGHTS
Flavors: r-devel-linux-x86_64-fedora-clang, r-devel-linux-x86_64-fedora-gcc