CRAN Package Check Results for Package datapackage.r

Last updated on 2020-01-18 17:46:26 CET.

Flavor Version Tinstall Tcheck Ttotal Status Flags
r-devel-linux-x86_64-debian-clang 0.1.2 7.13 109.59 116.72 OK
r-devel-linux-x86_64-debian-gcc 0.1.2 6.34 84.73 91.07 OK
r-devel-linux-x86_64-fedora-clang 0.1.2 141.26 NOTE
r-devel-linux-x86_64-fedora-gcc 0.1.2 136.97 NOTE
r-devel-windows-ix86+x86_64 0.1.2 21.00 269.00 290.00 OK
r-devel-windows-ix86+x86_64-gcc8 0.1.2 16.00 327.00 343.00 OK
r-patched-linux-x86_64 0.1.2 6.38 100.79 107.17 OK
r-patched-solaris-x86 0.1.2 170.20 NOTE
r-release-linux-x86_64 0.1.2 5.99 99.77 105.76 OK
r-release-windows-ix86+x86_64 0.1.2 18.00 252.00 270.00 OK
r-release-osx-x86_64 0.1.2 ERROR
r-oldrel-windows-ix86+x86_64 0.1.2 14.00 249.00 263.00 OK
r-oldrel-osx-x86_64 0.1.2 ERROR

Check Details

Version: 0.1.2
Check: dependencies in R code
Result: NOTE
    Namespaces in Imports field not imported from:
     ‘future’ ‘iterators’ ‘readr’
     All declared Imports should be used.
Flavors: r-devel-linux-x86_64-fedora-clang, r-devel-linux-x86_64-fedora-gcc, r-patched-solaris-x86, r-release-osx-x86_64, r-oldrel-osx-x86_64

Version: 0.1.2
Check: tests
Result: ERROR
     Running ‘testthat.R’ [27s/54s]
    Running the tests in ‘tests/testthat.R’ failed.
    Last 13 lines of output:
     1. base::eval.parent(Resource.load(descriptor))
     3. datapackage.r::Resource.load(descriptor)
     4. datapackage.r::dereferenceResourceDescriptor(descriptor, basePath)
     5. base::tryCatch(...)
     6. base:::tryCatchList(expr, classes, parentenv, handlers)
     7. base:::tryCatchOne(expr, names, parentenv, handlers[[1L]])
     8. value[[3L]](cond)
    
     ══ testthat results ═══════════════════════════════════════════════════════════
     [ OK: 247 | SKIPPED: 0 | WARNINGS: 0 | FAILED: 2 ]
     1. Error: remote
     2. Error: remote
    
     Error: testthat unit tests failed
     Execution halted
Flavor: r-release-osx-x86_64

Version: 0.1.2
Check: tests
Result: ERROR
     Running ‘testthat.R’ [27s/57s]
    Running the tests in ‘tests/testthat.R’ failed.
    Last 13 lines of output:
     1. base::eval.parent(Resource.load(descriptor))
     3. datapackage.r::Resource.load(descriptor)
     4. datapackage.r::dereferenceResourceDescriptor(descriptor, basePath)
     5. base::tryCatch(...)
     6. base:::tryCatchList(expr, classes, parentenv, handlers)
     7. base:::tryCatchOne(expr, names, parentenv, handlers[[1L]])
     8. value[[3L]](cond)
    
     ══ testthat results ═══════════════════════════════════════════════════════════
     [ OK: 247 | SKIPPED: 0 | WARNINGS: 0 | FAILED: 2 ]
     1. Error: remote
     2. Error: remote
    
     Error: testthat unit tests failed
     Execution halted
Flavor: r-oldrel-osx-x86_64