CRAN Package Check Results for Package datapasta

Last updated on 2022-05-17 17:50:59 CEST.

Flavor Version Tinstall Tcheck Ttotal Status Flags
r-devel-linux-x86_64-debian-clang 3.1.0 2.80 42.39 45.19 NOTE
r-devel-linux-x86_64-debian-gcc 3.1.0 2.75 32.83 35.58 NOTE
r-devel-linux-x86_64-fedora-clang 3.1.0 55.20 NOTE
r-devel-linux-x86_64-fedora-gcc 3.1.0 53.42 NOTE
r-devel-windows-x86_64 3.1.0 42.00 64.00 106.00 NOTE
r-patched-linux-x86_64 3.1.0 3.50 40.36 43.86 NOTE
r-release-linux-x86_64 3.1.0 2.40 40.45 42.85 NOTE
r-release-macos-arm64 3.1.0 18.00 NOTE
r-release-macos-x86_64 3.1.0 32.00 NOTE
r-release-windows-x86_64 3.1.0 40.00 65.00 105.00 NOTE
r-oldrel-macos-arm64 3.1.0 23.00 NOTE
r-oldrel-macos-x86_64 3.1.0 34.00 NOTE
r-oldrel-windows-ix86+x86_64 3.1.0 8.00 53.00 61.00 NOTE

Check Details

Version: 3.1.0
Check: LazyData
Result: NOTE
     'LazyData' is specified without a 'data' directory
Flavors: r-devel-linux-x86_64-debian-clang, r-devel-linux-x86_64-debian-gcc, r-devel-linux-x86_64-fedora-clang, r-devel-linux-x86_64-fedora-gcc, r-devel-windows-x86_64, r-patched-linux-x86_64, r-release-linux-x86_64, r-release-macos-arm64, r-release-macos-x86_64, r-release-windows-x86_64, r-oldrel-macos-arm64, r-oldrel-macos-x86_64, r-oldrel-windows-ix86+x86_64