CRAN Package Check Results for Package dataspice

Last updated on 2021-04-23 10:48:20 CEST.

Flavor Version Tinstall Tcheck Ttotal Status Flags
r-devel-linux-x86_64-debian-clang 1.0.0 7.76 86.86 94.62 NOTE
r-devel-linux-x86_64-debian-gcc 1.0.0 6.40 66.03 72.43 NOTE
r-devel-linux-x86_64-fedora-clang 1.0.0 119.51 NOTE
r-devel-linux-x86_64-fedora-gcc 1.0.0 110.05 NOTE
r-devel-windows-ix86+x86_64 1.0.0 18.00 98.00 116.00 NOTE
r-devel-windows-x86_64-gcc10-UCRT 1.0.0 NOTE
r-patched-linux-x86_64 1.0.0 8.02 81.49 89.51 NOTE
r-patched-solaris-x86 1.0.0 143.60 OK
r-release-linux-x86_64 1.0.0 6.98 82.58 89.56 OK
r-release-macos-x86_64 1.0.0 OK
r-release-windows-ix86+x86_64 1.0.0 18.00 83.00 101.00 OK
r-oldrel-macos-x86_64 1.0.0 OK
r-oldrel-windows-ix86+x86_64 1.0.0 26.00 91.00 117.00 OK

Check Details

Version: 1.0.0
Check: LazyData
Result: NOTE
     'LazyData' is specified without a 'data' directory
Flavors: r-devel-linux-x86_64-debian-clang, r-devel-linux-x86_64-debian-gcc, r-devel-linux-x86_64-fedora-clang, r-devel-linux-x86_64-fedora-gcc, r-devel-windows-ix86+x86_64, r-devel-windows-x86_64-gcc10-UCRT, r-patched-linux-x86_64