CRAN Package Check Results for Package datautils

Last updated on 2015-04-26 19:47:15.

Flavor Version Tinstall Tcheck Ttotal Status Flags
r-devel-linux-x86_64-debian-clang 0.1.4 1.23 11.17 12.40 NOTE
r-devel-linux-x86_64-debian-gcc 0.1.4 1.12 10.87 12.00 NOTE
r-devel-linux-x86_64-fedora-clang 0.1.4 21.81 NOTE
r-devel-linux-x86_64-fedora-gcc 0.1.4 19.81 NOTE
r-devel-osx-x86_64-clang 0.1.4 26.55 NOTE
r-devel-windows-ix86+x86_64 0.1.4 5.00 26.00 31.00 NOTE
r-patched-linux-x86_64 0.1.4 1.17 10.79 11.96 NOTE
r-patched-solaris-sparc 0.1.4 143.60 NOTE
r-patched-solaris-x86 0.1.4 31.50 NOTE
r-release-linux-x86_64 0.1.4 1.10 11.06 12.17 NOTE
r-release-osx-x86_64-mavericks 0.1.4 NOTE
r-release-osx-x86_64-snowleopard 0.1.4 NOTE
r-release-windows-ix86+x86_64 0.1.4 6.00 27.00 33.00 NOTE
r-oldrel-windows-ix86+x86_64 0.1.4 6.00 36.00 42.00 OK

Check Details

Version: 0.1.4
Check: DESCRIPTION meta-information
Result: NOTE
    Malformed Title field: should not end in a period.
Flavors: r-devel-linux-x86_64-debian-clang, r-devel-linux-x86_64-fedora-clang, r-devel-linux-x86_64-fedora-gcc, r-devel-osx-x86_64-clang, r-devel-windows-ix86+x86_64, r-patched-solaris-sparc, r-patched-solaris-x86, r-release-osx-x86_64-mavericks, r-release-osx-x86_64-snowleopard, r-release-windows-ix86+x86_64

Version: 0.1.4
Check: S3 generic/method consistency
Result: NOTE
    Found the following apparent S3 methods exported but not registered:
     plot.deldir
    See section ‘Registering S3 methods’ in the ‘Writing R Extensions’
    manual.
Flavors: r-devel-linux-x86_64-debian-clang, r-devel-linux-x86_64-fedora-clang, r-devel-linux-x86_64-fedora-gcc, r-devel-osx-x86_64-clang, r-patched-solaris-x86