CRAN Package Check Results for Package datautils

Last updated on 2015-05-23 02:46:44.

Flavor Version Tinstall Tcheck Ttotal Status Flags
r-devel-linux-x86_64-debian-clang 0.1.4 1.13 11.12 12.25 NOTE
r-devel-linux-x86_64-debian-gcc 0.1.4 1.14 10.99 12.12 NOTE
r-devel-linux-x86_64-fedora-clang 0.1.4 21.31 NOTE
r-devel-linux-x86_64-fedora-gcc 0.1.4 20.78 NOTE
r-devel-osx-x86_64-clang 0.1.4 28.29 NOTE
r-devel-windows-ix86+x86_64 0.1.4 5.00 28.00 33.00 NOTE
r-patched-linux-x86_64 0.1.4 1.12 10.92 12.04 NOTE
r-patched-solaris-sparc 0.1.4 130.90 NOTE
r-patched-solaris-x86 0.1.4 31.40 NOTE
r-release-linux-x86_64 0.1.4 1.13 11.11 12.24 NOTE
r-release-osx-x86_64-mavericks 0.1.4 NOTE
r-release-osx-x86_64-snowleopard 0.1.4 NOTE
r-release-windows-ix86+x86_64 0.1.4 6.00 26.00 32.00 NOTE
r-oldrel-windows-ix86+x86_64 0.1.4 8.00 58.00 66.00 OK

Check Details

Version: 0.1.4
Check: DESCRIPTION meta-information
Result: NOTE
    Malformed Title field: should not end in a period.
Flavors: r-devel-linux-x86_64-debian-clang, r-devel-linux-x86_64-debian-gcc, r-devel-linux-x86_64-fedora-clang, r-devel-linux-x86_64-fedora-gcc, r-devel-osx-x86_64-clang, r-devel-windows-ix86+x86_64, r-patched-linux-x86_64, r-patched-solaris-sparc, r-patched-solaris-x86, r-release-linux-x86_64, r-release-osx-x86_64-mavericks, r-release-osx-x86_64-snowleopard, r-release-windows-ix86+x86_64

Version: 0.1.4
Check: S3 generic/method consistency
Result: NOTE
    Found the following apparent S3 methods exported but not registered:
     plot.deldir
    See section ‘Registering S3 methods’ in the ‘Writing R Extensions’
    manual.
Flavors: r-devel-linux-x86_64-debian-clang, r-devel-linux-x86_64-debian-gcc, r-devel-linux-x86_64-fedora-clang, r-devel-linux-x86_64-fedora-gcc, r-devel-osx-x86_64-clang, r-patched-linux-x86_64, r-patched-solaris-sparc, r-patched-solaris-x86, r-release-linux-x86_64