CRAN Package Check Results for Package datautils

Last updated on 2014-07-23 19:49:13.

Flavor Version Tinstall Tcheck Ttotal Status Flags
r-devel-linux-x86_64-debian-clang 0.1.4 1.24 13.41 14.65 OK
r-devel-linux-x86_64-debian-gcc 0.1.4 1.17 13.10 14.27 OK
r-devel-linux-x86_64-fedora-clang 0.1.4 27.87 OK
r-devel-linux-x86_64-fedora-gcc 0.1.4 26.25 OK
r-devel-osx-x86_64-clang 0.1.4 31.80 OK
r-devel-windows-ix86+x86_64 0.1.4 6.00 32.00 38.00 OK
r-patched-linux-x86_64 0.1.4 1.21 13.40 14.61 OK
r-patched-solaris-sparc 0.1.4 151.30 OK
r-patched-solaris-x86 0.1.4 37.20 OK
r-release-linux-ix86 0.1.4 2.10 20.30 22.40 OK
r-release-linux-x86_64 0.1.4 1.31 13.73 15.04 OK
r-release-osx-x86_64-mavericks 0.1.4 OK
r-release-osx-x86_64-snowleopard 0.1.4 ERROR
r-release-windows-ix86+x86_64 0.1.4 6.00 32.00 38.00 OK
r-oldrel-windows-ix86+x86_64 0.1.4 6.00 36.00 42.00 OK

Check Details

Version: 0.1.4
Check: whether package can be installed
Result: ERROR
    Installation failed.
    See ‘/Volumes/XT3/Builds/R-dev-web/QA/Simon/packages/snowleopard-x86_64/results/3.1/datautils.Rcheck/00install.out’ for details.
Flavor: r-release-osx-x86_64-snowleopard