CRAN Package Check Results for Package datautils

Last updated on 2014-10-25 19:47:34.

Flavor Version Tinstall Tcheck Ttotal Status Flags
r-devel-linux-x86_64-debian-clang 0.1.4 1.31 14.17 15.48 OK
r-devel-linux-x86_64-debian-gcc 0.1.4 1.32 14.02 15.34 OK
r-devel-linux-x86_64-fedora-clang 0.1.4 23.86 OK
r-devel-linux-x86_64-fedora-gcc 0.1.4 25.67 OK
r-devel-osx-x86_64-clang 0.1.4 31.37 OK
r-devel-windows-ix86+x86_64 0.1.4 6.00 31.00 37.00 OK
r-patched-linux-x86_64 0.1.4 1.35 14.29 15.64 OK
r-patched-solaris-sparc 0.1.4 161.80 OK
r-patched-solaris-x86 0.1.4 38.90 OK
r-release-linux-ix86 0.1.4 2.11 21.05 23.16 OK
r-release-linux-x86_64 0.1.4 1.31 14.16 15.47 OK
r-release-osx-x86_64-mavericks 0.1.4 OK
r-release-osx-x86_64-snowleopard 0.1.4 ERROR
r-release-windows-ix86+x86_64 0.1.4 6.00 32.00 38.00 OK
r-oldrel-windows-ix86+x86_64 0.1.4 7.00 35.00 42.00 OK

Check Details

Version: 0.1.4
Check: whether package can be installed
Result: ERROR
    Installation failed.
Flavor: r-release-osx-x86_64-snowleopard