CRAN Package Check Results for Package datautils

Last updated on 2014-08-29 14:46:56.

Flavor Version Tinstall Tcheck Ttotal Status Flags
r-devel-linux-x86_64-debian-clang 0.1.4 1.25 13.09 14.34 OK
r-devel-linux-x86_64-debian-gcc 0.1.4 1.21 12.74 13.96 OK
r-devel-linux-x86_64-fedora-clang 0.1.4 28.21 OK
r-devel-linux-x86_64-fedora-gcc 0.1.4 24.27 OK
r-devel-osx-x86_64-clang 0.1.4 31.60 OK
r-devel-windows-ix86+x86_64 0.1.4 6.00 32.00 38.00 OK
r-patched-linux-x86_64 0.1.4 1.23 13.65 14.88 OK
r-patched-solaris-sparc 0.1.4 161.80 OK
r-patched-solaris-x86 0.1.4 37.80 OK
r-release-linux-ix86 0.1.4 2.09 20.33 22.42 OK
r-release-linux-x86_64 0.1.4 1.31 14.27 15.58 OK
r-release-osx-x86_64-mavericks 0.1.4 OK
r-release-osx-x86_64-snowleopard 0.1.4 ERROR
r-release-windows-ix86+x86_64 0.1.4 6.00 32.00 38.00 OK
r-oldrel-windows-ix86+x86_64 0.1.4 7.00 34.00 41.00 OK

Check Details

Version: 0.1.4
Check: whether package can be installed
Result: ERROR
    Installation failed.
Flavor: r-release-osx-x86_64-snowleopard