CRAN Package Check Results for Package datautils

Last updated on 2014-09-23 09:53:09.

Flavor Version Tinstall Tcheck Ttotal Status Flags
r-devel-linux-x86_64-debian-clang 0.1.4 1.23 13.63 14.86 OK
r-devel-linux-x86_64-debian-gcc 0.1.4 1.19 13.38 14.57 OK
r-devel-linux-x86_64-fedora-clang 0.1.4 26.40 OK
r-devel-linux-x86_64-fedora-gcc 0.1.4 25.41 OK
r-devel-osx-x86_64-clang 0.1.4 33.00 OK
r-devel-windows-ix86+x86_64 0.1.4 6.00 33.00 39.00 OK
r-patched-linux-x86_64 0.1.4 1.25 13.76 15.02 OK
r-patched-solaris-sparc 0.1.4 161.80 OK
r-patched-solaris-x86 0.1.4 38.00 OK
r-release-linux-ix86 0.1.4 2.10 20.50 22.60 OK
r-release-linux-x86_64 0.1.4 1.31 13.99 15.30 OK
r-release-osx-x86_64-mavericks 0.1.4 OK
r-release-osx-x86_64-snowleopard 0.1.4 ERROR
r-release-windows-ix86+x86_64 0.1.4 6.00 34.00 40.00 OK
r-oldrel-windows-ix86+x86_64 0.1.4 6.00 32.00 38.00 OK

Check Details

Version: 0.1.4
Check: whether package can be installed
Result: ERROR
    Installation failed.
Flavor: r-release-osx-x86_64-snowleopard