CRAN Package Check Results for Package datautils

Last updated on 2015-03-29 09:49:08.

Flavor Version Tinstall Tcheck Ttotal Status Flags
r-devel-linux-x86_64-debian-clang 0.1.4 1.10 11.11 12.21 NOTE
r-devel-linux-x86_64-debian-gcc 0.1.4 1.17 11.00 12.17 NOTE
r-devel-linux-x86_64-fedora-clang 0.1.4 21.97 NOTE
r-devel-linux-x86_64-fedora-gcc 0.1.4 20.00 NOTE
r-devel-osx-x86_64-clang 0.1.4 30.92 NOTE
r-prerel-windows-ix86+x86_64 0.1.4 7.00 25.00 32.00 NOTE
r-prerel-linux-x86_64 0.1.4 1.08 11.16 12.24 NOTE
r-prerel-solaris-sparc 0.1.4 143.60 NOTE
r-prerel-solaris-x86 0.1.4 30.10 NOTE
r-release-linux-x86_64 0.1.4 1.40 14.01 15.42 OK
r-release-osx-x86_64-mavericks 0.1.4 OK
r-release-osx-x86_64-snowleopard 0.1.4 ERROR
r-release-windows-ix86+x86_64 0.1.4 7.00 37.00 44.00 OK
r-oldrel-windows-ix86+x86_64 0.1.4 7.00 38.00 45.00 OK

Check Details

Version: 0.1.4
Check: DESCRIPTION meta-information
Result: NOTE
    Malformed Title field: should not end in a period.
Flavors: r-devel-linux-x86_64-debian-clang, r-devel-linux-x86_64-debian-gcc, r-devel-linux-x86_64-fedora-clang, r-devel-linux-x86_64-fedora-gcc, r-devel-osx-x86_64-clang, r-prerel-windows-ix86+x86_64, r-prerel-linux-x86_64, r-prerel-solaris-sparc, r-prerel-solaris-x86

Version: 0.1.4
Check: S3 generic/method consistency
Result: NOTE
    Found the following apparent S3 methods exported but not registered:
     plot.deldir
    See section ‘Registering S3 methods’ in the ‘Writing R Extensions’
    manual.
Flavors: r-devel-linux-x86_64-debian-clang, r-devel-linux-x86_64-debian-gcc, r-devel-linux-x86_64-fedora-clang, r-devel-linux-x86_64-fedora-gcc, r-devel-osx-x86_64-clang, r-prerel-linux-x86_64

Version: 0.1.4
Check: whether package can be installed
Result: ERROR
    Installation failed.
Flavor: r-release-osx-x86_64-snowleopard