CRAN Package Check Results for Package datautils

Last updated on 2015-02-01 08:48:16.

Flavor Version Tinstall Tcheck Ttotal Status Flags
r-devel-linux-x86_64-debian-clang 0.1.4 1.14 10.86 12.00 NOTE
r-devel-linux-x86_64-debian-gcc 0.1.4 1.18 10.65 11.83 NOTE
r-devel-linux-x86_64-fedora-clang 0.1.4 23.59 NOTE
r-devel-linux-x86_64-fedora-gcc 0.1.4 22.11 NOTE
r-devel-osx-x86_64-clang 0.1.4 32.66 NOTE
r-devel-windows-ix86+x86_64 0.1.4 10.00 25.00 35.00 OK
r-patched-linux-x86_64 0.1.4 1.28 14.29 15.57 OK
r-patched-solaris-sparc 0.1.4 163.80 OK
r-patched-solaris-x86 0.1.4 39.30 OK
r-release-linux-ix86 0.1.4 2.14 20.24 22.39 OK
r-release-linux-x86_64 0.1.4 1.33 14.73 16.06 OK
r-release-osx-x86_64-mavericks 0.1.4 OK
r-release-osx-x86_64-snowleopard 0.1.4 ERROR
r-release-windows-ix86+x86_64 0.1.4 7.00 36.00 43.00 OK
r-oldrel-windows-ix86+x86_64 0.1.4 7.00 41.00 48.00 OK

Check Details

Version: 0.1.4
Check: S3 generic/method consistency
Result: NOTE
    Found the following apparent S3 methods exported but not registered:
     plot.deldir
    See section ‘Registering S3 methods’ in the ‘Writing R Extensions’
    manual.
Flavors: r-devel-linux-x86_64-debian-clang, r-devel-linux-x86_64-debian-gcc, r-devel-linux-x86_64-fedora-clang, r-devel-linux-x86_64-fedora-gcc, r-devel-osx-x86_64-clang

Version: 0.1.4
Check: whether package can be installed
Result: ERROR
    Installation failed.
Flavor: r-release-osx-x86_64-snowleopard