CRAN Package Check Results for Package datautils

Last updated on 2014-04-24 09:48:59.

Flavor Version Tinstall Tcheck Ttotal Status Flags
r-devel-linux-x86_64-debian-clang 0.1.4 1.28 13.95 15.23 OK
r-devel-linux-x86_64-debian-gcc 0.1.4 1.26 14.31 15.57 OK
r-devel-linux-x86_64-fedora-clang 0.1.4 27.53 OK
r-devel-linux-x86_64-fedora-gcc 0.1.4 25.72 OK
r-devel-osx-x86_64-clang 0.1.4 31.22 OK
r-devel-osx-x86_64-gcc 0.1.4 OK
r-devel-windows-ix86+x86_64 0.1.4 6.00 30.00 36.00 OK
r-patched-linux-x86_64 0.1.4 1.27 14.24 15.51 OK
r-patched-solaris-sparc 0.1.4 151.30 OK
r-patched-solaris-x86 0.1.4 38.90 OK
r-release-linux-ix86 0.1.4 3.00 29.00 32.00 OK
r-release-linux-x86_64 0.1.4 1.26 13.89 15.14 OK
r-release-osx-x86_64-mavericks 0.1.4 WARN
r-release-osx-x86_64-snowleopard 0.1.4 ERROR
r-release-windows-ix86+x86_64 0.1.4 6.00 31.00 37.00 OK
r-oldrel-windows-ix86+x86_64 0.1.4 7.00 34.00 41.00 OK

Check Details

Version: 0.1.4
Check: PDF version of manual
Result: WARNING
    LaTeX errors when creating PDF version.
    This typically indicates Rd problems.
    LaTeX errors found:
    ! LaTeX Error: File `upquote.sty' not found.
    
    Type X to quit or <RETURN> to proceed,
    or enter new name. (Default extension: sty)
    
    54e310c2/Rd2.tex:8: ==> Fatal error occurred, no output PDF file produced!
Flavor: r-release-osx-x86_64-mavericks

Version: 0.1.4
Check: whether package can be installed
Result: ERROR
    Installation failed.
    See ‘/Volumes/XT3/Builds/R-dev-web/QA/Simon/packages/snowleopard-x86_64/results/3.1/datautils.Rcheck/00install.out’ for details.
Flavor: r-release-osx-x86_64-snowleopard