CRAN Package Check Results for Package datautils

Last updated on 2014-12-22 12:49:42.

Flavor Version Tinstall Tcheck Ttotal Status Flags
r-devel-linux-x86_64-debian-clang 0.1.4 1.32 14.22 15.55 OK
r-devel-linux-x86_64-debian-gcc 0.1.4 3.24 13.80 17.04 OK
r-devel-linux-x86_64-fedora-clang 0.1.4 29.78 OK
r-devel-linux-x86_64-fedora-gcc 0.1.4 27.12 OK
r-devel-osx-x86_64-clang 0.1.4 31.94 OK
r-devel-windows-ix86+x86_64 0.1.4 7.00 34.00 41.00 OK
r-patched-linux-x86_64 0.1.4 1.34 14.23 15.57 OK
r-patched-solaris-sparc 0.1.4 164.20 OK
r-patched-solaris-x86 0.1.4 38.90 OK
r-release-linux-ix86 0.1.4 2.12 19.74 21.86 OK
r-release-linux-x86_64 0.1.4 1.33 14.08 15.41 OK
r-release-osx-x86_64-mavericks 0.1.4 OK
r-release-osx-x86_64-snowleopard 0.1.4 ERROR
r-release-windows-ix86+x86_64 0.1.4 7.00 36.00 43.00 OK
r-oldrel-windows-ix86+x86_64 0.1.4 7.00 33.00 40.00 OK

Check Details

Version: 0.1.4
Check: whether package can be installed
Result: ERROR
    Installation failed.
Flavor: r-release-osx-x86_64-snowleopard