CRAN Package Check Results for Package datautils

Last updated on 2015-07-04 06:47:26.

Flavor Version Tinstall Tcheck Ttotal Status Flags
r-devel-linux-x86_64-debian-clang 0.1.4 1.05 10.74 11.79 NOTE
r-devel-linux-x86_64-debian-gcc 0.1.4 1.07 10.80 11.87 NOTE
r-devel-linux-x86_64-fedora-clang 0.1.4 20.05 NOTE
r-devel-linux-x86_64-fedora-gcc 0.1.4 17.97 NOTE
r-devel-osx-x86_64-clang 0.1.4 22.68 NOTE
r-devel-windows-ix86+x86_64 0.1.4 9.00 24.00 33.00 NOTE
r-patched-linux-x86_64 0.1.4 1.22 10.78 12.00 NOTE
r-patched-solaris-sparc 0.1.4 130.90 NOTE
r-patched-solaris-x86 0.1.4 31.20 NOTE
r-release-linux-x86_64 0.1.4 1.12 10.78 11.91 NOTE
r-release-osx-x86_64-mavericks 0.1.4 NOTE
r-release-windows-ix86+x86_64 0.1.4 8.00 25.00 33.00 NOTE
r-oldrel-windows-ix86+x86_64 0.1.4 8.00 35.00 43.00 OK

Check Details

Version: 0.1.4
Check: DESCRIPTION meta-information
Result: NOTE
    Malformed Title field: should not end in a period.
Flavors: r-devel-linux-x86_64-debian-clang, r-devel-linux-x86_64-debian-gcc, r-devel-linux-x86_64-fedora-clang, r-devel-linux-x86_64-fedora-gcc, r-devel-osx-x86_64-clang, r-devel-windows-ix86+x86_64, r-patched-linux-x86_64, r-patched-solaris-sparc, r-patched-solaris-x86, r-release-linux-x86_64, r-release-osx-x86_64-mavericks, r-release-windows-ix86+x86_64

Version: 0.1.4
Check: S3 generic/method consistency
Result: NOTE
    Found the following apparent S3 methods exported but not registered:
     plot.deldir
    See section ‘Registering S3 methods’ in the ‘Writing R Extensions’
    manual.
Flavors: r-devel-linux-x86_64-debian-clang, r-devel-linux-x86_64-debian-gcc, r-devel-linux-x86_64-fedora-clang, r-devel-linux-x86_64-fedora-gcc, r-devel-osx-x86_64-clang, r-patched-linux-x86_64, r-patched-solaris-sparc, r-patched-solaris-x86, r-release-linux-x86_64

Version: 0.1.4
Check: R code for possible problems
Result: NOTE
    plot.deldir: no visible global function definition for ‘par’
    plot.deldir: no visible global function definition for ‘plot’
    plot.deldir: no visible global function definition for ‘axis’
    plot.deldir: no visible global function definition for ‘segments’
    plot.deldir: no visible global function definition for ‘rgb’
    plot.deldir: no visible global function definition for ‘chull’
    plot.deldir: no visible global function definition for ‘polygon’
    plot.deldir: no visible global function definition for ‘points’
    plot.deldir: no visible global function definition for ‘text’
    plot.deldir: no visible binding for global variable ‘rect’
    plotmeanshack: no visible binding for global variable ‘na.omit’
    plotmeanshack: no visible global function definition for ‘plot’
    plotmeanshack : myvar: no visible global function definition for ‘var’
    plotmeanshack: no visible global function definition for ‘qt’
    plotmeanshack: no visible global function definition for ‘qnorm’
    plotmeanshack: no visible global function definition for ‘axis’
    plotmeanshack: no visible global function definition for ‘text’
    plotmeanshack: no visible global function definition for ‘par’
    plotmeanshack: no visible global function definition for ‘lines’
    Undefined global functions or variables:
     axis chull lines na.omit par plot points polygon qnorm qt rect rgb
     segments text var
Flavors: r-devel-linux-x86_64-debian-clang, r-devel-linux-x86_64-debian-gcc, r-devel-linux-x86_64-fedora-clang, r-devel-linux-x86_64-fedora-gcc, r-devel-windows-ix86+x86_64