CRAN Package Check Results for Package datr

Last updated on 2022-11-29 22:04:58 CET.

Flavor Version Tinstall Tcheck Ttotal Status Flags
r-devel-linux-x86_64-debian-clang 0.1.0 2.52 25.68 28.20 NOTE
r-devel-linux-x86_64-debian-gcc 0.1.0 1.95 19.83 21.78 NOTE
r-devel-linux-x86_64-fedora-clang 0.1.0 46.12 NOTE
r-devel-linux-x86_64-fedora-gcc 0.1.0 44.14 NOTE
r-devel-windows-x86_64 0.1.0 7.00 54.00 61.00 NOTE
r-patched-linux-x86_64 0.1.0 2.62 24.76 27.38 NOTE
r-release-linux-x86_64 0.1.0 2.01 24.88 26.89 NOTE
r-release-macos-arm64 0.1.0 17.00 NOTE
r-release-macos-x86_64 0.1.0 25.00 NOTE
r-release-windows-x86_64 0.1.0 10.00 55.00 65.00 NOTE
r-oldrel-macos-arm64 0.1.0 23.00 NOTE
r-oldrel-macos-x86_64 0.1.0 26.00 NOTE
r-oldrel-windows-ix86+x86_64 0.1.0 7.00 49.00 56.00 NOTE

Check Details

Version: 0.1.0
Check: LazyData
Result: NOTE
     'LazyData' is specified without a 'data' directory
Flavors: r-devel-linux-x86_64-debian-clang, r-devel-linux-x86_64-debian-gcc, r-devel-linux-x86_64-fedora-clang, r-devel-linux-x86_64-fedora-gcc, r-devel-windows-x86_64, r-patched-linux-x86_64, r-release-linux-x86_64, r-release-macos-arm64, r-release-macos-x86_64, r-release-windows-x86_64, r-oldrel-macos-arm64, r-oldrel-macos-x86_64, r-oldrel-windows-ix86+x86_64