CRAN Package Check Results for Package dave

Last updated on 2015-04-25 03:47:41.

Flavor Version Tinstall Tcheck Ttotal Status Flags
r-devel-linux-x86_64-debian-clang 1.5 4.50 53.41 57.90 NOTE
r-devel-linux-x86_64-debian-gcc 1.5 6.17 51.40 57.57 NOTE
r-devel-linux-x86_64-fedora-clang 1.5 117.11 NOTE
r-devel-linux-x86_64-fedora-gcc 1.5 117.85 NOTE
r-devel-osx-x86_64-clang 1.5 98.67 NOTE
r-devel-windows-ix86+x86_64 1.5 11.00 74.00 85.00 NOTE
r-patched-linux-x86_64 1.5 4.26 52.20 56.46 NOTE
r-patched-solaris-sparc 1.5 700.30 NOTE
r-patched-solaris-x86 1.5 147.10 NOTE
r-release-linux-x86_64 1.5 4.78 51.36 56.14 NOTE
r-release-osx-x86_64-mavericks 1.5 NOTE
r-release-osx-x86_64-snowleopard 1.5 ERROR
r-release-windows-ix86+x86_64 1.5 13.00 76.00 89.00 NOTE
r-oldrel-windows-ix86+x86_64 1.5 14.00 100.00 114.00 NOTE

Check Details

Version: 1.5
Check: DESCRIPTION meta-information
Result: NOTE
    Malformed Description field: should contain one or more complete sentences.
Flavors: r-devel-windows-ix86+x86_64, r-patched-linux-x86_64, r-release-windows-ix86+x86_64

Version: 1.5
Check: R code for possible problems
Result: NOTE
    plot.pcobiplot: no visible binding for global variable 'sveg'
Flavors: r-devel-windows-ix86+x86_64, r-patched-linux-x86_64, r-release-windows-ix86+x86_64, r-oldrel-windows-ix86+x86_64