CRAN Package Check Results for Package dave

Last updated on 2015-03-30 15:49:11.

Flavor Version Tinstall Tcheck Ttotal Status Flags
r-devel-linux-x86_64-debian-clang 1.5 4.52 51.44 55.96 NOTE
r-devel-linux-x86_64-debian-gcc 1.5 4.72 52.58 57.29 NOTE
r-devel-linux-x86_64-fedora-clang 1.5 118.53 NOTE
r-devel-linux-x86_64-fedora-gcc 1.5 110.53 NOTE
r-devel-osx-x86_64-clang 1.5 107.79 NOTE
r-prerel-windows-ix86+x86_64 1.5 12.00 83.00 95.00 NOTE
r-prerel-linux-x86_64 1.5 4.22 51.46 55.68 NOTE
r-prerel-solaris-sparc 1.5 700.30 NOTE
r-prerel-solaris-x86 1.5 145.60 NOTE
r-release-linux-x86_64 1.5 8.65 64.62 73.26 NOTE
r-release-osx-x86_64-mavericks 1.5 NOTE
r-release-osx-x86_64-snowleopard 1.5 OK
r-release-windows-ix86+x86_64 1.5 15.00 97.00 112.00 NOTE
r-oldrel-windows-ix86+x86_64 1.5 14.00 71.00 85.00 ERROR

Check Details

Version: 1.5
Check: DESCRIPTION meta-information
Result: NOTE
    Malformed Description field: should contain one or more complete sentences.
Flavors: r-devel-linux-x86_64-debian-clang, r-devel-linux-x86_64-debian-gcc, r-devel-linux-x86_64-fedora-clang, r-devel-linux-x86_64-fedora-gcc, r-devel-osx-x86_64-clang, r-prerel-windows-ix86+x86_64, r-prerel-linux-x86_64, r-prerel-solaris-sparc, r-prerel-solaris-x86

Version: 1.5
Check: R code for possible problems
Result: NOTE
    plot.pcobiplot: no visible binding for global variable ‘sveg’
Flavors: r-devel-linux-x86_64-debian-clang, r-devel-linux-x86_64-debian-gcc, r-devel-linux-x86_64-fedora-clang, r-devel-linux-x86_64-fedora-gcc, r-devel-osx-x86_64-clang, r-prerel-windows-ix86+x86_64, r-prerel-linux-x86_64, r-prerel-solaris-sparc, r-prerel-solaris-x86, r-release-linux-x86_64, r-release-osx-x86_64-mavericks, r-release-windows-ix86+x86_64

Version: 1.5
Check: examples
Result: ERROR
    Running examples in 'dave-Ex.R' failed
    The error most likely occurred in:
    
    > ### Name: Mtabs
    > ### Title: Structuring vegetation data tables
    > ### Aliases: Mtabs Mtabs.default summary.Mtabs plot.Mtabs mtab plottab
    > ### plottabl setgroupsize
    > ### Keywords: multivariate array
    >
    > ### ** Examples
    >
    > y.r<- 0.5 ; y.s<- 0.2 # defining transformations used
    > k.r <- 3 ; k.s <- 4 # row- and column numbers
    > ndiffs <- 18 # no. of columns used to show pattern
    > o.Mt<-Mtabs(nveg,"mulva" ,y.r,y.s,k.r,k.s,ndiffs)
    Error in hclust(mde, method = "ward.D") : invalid clustering method
    Calls: Mtabs -> Mtabs.default -> mtab -> hclust
    Execution halted
Flavor: r-oldrel-windows-ix86+x86_64