CRAN Package Check Results for Package dave

Last updated on 2014-04-23 17:47:42.

Flavor Version Tinstall Tcheck Ttotal Status Flags
r-devel-linux-x86_64-debian-clang 1.4 6.42 67.81 74.23 NOTE
r-devel-linux-x86_64-debian-gcc 1.4 5.95 68.65 74.60 NOTE
r-devel-linux-x86_64-fedora-clang 1.4 160.11 NOTE
r-devel-linux-x86_64-fedora-gcc 1.4 155.26 NOTE
r-devel-osx-x86_64-clang 1.4 119.14 NOTE
r-devel-osx-x86_64-gcc 1.4 ERROR
r-devel-windows-ix86+x86_64 1.4 13.00 93.00 106.00 NOTE
r-patched-linux-x86_64 1.4 5.99 67.05 73.04 NOTE
r-patched-solaris-sparc 1.4 845.30 NOTE
r-patched-solaris-x86 1.4 203.40 NOTE
r-release-linux-ix86 1.4 9.00 107.00 116.00 NOTE
r-release-linux-x86_64 1.4 6.32 69.34 75.66 NOTE
r-release-osx-x86_64-mavericks 1.4 WARN
r-release-osx-x86_64-snowleopard 1.4 NOTE
r-release-windows-ix86+x86_64 1.4 15.00 98.00 113.00 NOTE
r-oldrel-windows-ix86+x86_64 1.4 15.00 91.00 106.00 NOTE

Check Details

Version: 1.4
Check: package dependencies
Result: NOTE
    Depends: includes the non-default packages:
     ‘labdsv’ ‘vegan’ ‘cluster’ ‘nnet’ ‘tree’ ‘rpart’ ‘MASS’
    Adding so many packages to the search path is excessive and importing
    selectively is preferable.
Flavors: r-devel-linux-x86_64-debian-clang, r-devel-linux-x86_64-debian-gcc, r-devel-linux-x86_64-fedora-clang, r-devel-linux-x86_64-fedora-gcc, r-devel-osx-x86_64-clang, r-devel-windows-ix86+x86_64, r-patched-linux-x86_64, r-patched-solaris-sparc, r-patched-solaris-x86, r-release-linux-ix86, r-release-linux-x86_64, r-release-osx-x86_64-mavericks, r-release-osx-x86_64-snowleopard, r-release-windows-ix86+x86_64

Version: 1.4
Check: dependencies in R code
Result: NOTE
    'library' or 'require' calls to packages already attached by Depends:
     ‘labdsv’ ‘vegan’
     Please remove these calls from your code.
    Packages in Depends field not imported from:
     ‘MASS’ ‘cluster’ ‘nnet’ ‘rpart’
     These packages need to be imported from (in the NAMESPACE file)
     for when this namespace is loaded but not attached.
    See the information on DESCRIPTION files in the chapter ‘Creating R
    packages’ of the ‘Writing R Extensions’ manual.
Flavors: r-devel-linux-x86_64-debian-clang, r-devel-linux-x86_64-debian-gcc, r-devel-linux-x86_64-fedora-clang, r-devel-linux-x86_64-fedora-gcc, r-devel-osx-x86_64-clang, r-devel-windows-ix86+x86_64, r-patched-linux-x86_64, r-patched-solaris-sparc, r-patched-solaris-x86, r-release-linux-ix86, r-release-linux-x86_64, r-release-osx-x86_64-mavericks, r-release-windows-ix86+x86_64, r-oldrel-windows-ix86+x86_64

Version: 1.4
Check: package dependencies
Result: ERROR
    Package required but not available: ‘vegan’
    
    Depends: includes the non-default packages:
     ‘labdsv’ ‘vegan’ ‘cluster’ ‘nnet’ ‘tree’ ‘rpart’ ‘MASS’
    Adding so many packages to the search path is excessive and importing
    selectively is preferable.
    
    See the information on DESCRIPTION files in the chapter ‘Creating R
    packages’ of the ‘Writing R Extensions’ manual.
Flavor: r-devel-osx-x86_64-gcc

Version: 1.4
Check: PDF version of manual
Result: WARNING
    LaTeX errors when creating PDF version.
    This typically indicates Rd problems.
    LaTeX errors found:
    ! LaTeX Error: File `upquote.sty' not found.
    
    Type X to quit or <RETURN> to proceed,
    or enter new name. (Default extension: sty)
    
    75d8c7d6/Rd2.tex:8: ==> Fatal error occurred, no output PDF file produced!
Flavor: r-release-osx-x86_64-mavericks

Version: 1.4
Check: dependencies in R code
Result: NOTE
    'library' or 'require' calls to packages already attached by Depends:
     'labdsv' 'vegan'
     Please remove these calls from your code.
    Packages in Depends field not imported from:
     'MASS' 'cluster' 'nnet' 'rpart'
     These packages need to be imported from for the case when
     this namespace is loaded but not attached.
    See the information on DESCRIPTION files in the chapter 'Creating R
    packages' of the 'Writing R Extensions' manual.
Flavor: r-release-osx-x86_64-snowleopard