CRAN Package Check Results for Package dave

Last updated on 2014-11-23 01:48:01.

Flavor Version Tinstall Tcheck Ttotal Status Flags
r-devel-linux-x86_64-debian-clang 1.5 5.93 65.12 71.05 NOTE
r-devel-linux-x86_64-debian-gcc 1.5 5.56 61.46 67.02 NOTE
r-devel-linux-x86_64-fedora-clang 1.5 154.78 NOTE
r-devel-linux-x86_64-fedora-gcc 1.5 143.99 NOTE
r-devel-osx-x86_64-clang 1.5 119.85 NOTE
r-devel-windows-ix86+x86_64 1.5 14.00 84.00 98.00 NOTE
r-patched-linux-x86_64 1.5 5.92 64.52 70.44 NOTE
r-patched-solaris-sparc 1.5 799.70 NOTE
r-patched-solaris-x86 1.5 209.10 NOTE
r-release-linux-ix86 1.5 7.32 78.80 86.12 NOTE
r-release-linux-x86_64 1.5 8.13 65.99 74.12 NOTE
r-release-osx-x86_64-mavericks 1.5 OK
r-release-osx-x86_64-snowleopard 1.5 OK
r-release-windows-ix86+x86_64 1.5 23.00 103.00 126.00 NOTE
r-oldrel-windows-ix86+x86_64 1.5 14.00 71.00 85.00 ERROR

Check Details

Version: 1.5
Check: R code for possible problems
Result: NOTE
    plot.pcobiplot: no visible binding for global variable ‘sveg’
Flavors: r-devel-linux-x86_64-debian-clang, r-devel-linux-x86_64-debian-gcc, r-devel-linux-x86_64-fedora-clang, r-devel-linux-x86_64-fedora-gcc, r-devel-osx-x86_64-clang, r-devel-windows-ix86+x86_64, r-patched-linux-x86_64, r-patched-solaris-sparc, r-patched-solaris-x86, r-release-linux-ix86, r-release-linux-x86_64, r-release-windows-ix86+x86_64

Version: 1.5
Check: examples
Result: ERROR
    Running examples in 'dave-Ex.R' failed
    The error most likely occurred in:
    
    > ### Name: Mtabs
    > ### Title: Structuring vegetation data tables
    > ### Aliases: Mtabs Mtabs.default summary.Mtabs plot.Mtabs mtab plottab
    > ### plottabl setgroupsize
    > ### Keywords: multivariate array
    >
    > ### ** Examples
    >
    > y.r<- 0.5 ; y.s<- 0.2 # defining transformations used
    > k.r <- 3 ; k.s <- 4 # row- and column numbers
    > ndiffs <- 18 # no. of columns used to show pattern
    > o.Mt<-Mtabs(nveg,"mulva" ,y.r,y.s,k.r,k.s,ndiffs)
    Error in hclust(mde, method = "ward.D") : invalid clustering method
    Calls: Mtabs -> Mtabs.default -> mtab -> hclust
    Execution halted
Flavor: r-oldrel-windows-ix86+x86_64