CRAN Package Check Results for Package dave

Last updated on 2014-10-25 03:49:24.

Flavor Version Tinstall Tcheck Ttotal Status Flags
r-devel-linux-x86_64-debian-clang 1.5 5.69 61.50 67.19 NOTE
r-devel-linux-x86_64-debian-gcc 1.5 5.44 59.38 64.82 NOTE
r-devel-linux-x86_64-fedora-clang 1.5 141.23 NOTE
r-devel-linux-x86_64-fedora-gcc 1.5 152.12 NOTE
r-devel-osx-x86_64-clang 1.5 119.51 NOTE
r-devel-windows-ix86+x86_64 1.5 13.00 85.00 98.00 NOTE
r-patched-linux-x86_64 1.5 5.66 62.72 68.38 NOTE
r-patched-solaris-sparc 1.5 799.70 NOTE
r-patched-solaris-x86 1.5 193.10 NOTE
r-release-linux-ix86 1.5 7.06 77.83 84.88 OK
r-release-linux-x86_64 1.5 5.66 63.09 68.76 OK
r-release-osx-x86_64-mavericks 1.5 OK
r-release-osx-x86_64-snowleopard 1.5 OK
r-release-windows-ix86+x86_64 1.5 15.00 91.00 106.00 OK
r-oldrel-windows-ix86+x86_64 1.5 14.00 71.00 85.00 ERROR

Check Details

Version: 1.5
Check: R code for possible problems
Result: NOTE
    plot.pcobiplot: no visible binding for global variable ‘sveg’
Flavors: r-devel-linux-x86_64-debian-clang, r-devel-linux-x86_64-debian-gcc, r-devel-linux-x86_64-fedora-clang, r-devel-linux-x86_64-fedora-gcc, r-devel-osx-x86_64-clang, r-devel-windows-ix86+x86_64, r-patched-linux-x86_64, r-patched-solaris-sparc, r-patched-solaris-x86

Version: 1.5
Check: examples
Result: ERROR
    Running examples in 'dave-Ex.R' failed
    The error most likely occurred in:
    
    > ### Name: Mtabs
    > ### Title: Structuring vegetation data tables
    > ### Aliases: Mtabs Mtabs.default summary.Mtabs plot.Mtabs mtab plottab
    > ### plottabl setgroupsize
    > ### Keywords: multivariate array
    >
    > ### ** Examples
    >
    > y.r<- 0.5 ; y.s<- 0.2 # defining transformations used
    > k.r <- 3 ; k.s <- 4 # row- and column numbers
    > ndiffs <- 18 # no. of columns used to show pattern
    > o.Mt<-Mtabs(nveg,"mulva" ,y.r,y.s,k.r,k.s,ndiffs)
    Error in hclust(mde, method = "ward.D") : invalid clustering method
    Calls: Mtabs -> Mtabs.default -> mtab -> hclust
    Execution halted
Flavor: r-oldrel-windows-ix86+x86_64