CRAN Package Check Results for Package dave

Last updated on 2015-07-05 14:46:27.

Flavor Version Tinstall Tcheck Ttotal Status Flags
r-devel-linux-x86_64-debian-clang 1.5 4.41 53.20 57.62 NOTE
r-devel-linux-x86_64-debian-gcc 1.5 4.53 51.67 56.20 NOTE
r-devel-linux-x86_64-fedora-clang 1.5 112.11 NOTE
r-devel-linux-x86_64-fedora-gcc 1.5 113.05 NOTE
r-devel-osx-x86_64-clang 1.5 93.90 NOTE
r-devel-windows-ix86+x86_64 1.5 12.00 74.00 86.00 NOTE
r-patched-linux-x86_64 1.5 4.44 51.84 56.28 NOTE
r-patched-solaris-sparc 1.5 720.00 NOTE
r-patched-solaris-x86 1.5 163.10 NOTE
r-release-linux-x86_64 1.5 4.54 53.28 57.83 NOTE
r-release-osx-x86_64-mavericks 1.5 NOTE
r-release-windows-ix86+x86_64 1.5 15.00 81.00 96.00 NOTE
r-oldrel-windows-ix86+x86_64 1.5 23.00 144.00 167.00 NOTE

Check Details

Version: 1.5
Check: DESCRIPTION meta-information
Result: NOTE
    Malformed Description field: should contain one or more complete sentences.
Flavors: r-devel-linux-x86_64-debian-clang, r-devel-linux-x86_64-debian-gcc, r-devel-linux-x86_64-fedora-clang, r-devel-linux-x86_64-fedora-gcc, r-devel-osx-x86_64-clang, r-devel-windows-ix86+x86_64, r-patched-linux-x86_64, r-patched-solaris-sparc, r-patched-solaris-x86, r-release-linux-x86_64, r-release-osx-x86_64-mavericks, r-release-windows-ix86+x86_64

Version: 1.5
Check: R code for possible problems
Result: NOTE
    SNPsm2: no visible global function definition for ‘gray’
    SNPsm2: no visible global function definition for ‘cor’
    dircor2: no visible global function definition for ‘as.dist’
    dircor2: no visible global function definition for ‘cor’
    dircor2: no visible global function definition for ‘dist’
    dircor2: no visible global function definition for ‘plot’
    dircor2: no visible global function definition for ‘points’
    dircor2: no visible global function definition for ‘lines’
    dircor2: no visible global function definition for ‘abline’
    fspa2: no visible global function definition for ‘hclust’
    fspa2: no visible global function definition for ‘cutree’
    fspa2: no visible global function definition for ‘as.dendrogram’
    matrixplot: no visible global function definition for ‘cor’
    mtab: no visible global function definition for ‘as.dist’
    mtab: no visible global function definition for ‘cor’
    mtab: no visible global function definition for ‘hclust’
    mtab: no visible global function definition for ‘cutree’
    mtab: no visible global function definition for ‘aov’
    mtab: no visible global function definition for ‘anova’
    orank1: no visible global function definition for ‘cor’
    outly: no visible global function definition for ‘as.dist’
    outly: no visible global function definition for ‘cor’
    overly2: no visible global function definition for ‘dist’
    pcoatest: no visible global function definition for ‘dist’
    pcoatest: no visible global function definition for ‘as.dist’
    pcoatest: no visible global function definition for ‘cor’
    pcoatest: no visible global function definition for ‘prcomp’
    plot.SNPsm: no visible global function definition for ‘par’
    plot.SNPsm: no visible global function definition for ‘gray’
    plot.SNPsm: no visible global function definition for ‘plot’
    plot.SNPsm: no visible global function definition for ‘points’
    plot.SNPsm: no visible global function definition for ‘rgb’
    plot.SNPsm: no visible global function definition for ‘text’
    plot.SNPsm: no visible global function definition for ‘legend’
    plot.SNPsm: no visible global function definition for ‘cor’
    plot.SNPtm: no visible global function definition for ‘par’
    plot.SNPtm: no visible global function definition for ‘plot’
    plot.SNPtm: no visible global function definition for ‘points’
    plot.SNPtm: no visible global function definition for ‘legend’
    plot.SNPtm: no visible global function definition for ‘rgb’
    plot.SNPtm: no visible global function definition for ‘lines’
    plot.aocc: no visible global function definition for ‘plot’
    plot.aocc: no visible global function definition for ‘abline’
    plot.aocc: no visible global function definition for ‘points’
    plot.aocc: no visible global function definition for ‘gray’
    plot.aocc: no visible global function definition for ‘text’
    plot.aocc: no visible global function definition for ‘legend’
    plot.davesil: no visible global function definition for ‘par’
    plot.davesil: no visible global function definition for ‘barplot’
    plot.davesil: no visible global function definition for ‘gray’
    plot.davesil: no visible global function definition for ‘legend’
    plot.davesil: no visible global function definition for ‘text’
    plot.dircor: no visible global function definition for ‘plot’
    plot.dircor: no visible global function definition for ‘points’
    plot.dircor: no visible global function definition for ‘lines’
    plot.dircor: no visible global function definition for ‘abline’
    plot.fitmarkov: no visible global function definition for ‘rgb’
    plot.fitmarkov: no visible global function definition for ‘plot’
    plot.fitmarkov: no visible global function definition for ‘lines’
    plot.fitmarkov: no visible global function definition for ‘points’
    plot.fitmarkov: no visible global function definition for ‘legend’
    plot.fspa: no visible global function definition for ‘par’
    plot.fspa: no visible global function definition for ‘plot’
    plot.fspa: no visible global function definition for ‘legend’
    plot.fspa: no visible global function definition for ‘points’
    plot.fspa: no visible global function definition for ‘lines’
    plot.mxplot: no visible global function definition for ‘par’
    plot.mxplot: no visible global function definition for ‘plot’
    plot.mxplot: no visible global function definition for ‘points’
    plot.mxplot: no visible global function definition for ‘text’
    plot.orank: no visible global function definition for ‘plot’
    plot.orank: no visible global function definition for ‘points’
    plot.orank: no visible global function definition for ‘text’
    plot.outlier: no visible global function definition for ‘par’
    plot.outlier: no visible global function definition for ‘hist’
    plot.outlier: no visible global function definition for ‘gray’
    plot.outlier: no visible global function definition for ‘plot’
    plot.outlier: no visible global function definition for ‘points’
    plot.outlier: no visible global function definition for ‘abline’
    plot.outlier: no visible global function definition for ‘legend’
    plot.overly: no visible global function definition for ‘plot’
    plot.overly: no visible global function definition for ‘abline’
    plot.overly: no visible global function definition for ‘lines’
    plot.overly: no visible global function definition for ‘text’
    plot.overly: no visible global function definition for ‘rgb’
    plot.overly: no visible global function definition for ‘par’
    plot.overly: no visible global function definition for ‘legend’
    plot.pcaser: no visible global function definition for ‘par’
    plot.pcaser: no visible global function definition for ‘plot’
    plot.pcaser: no visible global function definition for ‘abline’
    plot.pcaser: no visible global function definition for ‘points’
    plot.pcaser: no visible global function definition for ‘legend’
    plot.pcobiplot: no visible global function definition for ‘par’
    plot.pcobiplot: no visible global function definition for ‘plot’
    plot.pcobiplot: no visible global function definition for ‘abline’
    plot.pcobiplot: no visible global function definition for ‘legend’
    plot.pcobiplot: no visible global function definition for ‘text’
    plot.pcobiplot: no visible binding for global variable ‘sveg’
    plot.pcobiplot: no visible global function definition for ‘arrows’
    plot.pcovar: no visible global function definition for ‘par’
    plot.pcovar: no visible global function definition for ‘plot’
    plot.pcovar: no visible global function definition for ‘points’
    plot.pcovar: no visible global function definition for ‘abline’
    plot.pcovar: no visible global function definition for ‘title’
    plot.speedprof: no visible global function definition for ‘par’
    plot.speedprof: no visible global function definition for ‘plot’
    plot.speedprof: no visible global function definition for ‘rgb’
    plot.speedprof: no visible global function definition for ‘lines’
    plot.speedprof: no visible global function definition for ‘legend’
    plot.vvelocity: no visible global function definition for ‘dist’
    plot.vvelocity: no visible global function definition for ‘par’
    plot.vvelocity: no visible global function definition for ‘plot’
    plot.vvelocity: no visible global function definition for ‘points’
    plot.vvelocity: no visible global function definition for ‘text’
    plot.vvelocity: no visible global function definition for ‘abline’
    plot.vvelocity: no visible global function definition for ‘legend’
    plot.vvelocity: no visible global function definition for ‘lines’
    plot.vvelocity: no visible global function definition for ‘gray’
    plottab: no visible global function definition for ‘par’
    plottab: no visible global function definition for ‘plot’
    plottab: no visible global function definition for ‘image’
    plottab: no visible global function definition for ‘gray’
    plottab: no visible global function definition for ‘text’
    plottab: no visible global function definition for ‘lines’
    plottabl: no visible global function definition for ‘par’
    plottabl: no visible global function definition for ‘plot’
    plottabl: no visible global function definition for ‘image’
    plottabl: no visible global function definition for ‘gray’
    plottabl: no visible global function definition for ‘text’
    plottabl: no visible global function definition for ‘lines’
    rcentroid: no visible global function definition for ‘cor’
    rcentroid: no visible global function definition for ‘as.dist’
    rfitmarkov: no visible global function definition for ‘dist’
    srank2: no visible global function definition for ‘aov’
    srank2: no visible global function definition for ‘anova’
    Undefined global functions or variables:
     abline anova aov arrows as.dendrogram as.dist barplot cor cutree dist
     gray hclust hist image legend lines par plot points prcomp rgb sveg
     text title
Flavors: r-devel-linux-x86_64-debian-clang, r-devel-linux-x86_64-debian-gcc, r-devel-linux-x86_64-fedora-clang, r-devel-linux-x86_64-fedora-gcc, r-devel-windows-ix86+x86_64

Version: 1.5
Check: R code for possible problems
Result: NOTE
    plot.pcobiplot: no visible binding for global variable ‘sveg’
    Undefined global functions or variables:
     sveg
Flavor: r-devel-osx-x86_64-clang

Version: 1.5
Check: R code for possible problems
Result: NOTE
    plot.pcobiplot: no visible binding for global variable ‘sveg’
Flavors: r-patched-linux-x86_64, r-patched-solaris-sparc, r-patched-solaris-x86, r-release-linux-x86_64, r-release-osx-x86_64-mavericks, r-release-windows-ix86+x86_64, r-oldrel-windows-ix86+x86_64