CRAN Package Check Results for Package dave

Last updated on 2015-05-29 23:47:44.

Flavor Version Tinstall Tcheck Ttotal Status Flags
r-devel-linux-x86_64-debian-clang 1.5 4.72 54.75 59.47 NOTE
r-devel-linux-x86_64-debian-gcc 1.5 4.46 53.09 57.55 NOTE
r-devel-linux-x86_64-fedora-clang 1.5 123.04 NOTE
r-devel-linux-x86_64-fedora-gcc 1.5 107.52 NOTE
r-devel-osx-x86_64-clang 1.5 100.55 NOTE
r-devel-windows-ix86+x86_64 1.5 12.00 80.00 92.00 NOTE
r-patched-linux-x86_64 1.5 4.44 53.00 57.45 NOTE
r-patched-solaris-sparc 1.5 720.00 NOTE
r-patched-solaris-x86 1.5 162.00 NOTE
r-release-linux-x86_64 1.5 4.45 53.18 57.63 NOTE
r-release-osx-x86_64-mavericks 1.5 NOTE
r-release-osx-x86_64-snowleopard 1.5 ERROR
r-release-windows-ix86+x86_64 1.5 12.00 81.00 93.00 NOTE
r-oldrel-windows-ix86+x86_64 1.5 17.00 87.00 104.00 NOTE

Check Details

Version: 1.5
Check: DESCRIPTION meta-information
Result: NOTE
    Malformed Description field: should contain one or more complete sentences.
Flavors: r-devel-linux-x86_64-debian-clang, r-devel-linux-x86_64-debian-gcc, r-devel-linux-x86_64-fedora-clang, r-devel-linux-x86_64-fedora-gcc, r-devel-osx-x86_64-clang, r-devel-windows-ix86+x86_64, r-patched-linux-x86_64, r-patched-solaris-sparc, r-patched-solaris-x86, r-release-linux-x86_64, r-release-osx-x86_64-mavericks, r-release-windows-ix86+x86_64

Version: 1.5
Check: R code for possible problems
Result: NOTE
    plot.pcobiplot: no visible binding for global variable ‘sveg’
Flavors: r-devel-linux-x86_64-debian-clang, r-devel-linux-x86_64-debian-gcc, r-devel-linux-x86_64-fedora-clang, r-devel-linux-x86_64-fedora-gcc, r-devel-osx-x86_64-clang, r-devel-windows-ix86+x86_64, r-patched-linux-x86_64, r-patched-solaris-sparc, r-patched-solaris-x86, r-release-linux-x86_64, r-release-osx-x86_64-mavericks, r-release-windows-ix86+x86_64, r-oldrel-windows-ix86+x86_64

Version: 1.5
Check: package dependencies
Result: ERROR
    Package required but not available: ‘vegan’
    
    See section ‘The DESCRIPTION file’ in the ‘Writing R Extensions’
    manual.
Flavor: r-release-osx-x86_64-snowleopard