CRAN Package Check Results for Package dave

Last updated on 2014-07-24 19:49:01.

Flavor Version Tinstall Tcheck Ttotal Status Flags
r-devel-linux-x86_64-debian-clang 1.5 5.65 66.42 72.07 OK
r-devel-linux-x86_64-debian-gcc 1.5 5.55 60.48 66.03 OK
r-devel-linux-x86_64-fedora-clang 1.5 97.37 OK
r-devel-linux-x86_64-fedora-gcc 1.5 96.44 OK
r-devel-osx-x86_64-clang 1.5 120.41 OK
r-devel-windows-ix86+x86_64 1.5 15.00 85.00 100.00 OK
r-patched-linux-x86_64 1.5 5.62 64.12 69.74 OK
r-patched-solaris-sparc 1.5 761.20 OK
r-patched-solaris-x86 1.5 155.60 OK
r-release-linux-ix86 1.4 7.50 80.29 87.79 NOTE
r-release-linux-x86_64 1.5 5.73 64.30 70.04 OK
r-release-osx-x86_64-mavericks 1.5 OK
r-release-osx-x86_64-snowleopard 1.5 OK
r-release-windows-ix86+x86_64 1.5 13.00 88.00 101.00 OK
r-oldrel-windows-ix86+x86_64 1.5 16.00 67.00 83.00 ERROR

Check Details

Version: 1.4
Check: package dependencies
Result: NOTE
    Depends: includes the non-default packages:
     ‘labdsv’ ‘vegan’ ‘cluster’ ‘nnet’ ‘tree’ ‘rpart’ ‘MASS’
    Adding so many packages to the search path is excessive and importing
    selectively is preferable.
Flavor: r-release-linux-ix86

Version: 1.4
Check: dependencies in R code
Result: NOTE
    'library' or 'require' calls to packages already attached by Depends:
     ‘labdsv’ ‘vegan’
     Please remove these calls from your code.
    Packages in Depends field not imported from:
     ‘MASS’ ‘cluster’ ‘nnet’ ‘rpart’
     These packages need to be imported from (in the NAMESPACE file)
     for when this namespace is loaded but not attached.
    See the information on DESCRIPTION files in the chapter ‘Creating R
    packages’ of the ‘Writing R Extensions’ manual.
Flavor: r-release-linux-ix86

Version: 1.5
Check: examples
Result: ERROR
    Running examples in 'dave-Ex.R' failed
    The error most likely occurred in:
    
    > ### Name: Mtabs
    > ### Title: Structuring vegetation data tables
    > ### Aliases: Mtabs Mtabs.default summary.Mtabs plot.Mtabs mtab plottab
    > ### plottabl setgroupsize
    > ### Keywords: multivariate array
    >
    > ### ** Examples
    >
    > y.r<- 0.5 ; y.s<- 0.2 # defining transformations used
    > k.r <- 3 ; k.s <- 4 # row- and column numbers
    > ndiffs <- 18 # no. of columns used to show pattern
    > o.Mt<-Mtabs(nveg,"mulva" ,y.r,y.s,k.r,k.s,ndiffs)
    Error in hclust(mde, method = "ward.D") : invalid clustering method
    Calls: Mtabs -> Mtabs.default -> mtab -> hclust
    Execution halted
Flavor: r-oldrel-windows-ix86+x86_64