CRAN Package Check Results for Package dave

Last updated on 2014-12-20 03:49:29.

Flavor Version Tinstall Tcheck Ttotal Status Flags
r-devel-linux-x86_64-debian-clang 1.5 5.83 63.81 69.64 NOTE
r-devel-linux-x86_64-debian-gcc 1.5 5.49 61.41 66.90 NOTE
r-devel-linux-x86_64-fedora-clang 1.5 154.28 NOTE
r-devel-linux-x86_64-fedora-gcc 1.5 140.34 NOTE
r-devel-osx-x86_64-clang 1.5 128.64 NOTE
r-devel-windows-ix86+x86_64 1.5 17.00 90.00 107.00 NOTE
r-patched-linux-x86_64 1.5 5.87 65.19 71.06 NOTE
r-patched-solaris-sparc 1.5 799.70 NOTE
r-patched-solaris-x86 1.5 211.90 NOTE
r-release-linux-ix86 1.5 6.98 79.30 86.28 NOTE
r-release-linux-x86_64 1.5 5.86 66.45 72.31 NOTE
r-release-osx-x86_64-mavericks 1.5 OK
r-release-osx-x86_64-snowleopard 1.5 OK
r-release-windows-ix86+x86_64 1.5 16.00 94.00 110.00 NOTE
r-oldrel-windows-ix86+x86_64 1.5 14.00 71.00 85.00 ERROR

Check Details

Version: 1.5
Check: R code for possible problems
Result: NOTE
    plot.pcobiplot: no visible binding for global variable ‘sveg’
Flavors: r-devel-linux-x86_64-debian-clang, r-devel-linux-x86_64-debian-gcc, r-devel-linux-x86_64-fedora-clang, r-devel-linux-x86_64-fedora-gcc, r-devel-osx-x86_64-clang, r-devel-windows-ix86+x86_64, r-patched-linux-x86_64, r-patched-solaris-sparc, r-patched-solaris-x86, r-release-linux-ix86, r-release-linux-x86_64, r-release-windows-ix86+x86_64

Version: 1.5
Check: examples
Result: ERROR
    Running examples in 'dave-Ex.R' failed
    The error most likely occurred in:
    
    > ### Name: Mtabs
    > ### Title: Structuring vegetation data tables
    > ### Aliases: Mtabs Mtabs.default summary.Mtabs plot.Mtabs mtab plottab
    > ### plottabl setgroupsize
    > ### Keywords: multivariate array
    >
    > ### ** Examples
    >
    > y.r<- 0.5 ; y.s<- 0.2 # defining transformations used
    > k.r <- 3 ; k.s <- 4 # row- and column numbers
    > ndiffs <- 18 # no. of columns used to show pattern
    > o.Mt<-Mtabs(nveg,"mulva" ,y.r,y.s,k.r,k.s,ndiffs)
    Error in hclust(mde, method = "ward.D") : invalid clustering method
    Calls: Mtabs -> Mtabs.default -> mtab -> hclust
    Execution halted
Flavor: r-oldrel-windows-ix86+x86_64