CRAN Package Check Results for Package dbfaker

Last updated on 2019-08-24 11:46:45 CEST.

Flavor Version Tinstall Tcheck Ttotal Status Flags
r-devel-linux-x86_64-debian-clang 0.1.0 3.50 33.34 36.84 NOTE
r-devel-linux-x86_64-debian-gcc 0.1.0 3.24 26.59 29.83 NOTE
r-devel-linux-x86_64-fedora-clang 0.1.0 46.39 OK
r-devel-linux-x86_64-fedora-gcc 0.1.0 43.29 OK
r-devel-windows-ix86+x86_64 0.1.0 10.00 50.00 60.00 NOTE
r-patched-linux-x86_64 0.1.0 3.60 32.31 35.91 OK
r-patched-solaris-x86 0.1.0 73.00 OK
r-release-linux-x86_64 0.1.0 3.31 32.78 36.09 OK
r-release-windows-ix86+x86_64 0.1.0 16.00 80.00 96.00 NOTE
r-release-osx-x86_64 0.1.0 OK
r-oldrel-windows-ix86+x86_64 0.1.0 9.00 70.00 79.00 NOTE
r-oldrel-osx-x86_64 0.1.0 OK

Check Details

Version: 0.1.0
Check: package vignettes
Result: NOTE
    Package vignette with placeholder title 'Vignette Title':
     'verifyWrite.Rmd'
Flavors: r-devel-linux-x86_64-debian-clang, r-devel-linux-x86_64-debian-gcc, r-devel-windows-ix86+x86_64

Version: 0.1.0
Check: package dependencies
Result: NOTE
    Package suggested but not available for checking: 'doMC'
Flavors: r-devel-windows-ix86+x86_64, r-release-windows-ix86+x86_64, r-oldrel-windows-ix86+x86_64