CRAN Package Check Results for Package dbhydroR

Last updated on 2023-03-27 20:52:11 CEST.

Flavor Version Tinstall Tcheck Ttotal Status Flags
r-devel-linux-x86_64-debian-clang 0.2-8 5.03 51.31 56.34 NOTE
r-devel-linux-x86_64-debian-gcc 0.2-8 4.08 40.62 44.70 NOTE
r-devel-linux-x86_64-fedora-clang 0.2-8 71.43 NOTE
r-devel-linux-x86_64-fedora-gcc 0.2-8 82.13 NOTE
r-devel-windows-x86_64 0.2-8 19.00 84.00 103.00 NOTE
r-patched-linux-x86_64 0.2-8 5.54 50.51 56.05 NOTE
r-release-linux-x86_64 0.2-8 4.90 53.31 58.21 NOTE
r-release-macos-arm64 0.2-8 23.00 NOTE
r-release-macos-x86_64 0.2-8 32.00 NOTE
r-release-windows-x86_64 0.2-8 31.00 91.00 122.00 NOTE
r-oldrel-macos-arm64 0.2-8 32.00 NOTE
r-oldrel-macos-x86_64 0.2-8 35.00 NOTE
r-oldrel-windows-ix86+x86_64 0.2-8 12.00 75.00 87.00 NOTE

Check Details

Version: 0.2-8
Check: LazyData
Result: NOTE
     'LazyData' is specified without a 'data' directory
Flavors: r-devel-linux-x86_64-debian-clang, r-devel-linux-x86_64-debian-gcc, r-devel-linux-x86_64-fedora-clang, r-devel-linux-x86_64-fedora-gcc, r-devel-windows-x86_64, r-patched-linux-x86_64, r-release-linux-x86_64, r-release-macos-arm64, r-release-macos-x86_64, r-release-windows-x86_64, r-oldrel-macos-arm64, r-oldrel-macos-x86_64, r-oldrel-windows-ix86+x86_64