CRAN Package Check Results for Package dblcens

Last updated on 2017-07-25 01:51:32.

Flavor Version Tinstall Tcheck Ttotal Status Flags
r-devel-linux-x86_64-debian-clang 1.1.7 1.65 17.56 19.21 NOTE
r-devel-linux-x86_64-debian-gcc 1.1.7 1.68 17.20 18.87 NOTE
r-devel-linux-x86_64-fedora-clang 1.1.7 21.65 NOTE
r-devel-linux-x86_64-fedora-gcc 1.1.7 20.51 NOTE
r-devel-windows-ix86+x86_64 1.1.7 11.00 43.00 54.00 OK
r-patched-linux-x86_64 1.1.7 1.64 17.33 18.97 NOTE
r-patched-solaris-x86 1.1.7 35.90 OK
r-release-linux-x86_64 1.1.7 1.61 18.34 19.95 NOTE
r-release-windows-ix86+x86_64 1.1.7 8.00 28.00 36.00 OK
r-release-osx-x86_64 1.1.7 OK
r-oldrel-windows-ix86+x86_64 1.1.7 6.00 27.00 33.00 OK
r-oldrel-osx-x86_64 1.1.7 OK

Check Details

Version: 1.1.7
Check: compiled code
Result: NOTE
    File ‘dblcens/libs/dblcens.so’:
     Found no calls to: ‘R_registerRoutines’, ‘R_useDynamicSymbols’
    
    It is good practice to register native routines and to disable symbol
    search.
    
    See ‘Writing portable packages’ in the ‘Writing R Extensions’ manual.
Flavors: r-devel-linux-x86_64-debian-clang, r-devel-linux-x86_64-debian-gcc, r-devel-linux-x86_64-fedora-clang, r-devel-linux-x86_64-fedora-gcc, r-patched-linux-x86_64, r-release-linux-x86_64