CRAN Package Check Results for Package dblcens

Last updated on 2017-05-26 14:46:26.

Flavor Version Tinstall Tcheck Ttotal Status Flags
r-devel-linux-x86_64-debian-clang 1.1.7 1.60 11.63 13.24 NOTE
r-devel-linux-x86_64-debian-gcc 1.1.7 1.79 11.67 13.46 NOTE
r-devel-linux-x86_64-fedora-clang 1.1.7 20.97 NOTE
r-devel-linux-x86_64-fedora-gcc 1.1.7 19.88 NOTE
r-devel-windows-ix86+x86_64 1.1.7 13.00 40.00 53.00 OK
r-patched-linux-x86_64 1.1.7 1.78 13.08 14.86 NOTE
r-patched-solaris-sparc 1.1.7 130.20 OK
r-patched-solaris-x86 1.1.7 35.80 OK
r-release-linux-x86_64 1.1.7 1.64 11.47 13.11 NOTE
r-release-windows-ix86+x86_64 1.1.7 8.00 28.00 36.00 OK
r-release-osx-x86_64 1.1.7 OK
r-oldrel-windows-ix86+x86_64 1.1.7 6.00 27.00 33.00 OK
r-oldrel-osx-x86_64 1.1.7 OK

Check Details

Version: 1.1.7
Check: compiled code
Result: NOTE
    File ‘dblcens/libs/dblcens.so’:
     Found no calls to: ‘R_registerRoutines’, ‘R_useDynamicSymbols’
    
    It is good practice to register native routines and to disable symbol
    search.
    
    See ‘Writing portable packages’ in the ‘Writing R Extensions’ manual.
Flavors: r-devel-linux-x86_64-debian-clang, r-devel-linux-x86_64-debian-gcc, r-devel-linux-x86_64-fedora-clang, r-devel-linux-x86_64-fedora-gcc, r-patched-linux-x86_64, r-release-linux-x86_64