CRAN Package Check Results for Package dblcens

Last updated on 2017-02-27 11:48:18.

Flavor Version Tinstall Tcheck Ttotal Status Flags
r-devel-linux-x86_64-debian-clang 1.1.7 1.64 12.17 13.80 NOTE
r-devel-linux-x86_64-debian-gcc 1.1.7 1.70 11.97 13.67 NOTE
r-devel-linux-x86_64-fedora-clang 1.1.7 21.12 NOTE --no-stop-on-test-error
r-devel-linux-x86_64-fedora-gcc 1.1.7 19.42 NOTE --no-stop-on-test-error
r-devel-macos-x86_64-clang 1.1.7 19.80 NOTE --no-stop-on-test-error
r-devel-windows-ix86+x86_64 1.1.7 7.00 69.00 76.00 OK
r-patched-linux-x86_64 1.1.7 1.53 9.32 10.85 OK
r-patched-solaris-sparc 1.1.7 119.30 OK
r-patched-solaris-x86 1.1.7 32.00 OK
r-release-linux-x86_64 1.1.7 1.52 10.31 11.84 OK
r-release-osx-x86_64-mavericks 1.1.7 OK
r-release-windows-ix86+x86_64 1.1.7 6.00 27.00 33.00 OK
r-oldrel-windows-ix86+x86_64 1.1.7 8.00 24.00 32.00 OK

Check Details

Version: 1.1.7
Check: compiled code
Result: NOTE
    File ‘dblcens/libs/dblcens.so’:
     Found no calls to: ‘R_registerRoutines’, ‘R_useDynamicSymbols’
    
    It is good practice to register native routines and to disable symbol
    search.
    
    See ‘Writing portable packages’ in the ‘Writing R Extensions’ manual.
Flavors: r-devel-linux-x86_64-debian-clang, r-devel-linux-x86_64-debian-gcc

Version: 1.1.7
Flags: --no-stop-on-test-error
Check: compiled code
Result: NOTE
    File ‘dblcens/libs/dblcens.so’:
     Found no calls to: ‘R_registerRoutines’, ‘R_useDynamicSymbols’
    
    It is good practice to register native routines and to disable symbol
    search.
    
    See ‘Writing portable packages’ in the ‘Writing R Extensions’ manual.
Flavors: r-devel-linux-x86_64-fedora-clang, r-devel-linux-x86_64-fedora-gcc, r-devel-macos-x86_64-clang