CRAN Package Check Results for Package dblcens

Last updated on 2018-06-21 11:50:02 CEST.

Flavor Version Tinstall Tcheck Ttotal Status Flags
r-devel-linux-x86_64-debian-clang 1.1.7 2.58 17.18 19.76 NOTE
r-devel-linux-x86_64-debian-gcc 1.1.7 2.25 14.41 16.66 NOTE
r-devel-linux-x86_64-fedora-clang 1.1.7 25.28 NOTE
r-devel-linux-x86_64-fedora-gcc 1.1.7 23.56 NOTE
r-devel-windows-ix86+x86_64 1.1.7 11.00 33.00 44.00 OK
r-patched-linux-x86_64 1.1.7 2.82 17.53 20.35 NOTE
r-patched-solaris-x86 1.1.7 37.90 OK
r-release-linux-x86_64 1.1.7 2.46 17.29 19.75 NOTE
r-release-windows-ix86+x86_64 1.1.7 13.00 31.00 44.00 OK
r-release-osx-x86_64 1.1.7 OK
r-oldrel-windows-ix86+x86_64 1.1.7 8.00 28.00 36.00 OK
r-oldrel-osx-x86_64 1.1.7 OK

Check Details

Version: 1.1.7
Check: compiled code
Result: NOTE
    File ‘dblcens/libs/dblcens.so’:
     Found no calls to: ‘R_registerRoutines’, ‘R_useDynamicSymbols’
    
    It is good practice to register native routines and to disable symbol
    search.
    
    See ‘Writing portable packages’ in the ‘Writing R Extensions’ manual.
Flavors: r-devel-linux-x86_64-debian-clang, r-devel-linux-x86_64-debian-gcc, r-devel-linux-x86_64-fedora-clang, r-devel-linux-x86_64-fedora-gcc, r-patched-linux-x86_64, r-release-linux-x86_64