Last updated on 2018-04-27 04:50:22 CEST.
Flavor | Version | Tinstall | Tcheck | Ttotal | Status | Flags |
---|---|---|---|---|---|---|
r-devel-linux-x86_64-debian-clang | 1.1.7 | 2.78 | 15.21 | 17.99 | NOTE | |
r-devel-linux-x86_64-debian-gcc | 1.1.7 | 2.29 | 13.79 | 16.08 | NOTE | |
r-devel-linux-x86_64-fedora-clang | 1.1.7 | 24.33 | NOTE | |||
r-devel-linux-x86_64-fedora-gcc | 1.1.7 | 22.98 | NOTE | |||
r-devel-windows-ix86+x86_64 | 1.1.7 | 13.00 | 31.00 | 44.00 | OK | |
r-patched-linux-x86_64 | 1.1.7 | 2.73 | 17.03 | 19.76 | NOTE | |
r-patched-solaris-x86 | 1.1.7 | 39.90 | OK | |||
r-release-linux-x86_64 | 1.1.7 | 2.50 | 16.99 | 19.49 | NOTE | |
r-release-windows-ix86+x86_64 | 1.1.7 | 13.00 | 31.00 | 44.00 | OK | |
r-release-osx-x86_64 | 1.1.7 | OK | ||||
r-oldrel-windows-ix86+x86_64 | 1.1.7 | 8.00 | 28.00 | 36.00 | OK | |
r-oldrel-osx-x86_64 | 1.1.7 | OK |
Version: 1.1.7
Check: compiled code
Result: NOTE
File ‘dblcens/libs/dblcens.so’:
Found no calls to: ‘R_registerRoutines’, ‘R_useDynamicSymbols’
It is good practice to register native routines and to disable symbol
search.
See ‘Writing portable packages’ in the ‘Writing R Extensions’ manual.
Flavors: r-devel-linux-x86_64-debian-clang, r-devel-linux-x86_64-debian-gcc, r-devel-linux-x86_64-fedora-clang, r-devel-linux-x86_64-fedora-gcc, r-patched-linux-x86_64, r-release-linux-x86_64