CRAN Package Check Results for Package dblcens

Last updated on 2020-08-07 19:47:11 CEST.

Flavor Version Tinstall Tcheck Ttotal Status Flags
r-devel-linux-x86_64-debian-clang 1.1.7 3.91 20.30 24.21 OK
r-devel-linux-x86_64-debian-gcc 1.1.7 2.63 15.89 18.52 OK
r-devel-linux-x86_64-fedora-clang 1.1.7 38.21 NOTE
r-devel-linux-x86_64-fedora-gcc 1.1.7 28.54 NOTE
r-devel-windows-ix86+x86_64 1.1.7 13.00 35.00 48.00 OK
r-patched-linux-x86_64 1.1.7 3.45 20.02 23.47 OK
r-patched-solaris-x86 1.1.7 46.90 OK
r-release-linux-x86_64 1.1.7 3.64 20.17 23.81 OK
r-release-macos-x86_64 1.1.7 OK
r-release-windows-ix86+x86_64 1.1.7 11.00 36.00 47.00 OK
r-oldrel-macos-x86_64 1.1.7 OK
r-oldrel-windows-ix86+x86_64 1.1.7 11.00 52.00 63.00 OK

Check Details

Version: 1.1.7
Check: compiled code
Result: NOTE
    File ‘dblcens/libs/dblcens.so’:
     Found no calls to: ‘R_registerRoutines’, ‘R_useDynamicSymbols’
    
    It is good practice to register native routines and to disable symbol
    search.
    
    See ‘Writing portable packages’ in the ‘Writing R Extensions’ manual.
Flavors: r-devel-linux-x86_64-fedora-clang, r-devel-linux-x86_64-fedora-gcc