CRAN Package Check Results for Package dblcens

Last updated on 2017-03-23 23:50:37.

Flavor Version Tinstall Tcheck Ttotal Status Flags
r-devel-linux-x86_64-debian-clang 1.1.7 1.57 11.59 13.16 NOTE
r-devel-linux-x86_64-debian-gcc 1.1.7 1.65 11.03 12.69 NOTE
r-devel-linux-x86_64-fedora-clang 1.1.7 21.00 NOTE --no-stop-on-test-error
r-devel-linux-x86_64-fedora-gcc 1.1.7 20.27 NOTE --no-stop-on-test-error
r-devel-macos-x86_64-clang 1.1.7 18.99 NOTE --no-stop-on-test-error
r-devel-windows-ix86+x86_64 1.1.7 7.00 28.00 35.00 OK
r-patched-linux-x86_64 1.1.7 1.52 9.73 11.25 OK
r-patched-solaris-sparc 1.1.7 130.20 OK
r-patched-solaris-x86 1.1.7 36.60 OK
r-release-linux-x86_64 1.1.7 1.48 9.42 10.89 OK
r-release-osx-x86_64-mavericks 1.1.7 OK
r-release-windows-ix86+x86_64 1.1.7 6.00 27.00 33.00 OK
r-oldrel-windows-ix86+x86_64 1.1.7 8.00 24.00 32.00 OK

Check Details

Version: 1.1.7
Check: compiled code
Result: NOTE
    File ‘dblcens/libs/dblcens.so’:
     Found no calls to: ‘R_registerRoutines’, ‘R_useDynamicSymbols’
    
    It is good practice to register native routines and to disable symbol
    search.
    
    See ‘Writing portable packages’ in the ‘Writing R Extensions’ manual.
Flavors: r-devel-linux-x86_64-debian-clang, r-devel-linux-x86_64-debian-gcc

Version: 1.1.7
Flags: --no-stop-on-test-error
Check: compiled code
Result: NOTE
    File ‘dblcens/libs/dblcens.so’:
     Found no calls to: ‘R_registerRoutines’, ‘R_useDynamicSymbols’
    
    It is good practice to register native routines and to disable symbol
    search.
    
    See ‘Writing portable packages’ in the ‘Writing R Extensions’ manual.
Flavors: r-devel-linux-x86_64-fedora-clang, r-devel-linux-x86_64-fedora-gcc, r-devel-macos-x86_64-clang