CRAN Package Check Results for Package dbmss

Last updated on 2014-12-21 21:47:18.

Flavor Version Tinstall Tcheck Ttotal Status Flags
r-devel-linux-x86_64-debian-clang 2.1.2 10.42 1148.54 1158.97 OK
r-devel-linux-x86_64-debian-gcc 2.1.2 10.85 1171.82 1182.67 OK
r-devel-linux-x86_64-fedora-clang 2.1.2 1174.32 OK --no-build-vignettes
r-devel-linux-x86_64-fedora-gcc 2.1.2 1237.41 OK --no-build-vignettes
r-devel-osx-x86_64-clang 2.1.2 1010.07 OK --no-build-vignettes
r-devel-windows-ix86+x86_64 2.1.2 37.00 145.00 182.00 OK --no-vignettes
r-patched-linux-x86_64 2.1.2 11.05 1165.01 1176.06 OK
r-patched-solaris-sparc 2.1.2 973.00 OK --no-vignettes
r-patched-solaris-x86 2.1.2 1300.90 OK --no-build-vignettes
r-release-linux-ix86 2.1.2 12.95 688.51 701.46 ERROR
r-release-linux-x86_64 2.1.2 11.21 1171.18 1182.39 OK
r-release-osx-x86_64-mavericks 2.1.2 OK
r-release-osx-x86_64-snowleopard 2.1.2 OK
r-release-windows-ix86+x86_64 2.1.2 35.00 157.00 192.00 OK --no-vignettes
r-oldrel-windows-ix86+x86_64 2.1.2 43.00 168.00 211.00 OK --no-vignettes

Check Details

Version: 2.1.2
Check: running R code from vignettes
Result: ERROR
    Errors in running code in vignettes:
    when running code in ‘dbmss.Rnw’
     ...
     [etd 9:02] .........360 [etd 8:53] .........370 [etd 8:45] .........380 [etd 8:37] .........390 [etd 8:29] .........400
     [etd 8:20] .........410 [etd 8:12] .........420 [etd 8:03] .........430 [etd 7:55] .........440 [etd 7:47] .........450
     [etd 7:38] .........460 [etd 7:30] .........470 [etd 7:22] .........480 [etd 7:13] .........490 [etd 7:05] .........500
     [etd 6:57] .........510 [etd 6:49] .........520 [etd 6:40] .........530 [etd 6:32] .........540 [etd 6:24] .........550
     [etd 6:15] .........560 [etd 6:07] .........570 [etd 5:59] .........580 [etd 5:50] .........590 [etd 5:42] .........600
     [etd 5:34] .........610 [etd 5:25] .........620 [etd 5:17] .........630 [etd 5:09] .........640 [etd 5:00] .........650
     [etd 4:52] .........660 [etd 4:44] .........670 [etd 4:35] .........680 [etd 4:27] .........690 [etd 4:19] .........700
     [etd 4:10] .........710 [etd 4:02] ....
    
    ... incomplete output. Crash?
Flavor: r-release-linux-ix86