CRAN Package Check Results for Package dbmss

Last updated on 2015-01-25 04:47:00.

Flavor Version Tinstall Tcheck Ttotal Status Flags
r-devel-linux-x86_64-debian-clang 2.1.2 10.23 1142.64 1152.87 OK
r-devel-linux-x86_64-debian-gcc 2.1.2 11.72 1165.49 1177.22 OK
r-devel-linux-x86_64-fedora-clang 2.1.2 1162.19 NOTE --no-build-vignettes
r-devel-linux-x86_64-fedora-gcc 2.1.2 1261.39 NOTE --no-build-vignettes
r-devel-osx-x86_64-clang 2.1.2 998.68 OK --no-build-vignettes
r-devel-windows-ix86+x86_64 2.1.2 39.00 150.00 189.00 OK --no-vignettes
r-patched-linux-x86_64 2.1.2 11.34 1176.14 1187.49 OK
r-patched-solaris-sparc 2.1.2 1057.10 OK --no-vignettes
r-patched-solaris-x86 2.1.2 1302.10 OK --no-build-vignettes
r-release-linux-ix86 2.1.2 12.88 688.92 701.79 ERROR
r-release-linux-x86_64 2.1.2 11.89 1174.56 1186.45 OK
r-release-osx-x86_64-mavericks 2.1.2 WARN
r-release-osx-x86_64-snowleopard 2.1.2 OK
r-release-windows-ix86+x86_64 2.1.2 37.00 158.00 195.00 OK --no-vignettes
r-oldrel-windows-ix86+x86_64 2.1.2 39.00 234.00 273.00 OK --no-vignettes

Check Details

Version: 2.1.2
Flags: --no-build-vignettes
Check: S3 generic/method consistency
Result: NOTE
    Found the following apparent S3 methods exported but not registered:
     as.wmppp.data.frame as.wmppp.ppp print.dbmssEnvelope split.wmppp
     summary.dbmssEnvelope unique.wmppp sharpen.wmppp superimpose.wmppp
    See section ‘Registering S3 methods’ in the ‘Writing R Extensions’
    manual.
Flavors: r-devel-linux-x86_64-fedora-clang, r-devel-linux-x86_64-fedora-gcc

Version: 2.1.2
Check: running R code from vignettes
Result: ERROR
    Errors in running code in vignettes:
    when running code in ‘dbmss.Rnw’
     ...
     [etd 9:02] .........360 [etd 8:53] .........370 [etd 8:45] .........380 [etd 8:37] .........390 [etd 8:28] .........400
     [etd 8:20] .........410 [etd 8:12] .........420 [etd 8:03] .........430 [etd 7:55] .........440 [etd 7:47] .........450
     [etd 7:38] .........460 [etd 7:30] .........470 [etd 7:22] .........480 [etd 7:13] .........490 [etd 7:05] .........500
     [etd 6:56] .........510 [etd 6:48] .........520 [etd 6:40] .........530 [etd 6:32] .........540 [etd 6:23] .........550
     [etd 6:15] .........560 [etd 6:07] .........570 [etd 5:59] .........580 [etd 5:50] .........590 [etd 5:42] .........600
     [etd 5:34] .........610 [etd 5:25] .........620 [etd 5:17] .........630 [etd 5:09] .........640 [etd 5:00] .........650
     [etd 4:52] .........660 [etd 4:44] .........670 [etd 4:35] .........680 [etd 4:27] .........690 [etd 4:19] .........700
     [etd 4:10] .........710 [etd 4:02] ....
    
    ... incomplete output. Crash?
Flavor: r-release-linux-ix86

Version: 2.1.2
Check: whether the namespace can be loaded with stated dependencies
Result: WARN
    Error: package ‘grid’ does not have a namespace
    Execution halted
    
    A namespace must be able to be loaded with just the base namespace
    loaded: otherwise if the namespace gets loaded by a saved object, the
    session will be unable to start.
    
    Probably some imports need to be declared in the NAMESPACE file.
    * checking whether the namespace can be unloaded cleanly ...* elapsed time (check, wall clock): 0:41
Flavor: r-release-osx-x86_64-mavericks