CRAN Package Check Results for Package dbmss

Last updated on 2017-03-31 01:48:55.

Flavor Version Tinstall Tcheck Ttotal Status Flags
r-devel-linux-x86_64-debian-clang 2.4-0 12.41 101.40 113.80 OK
r-devel-linux-x86_64-debian-gcc 2.4-0 11.66 93.42 105.08 OK
r-devel-linux-x86_64-fedora-clang 2.4-0 145.86 OK --no-stop-on-test-error
r-devel-linux-x86_64-fedora-gcc 2.4-0 226.70 OK --no-stop-on-test-error
r-devel-macos-x86_64-clang 2.4-0 158.07 OK --no-stop-on-test-error
r-devel-windows-ix86+x86_64 2.4-0 78.00 373.00 451.00 OK
r-patched-linux-x86_64 2.4-0 10.62 97.76 108.38 OK
r-patched-solaris-sparc 2.4-0 1296.80 OK
r-patched-solaris-x86 2.4-0 341.90 OK
r-release-linux-x86_64 2.4-0 12.47 90.16 102.63 OK
r-release-osx-x86_64-mavericks 2.4-0 OK
r-release-windows-ix86+x86_64 2.4-0 62.00 319.00 381.00 OK
r-oldrel-windows-ix86+x86_64 2.4-0 2.00 2.00 4.00 ERROR

Memtest notes: clang-UBSAN clang-UBSAN

Check Details

Version: 2.4-0
Check: package dependencies
Result: ERROR
    Package required but not available: 'spatstat.utils'
    
    See section 'The DESCRIPTION file' in the 'Writing R Extensions'
    manual.
Flavor: r-oldrel-windows-ix86+x86_64