CRAN Package Check Results for Package dbmss

Last updated on 2017-02-24 10:47:27.

Flavor Version Tinstall Tcheck Ttotal Status Flags
r-devel-linux-x86_64-debian-clang 2.3-0 13.45 100.25 113.71 NOTE
r-devel-linux-x86_64-debian-gcc 2.3-0 13.85 94.50 108.35 NOTE
r-devel-linux-x86_64-fedora-clang 2.3-0 246.75 NOTE --no-stop-on-test-error
r-devel-linux-x86_64-fedora-gcc 2.3-0 226.05 NOTE --no-stop-on-test-error
r-devel-macos-x86_64-clang 2.3-0 162.38 NOTE --no-stop-on-test-error
r-devel-windows-ix86+x86_64 2.3-0 104.00 233.00 337.00 OK
r-patched-linux-x86_64 2.3-0 12.16 92.91 105.07 OK
r-patched-solaris-sparc 2.3-0 1290.00 OK
r-patched-solaris-x86 2.3-0 318.50 OK
r-release-linux-x86_64 2.3-0 12.20 92.87 105.08 OK
r-release-osx-x86_64-mavericks 2.3-0 OK
r-release-windows-ix86+x86_64 2.3-0 97.00 280.00 377.00 OK
r-oldrel-windows-ix86+x86_64 2.3-0 95.00 438.00 533.00 OK

Memtest notes: clang-UBSAN clang-UBSAN

Check Details

Version: 2.3-0
Check: compiled code
Result: NOTE
    File ‘dbmss/libs/dbmss.so’:
     Found no calls to: ‘R_registerRoutines’, ‘R_useDynamicSymbols’
    
    It is good practice to register native routines and to disable symbol
    search.
    
    See ‘Writing portable packages’ in the ‘Writing R Extensions’ manual.
Flavors: r-devel-linux-x86_64-debian-clang, r-devel-linux-x86_64-debian-gcc

Version: 2.3-0
Flags: --no-stop-on-test-error
Check: compiled code
Result: NOTE
    File ‘dbmss/libs/dbmss.so’:
     Found no calls to: ‘R_registerRoutines’, ‘R_useDynamicSymbols’
    
    It is good practice to register native routines and to disable symbol
    search.
    
    See ‘Writing portable packages’ in the ‘Writing R Extensions’ manual.
Flavors: r-devel-linux-x86_64-fedora-clang, r-devel-linux-x86_64-fedora-gcc, r-devel-macos-x86_64-clang