CRAN Package Check Results for Package dbmss

Last updated on 2014-04-24 19:53:56.

Flavor Version Tinstall Tcheck Ttotal Status Flags
r-devel-linux-x86_64-debian-clang 2.1.0 10.30 742.90 753.20 OK
r-devel-linux-x86_64-debian-gcc 2.1.0 11.40 876.33 887.73 OK
r-devel-linux-x86_64-fedora-clang 2.1.0 776.43 OK --no-build-vignettes
r-devel-linux-x86_64-fedora-gcc 2.1.0 846.43 OK --no-build-vignettes
r-devel-osx-x86_64-clang 2.1.0 473.33 OK --no-build-vignettes
r-devel-osx-x86_64-gcc 2.1.0 NOTE
r-devel-windows-ix86+x86_64 2.1.0 38.00 1088.00 1126.00 OK
r-patched-linux-x86_64 2.1.0 11.26 905.89 917.15 OK
r-patched-solaris-sparc 2.1.0 893.00 OK --no-vignettes
r-patched-solaris-x86 2.1.0 936.00 OK --no-build-vignettes
r-release-linux-ix86 2.1.0 17.00 711.00 728.00 ERROR
r-release-linux-x86_64 2.1.0 12.29 866.66 878.95 OK
r-release-osx-x86_64-mavericks 2.1.0 WARN
r-release-osx-x86_64-snowleopard 2.1.0 OK
r-release-windows-ix86+x86_64 2.1.0 32.00 1114.00 1146.00 OK
r-oldrel-windows-ix86+x86_64 2.1.0 33.00 1235.00 1268.00 OK

Check Details

Version: 2.1.0
Check: package dependencies
Result: NOTE
    Package suggested but not available for checking: ‘knitr’
    
    Files named as vignettes but with no recognized vignette engine:
     ‘inst/doc/dbmss.Rnw’
    (Is a VignetteBuilder field missing?)
Flavor: r-devel-osx-x86_64-gcc

Version: 2.1.0
Check: running R code from vignettes
Result: ERROR
    Errors in running code in vignettes:
    when running code in ‘dbmss.Rnw’
     ...
     [etd 8:51] .........360 [etd 8:43] .........370 [etd 8:35] .........380 [etd 8:27] .........390 [etd 8:19] .........400
     [etd 8:11] .........410 [etd 8:03] .........420 [etd 7:55] .........430 [etd 7:47] .........440 [etd 7:40] .........450
     [etd 7:32] .........460 [etd 7:24] .........470 [etd 7:16] .........480 [etd 7:08] .........490 [etd 7:00] .........500
     [etd 6:52] .........510 [etd 6:44] .........520 [etd 6:37] .........530 [etd 6:29] .........540 [etd 6:20] .........550
     [etd 6:12] .........560 [etd 6:04] .........570 [etd 5:56] .........580 [etd 5:48] .........590 [etd 5:40] .........600
     [etd 5:32] .........610 [etd 5:24] .........620 [etd 5:16] .........630 [etd 5:08] .........640 [etd 4:59] .........650
     [etd 4:51] .........660 [etd 4:43] .........670 [etd 4:35] .........680 [etd 4:26] .........690 [etd 4:18] .........700
     [etd 4:10] .........710 [etd 4:02] ......
    
    ... incomplete output. Crash?
Flavor: r-release-linux-ix86

Version: 2.1.0
Check: PDF version of manual
Result: WARNING
    LaTeX errors when creating PDF version.
    This typically indicates Rd problems.
    LaTeX errors found:
    ! LaTeX Error: File `upquote.sty' not found.
    
    Type X to quit or <RETURN> to proceed,
    or enter new name. (Default extension: sty)
    
    1d5f8a79/Rd2.tex:8: ==> Fatal error occurred, no output PDF file produced!
Flavor: r-release-osx-x86_64-mavericks