CRAN Package Check Results for Package dbmss

Last updated on 2015-03-05 06:46:33.

Flavor Version Tinstall Tcheck Ttotal Status Flags
r-devel-linux-x86_64-debian-clang 2.1.2 9.49 63.19 72.68 NOTE --no-vignettes
r-devel-linux-x86_64-debian-gcc 2.1.2 10.03 63.51 73.54 NOTE --no-vignettes
r-devel-linux-x86_64-fedora-clang 2.1.2 1117.14 NOTE --no-build-vignettes
r-devel-linux-x86_64-fedora-gcc 2.1.2 1184.82 NOTE --no-build-vignettes
r-devel-osx-x86_64-clang 2.1.2 978.47 NOTE --no-build-vignettes
r-devel-windows-ix86+x86_64 2.1.2 38.00 127.00 165.00 OK --no-vignettes
r-patched-linux-x86_64 2.1.2 11.59 79.62 91.22 OK --no-vignettes
r-patched-solaris-sparc 2.1.2 1090.00 OK --no-vignettes
r-patched-solaris-x86 2.1.2 1299.20 OK --no-build-vignettes
r-release-linux-ix86 2.1.2 13.32 98.58 111.90 OK --no-vignettes
r-release-linux-x86_64 2.1.2 11.54 77.98 89.53 OK --no-vignettes
r-release-osx-x86_64-mavericks 2.1.2 WARN
r-release-osx-x86_64-snowleopard 2.1.2 OK
r-release-windows-ix86+x86_64 2.1.2 43.00 155.00 198.00 OK --no-vignettes
r-oldrel-windows-ix86+x86_64 2.1.2 41.00 160.00 201.00 OK --no-vignettes

Check Details

Version: 2.1.2
Flags: --no-vignettes
Check: S3 generic/method consistency
Result: NOTE
    Found the following apparent S3 methods exported but not registered:
     as.wmppp.data.frame as.wmppp.ppp print.dbmssEnvelope sharpen.wmppp
     split.wmppp summary.dbmssEnvelope superimpose.wmppp unique.wmppp
    See section ‘Registering S3 methods’ in the ‘Writing R Extensions’
    manual.
Flavors: r-devel-linux-x86_64-debian-clang, r-devel-linux-x86_64-debian-gcc

Version: 2.1.2
Flags: --no-build-vignettes
Check: S3 generic/method consistency
Result: NOTE
    Found the following apparent S3 methods exported but not registered:
     as.wmppp.data.frame as.wmppp.ppp print.dbmssEnvelope sharpen.wmppp
     split.wmppp summary.dbmssEnvelope superimpose.wmppp unique.wmppp
    See section ‘Registering S3 methods’ in the ‘Writing R Extensions’
    manual.
Flavors: r-devel-linux-x86_64-fedora-clang, r-devel-linux-x86_64-fedora-gcc, r-devel-osx-x86_64-clang

Version: 2.1.2
Check: whether the namespace can be loaded with stated dependencies
Result: WARN
    Error: package ‘grid’ does not have a namespace
    Execution halted
    
    A namespace must be able to be loaded with just the base namespace
    loaded: otherwise if the namespace gets loaded by a saved object, the
    session will be unable to start.
    
    Probably some imports need to be declared in the NAMESPACE file.
    * checking whether the namespace can be unloaded cleanly ...* elapsed time (check, wall clock): 0:41
Flavor: r-release-osx-x86_64-mavericks