CRAN Package Check Results for Package dbmss

Last updated on 2015-07-07 03:47:34.

Flavor Version Tinstall Tcheck Ttotal Status Flags
r-devel-linux-x86_64-debian-clang 2.2.0 9.64 64.19 73.84 NOTE --no-vignettes
r-devel-linux-x86_64-debian-gcc 2.2.0 10.05 64.35 74.40 NOTE --no-vignettes
r-devel-linux-x86_64-fedora-clang 2.2.0 242.23 NOTE
r-devel-linux-x86_64-fedora-gcc 2.2.0 235.69 NOTE
r-devel-osx-x86_64-clang 2.2.0 184.11 OK
r-devel-windows-ix86+x86_64 2.2.0 49.00 197.00 246.00 NOTE --no-vignettes
r-patched-linux-x86_64 2.2.0 11.16 65.35 76.51 OK --no-vignettes
r-patched-solaris-sparc 2.2.0 1538.40 OK
r-patched-solaris-x86 2.2.0 303.50 OK
r-release-linux-x86_64 2.2.0 10.11 64.82 74.93 OK --no-vignettes
r-release-osx-x86_64-mavericks 2.2.0 OK
r-release-windows-ix86+x86_64 2.2.0 49.00 121.00 170.00 OK --no-vignettes
r-oldrel-windows-ix86+x86_64 2.2.0 58.00 142.00 200.00 OK --no-vignettes

Check Details

Version: 2.2.0
Flags: --no-vignettes
Check: R code for possible problems
Result: NOTE
    FillEnvelope: no visible binding for global variable ‘quantile’
    Kdhat: no visible global function definition for ‘bw.nrd0’
    Kdhat: no visible global function definition for ‘bw.SJ’
    Kdhat: no visible global function definition for ‘density’
    Kdhat: no visible global function definition for ‘median’
    Kdhat: no visible global function definition for ‘approx’
    Ktest : covh1: no visible global function definition for ‘integrate’
    Ktest: no visible global function definition for ‘pchisq’
    ghat: no visible global function definition for ‘approx’
    mhat: no visible global function definition for ‘bw.nrd0’
    mhat: no visible global function definition for ‘bw.SJ’
    mhat : <anonymous>: no visible global function definition for ‘density’
    mhat: no visible global function definition for ‘density’
    mhat: no visible global function definition for ‘median’
    mhat: no visible global function definition for ‘approx’
    Undefined global functions or variables:
     approx bw.SJ bw.nrd0 density integrate median pchisq quantile
Flavors: r-devel-linux-x86_64-debian-clang, r-devel-linux-x86_64-debian-gcc, r-devel-windows-ix86+x86_64

Version: 2.2.0
Check: R code for possible problems
Result: NOTE
    FillEnvelope: no visible binding for global variable ‘quantile’
    Kdhat: no visible global function definition for ‘bw.nrd0’
    Kdhat: no visible global function definition for ‘bw.SJ’
    Kdhat: no visible global function definition for ‘density’
    Kdhat: no visible global function definition for ‘median’
    Kdhat: no visible global function definition for ‘approx’
    Ktest : covh1: no visible global function definition for ‘integrate’
    Ktest: no visible global function definition for ‘pchisq’
    ghat: no visible global function definition for ‘approx’
    mhat: no visible global function definition for ‘bw.nrd0’
    mhat: no visible global function definition for ‘bw.SJ’
    mhat : <anonymous>: no visible global function definition for ‘density’
    mhat: no visible global function definition for ‘density’
    mhat: no visible global function definition for ‘median’
    mhat: no visible global function definition for ‘approx’
    Undefined global functions or variables:
     approx bw.SJ bw.nrd0 density integrate median pchisq quantile
Flavors: r-devel-linux-x86_64-fedora-clang, r-devel-linux-x86_64-fedora-gcc