CRAN Package Check Results for Package dbmss

Last updated on 2014-11-01 05:48:50.

Flavor Version Tinstall Tcheck Ttotal Status Flags
r-devel-linux-x86_64-debian-clang 2.1.1 10.10 726.94 737.04 OK
r-devel-linux-x86_64-debian-gcc 2.1.1 11.02 909.90 920.92 OK
r-devel-linux-x86_64-fedora-clang 2.1.1 755.26 OK --no-build-vignettes
r-devel-linux-x86_64-fedora-gcc 2.1.1 854.77 OK --no-build-vignettes
r-devel-osx-x86_64-clang 2.1.1 491.00 OK --no-build-vignettes
r-devel-windows-ix86+x86_64 2.1.1 37.00 1085.00 1122.00 OK
r-patched-linux-x86_64 2.1.1 11.15 858.66 869.80 OK
r-patched-solaris-sparc 2.1.1 982.90 OK --no-vignettes
r-patched-solaris-x86 2.1.1 954.60 OK --no-build-vignettes
r-release-linux-ix86 2.1.1 13.27 686.54 699.82 ERROR
r-release-linux-x86_64 2.1.1 10.84 875.11 885.96 OK
r-release-osx-x86_64-mavericks 2.1.1 OK
r-release-osx-x86_64-snowleopard 2.1.1 OK
r-release-windows-ix86+x86_64 2.1.1 34.00 1106.00 1140.00 OK
r-oldrel-windows-ix86+x86_64 2.1.1 38.00 1264.00 1302.00 OK

Check Details

Version: 2.1.1
Check: running R code from vignettes
Result: ERROR
    Errors in running code in vignettes:
    when running code in ‘dbmss.Rnw’
     ...
     [etd 8:36] .........360 [etd 8:29] .........370 [etd 8:21] .........380 [etd 8:13] .........390 [etd 8:05] .........400
     [etd 7:56] .........410 [etd 7:48] .........420 [etd 7:40] .........430 [etd 7:32] .........440 [etd 7:25] .........450
     [etd 7:17] .........460 [etd 7:10] .........470 [etd 7:02] .........480 [etd 6:54] .........490 [etd 6:45] .........500
     [etd 6:37] .........510 [etd 6:29] .........520 [etd 6:21] .........530 [etd 6:13] .........540 [etd 6:06] .........550
     [etd 5:58] .........560 [etd 5:50] .........570 [etd 5:42] .........580 [etd 5:34] .........590 [etd 5:26] .........600
     [etd 5:18] .........610 [etd 5:10] .........620 [etd 5:02] .........630 [etd 4:54] .........640 [etd 4:46] .........650
     [etd 4:39] .........660 [etd 4:31] .........670 [etd 4:23] .........680 [etd 4:15] .........690 [etd 4:07] .........700
     [etd 3:59] .........710 [etd 3:51] .........720 [etd 3:43] .........730 [etd 3:35] .........740 [etd 3:27] .......
    
    ... incomplete output. Crash?
Flavor: r-release-linux-ix86