CRAN Package Check Results for Package dbmss

Last updated on 2014-07-31 09:49:19.

Flavor Version Tinstall Tcheck Ttotal Status Flags
r-devel-linux-x86_64-debian-clang 2.1.1 10.64 705.34 715.98 OK
r-devel-linux-x86_64-debian-gcc 2.1.1 10.68 893.58 904.26 OK
r-devel-linux-x86_64-fedora-clang 2.1.1 749.38 OK --no-build-vignettes
r-devel-linux-x86_64-fedora-gcc 2.1.1 836.15 OK --no-build-vignettes
r-devel-osx-x86_64-clang 2.1.1 498.55 OK --no-build-vignettes
r-devel-windows-ix86+x86_64 2.1.1 35.00 1067.00 1102.00 OK
r-patched-linux-x86_64 2.1.1 11.02 867.40 878.42 OK
r-patched-solaris-sparc 2.1.1 982.90 OK --no-vignettes
r-patched-solaris-x86 2.1.1 1132.20 OK --no-build-vignettes
r-release-linux-ix86 2.1.1 13.03 685.99 699.02 ERROR
r-release-linux-x86_64 2.1.1 10.88 854.03 864.91 OK
r-release-osx-x86_64-mavericks 2.1.1 OK
r-release-osx-x86_64-snowleopard 2.1.1 OK
r-release-windows-ix86+x86_64 2.1.1 50.00 1399.00 1449.00 OK
r-oldrel-windows-ix86+x86_64 2.1.1 35.00 1516.00 1551.00 OK

Check Details

Version: 2.1.1
Check: running R code from vignettes
Result: ERROR
    Errors in running code in vignettes:
    when running code in dbmss.Rnw
     ...
     [etd 8:39] .........360 [etd 8:31] .........370 [etd 8:23] .........380 [etd 8:15] .........390 [etd 8:07] .........400
     [etd 7:59] .........410 [etd 7:50] .........420 [etd 7:42] .........430 [etd 7:34] .........440 [etd 7:26] .........450
     [etd 7:18] .........460 [etd 7:10] .........470 [etd 7:02] .........480 [etd 6:54] .........490 [etd 6:46] .........500
     [etd 6:38] .........510 [etd 6:30] .........520 [etd 6:22] .........530 [etd 6:14] .........540 [etd 6:06] .........550
     [etd 5:58] .........560 [etd 5:50] .........570 [etd 5:42] .........580 [etd 5:34] .........590 [etd 5:26] .........600
     [etd 5:18] .........610 [etd 5:10] .........620 [etd 5:02] .........630 [etd 4:54] .........640 [etd 4:47] .........650
     [etd 4:38] .........660 [etd 4:31] .........670 [etd 4:23] .........680 [etd 4:15] .........690 [etd 4:07] .........700
     [etd 3:59] .........710 [etd 3:51] .........720 [etd 3:43] .........730 [etd 3:35] .........740 [etd 3:27] .......
    
    ... incomplete output. Crash?
Flavor: r-release-linux-ix86