CRAN Package Check Results for Package dbmss

Last updated on 2016-06-24 23:47:26.

Flavor Version Tinstall Tcheck Ttotal Status Flags
r-devel-linux-x86_64-debian-gcc 2.2-4 13.64 86.91 100.55 OK
r-devel-linux-x86_64-fedora-clang 2.2-4 202.34 OK
r-devel-linux-x86_64-fedora-gcc 2.2-4 185.94 OK
r-devel-osx-x86_64-clang 2.2-4 140.62 OK
r-devel-windows-ix86+x86_64 2.2-4 59.00 262.00 321.00 OK
r-patched-linux-x86_64 2.2-4 13.36 83.14 96.50 OK
r-patched-solaris-x86 2.2-4 268.60 NOTE
r-release-linux-x86_64 2.2-4 10.51 84.50 95.01 OK
r-release-osx-x86_64-mavericks 2.2-4 OK
r-release-windows-ix86+x86_64 2.2-4 56.00 259.00 315.00 OK
r-oldrel-windows-ix86+x86_64 2.2-4 63.00 331.00 394.00 OK

Memtest notes: clang-UBSAN clang-UBSAN

Check Details

Version: 2.2-4
Check: installed package size
Result: NOTE
     installed size is 5.9Mb
     sub-directories of 1Mb or more:
     libs 4.9Mb
Flavors: r-patched-solaris-sparc, r-patched-solaris-x86