CRAN Package Check Results for Package dbmss

Last updated on 2014-09-01 08:47:04.

Flavor Version Tinstall Tcheck Ttotal Status Flags
r-devel-linux-x86_64-debian-clang 2.1.1 12.30 763.56 775.86 OK
r-devel-linux-x86_64-debian-gcc 2.1.1 10.51 832.42 842.92 OK
r-devel-linux-x86_64-fedora-clang 2.1.1 766.64 OK --no-build-vignettes
r-devel-linux-x86_64-fedora-gcc 2.1.1 866.46 OK --no-build-vignettes
r-devel-osx-x86_64-clang 2.1.1 493.12 OK --no-build-vignettes
r-devel-windows-ix86+x86_64 2.1.1 37.00 1130.00 1167.00 OK
r-patched-linux-x86_64 2.1.1 10.78 887.92 898.70 OK
r-patched-solaris-sparc 2.1.1 982.90 OK --no-vignettes
r-patched-solaris-x86 2.1.1 938.40 OK --no-build-vignettes
r-release-linux-ix86 2.1.1 13.23 686.40 699.64 ERROR
r-release-linux-x86_64 2.1.1 11.08 839.37 850.45 OK
r-release-osx-x86_64-mavericks 2.1.1 OK
r-release-osx-x86_64-snowleopard 2.1.1 OK
r-release-windows-ix86+x86_64 2.1.1 35.00 1110.00 1145.00 OK
r-oldrel-windows-ix86+x86_64 2.1.1 50.00 1246.00 1296.00 OK

Check Details

Version: 2.1.1
Check: running R code from vignettes
Result: ERROR
    Errors in running code in vignettes:
    when running code in ‘dbmss.Rnw’
     ...
     [etd 8:43] .........360 [etd 8:35] .........370 [etd 8:27] .........380 [etd 8:19] .........390 [etd 8:11] .........400
     [etd 8:02] .........410 [etd 7:54] .........420 [etd 7:46] .........430 [etd 7:38] .........440 [etd 7:30] .........450
     [etd 7:22] .........460 [etd 7:14] .........470 [etd 7:06] .........480 [etd 6:58] .........490 [etd 6:49] .........500
     [etd 6:42] .........510 [etd 6:33] .........520 [etd 6:25] .........530 [etd 6:18] .........540 [etd 6:09] .........550
     [etd 6:01] .........560 [etd 5:53] .........570 [etd 5:45] .........580 [etd 5:37] .........590 [etd 5:29] .........600
     [etd 5:22] .........610 [etd 5:14] .........620 [etd 5:05] .........630 [etd 4:57] .........640 [etd 4:49] .........650
     [etd 4:42] .........660 [etd 4:34] .........670 [etd 4:25] .........680 [etd 4:17] .........690 [etd 4:09] .........700
     [etd 4:01] .........710 [etd 3:53] .........720 [etd 3:45] .........730 [etd 3:37] .........740 [etd 3:29]
    
    ... incomplete output. Crash?
Flavor: r-release-linux-ix86