CRAN Package Check Results for Package dbplyr

Last updated on 2020-07-11 02:09:19 CEST.

Flavor Version Tinstall Tcheck Ttotal Status Flags
r-devel-linux-x86_64-debian-clang 1.4.4 14.75 113.75 128.50 OK
r-devel-linux-x86_64-debian-gcc 1.4.4 10.81 85.87 96.68 OK
r-devel-linux-x86_64-fedora-clang 1.4.4 160.67 NOTE
r-devel-linux-x86_64-fedora-gcc 1.4.4 151.16 NOTE
r-devel-windows-ix86+x86_64 1.4.4 21.00 122.00 143.00 OK
r-patched-linux-x86_64 1.4.4 13.08 110.50 123.58 OK
r-patched-solaris-x86 1.4.4 203.60 NOTE
r-release-linux-x86_64 1.4.4 13.86 110.17 124.03 OK
r-release-osx-x86_64 1.4.4 NOTE
r-release-windows-ix86+x86_64 1.4.4 28.00 177.00 205.00 OK
r-oldrel-osx-x86_64 1.4.4 NOTE
r-oldrel-windows-ix86+x86_64 1.4.4 28.00 118.00 146.00 OK

Check Details

Version: 1.4.4
Check: dependencies in R code
Result: NOTE
    Namespace in Imports field not imported from: ‘magrittr’
     All declared Imports should be used.
Flavors: r-devel-linux-x86_64-fedora-clang, r-devel-linux-x86_64-fedora-gcc, r-patched-solaris-x86, r-release-osx-x86_64, r-oldrel-osx-x86_64

Version: 1.4.4
Check: package dependencies
Result: NOTE
    Package suggested but not available for checking: ‘RPostgres’
Flavor: r-patched-solaris-x86