CRAN Package Check Results for Package dbscan

Last updated on 2019-06-25 11:50:13 CEST.

Flavor Version Tinstall Tcheck Ttotal Status Flags
r-devel-linux-x86_64-debian-clang 1.1-3 111.48 85.90 197.38 OK
r-devel-linux-x86_64-debian-gcc 1.1-3 86.38 66.16 152.54 OK
r-devel-linux-x86_64-fedora-clang 1.1-3 297.59 NOTE
r-devel-linux-x86_64-fedora-gcc 1.1-3 259.29 OK
r-devel-windows-ix86+x86_64 1.1-3 339.00 145.00 484.00 NOTE
r-patched-linux-x86_64 1.1-3 104.98 83.24 188.22 OK
r-patched-solaris-x86 1.1-3 291.10 OK
r-release-linux-x86_64 1.1-3 104.20 83.03 187.23 OK
r-release-windows-ix86+x86_64 1.1-3 307.00 212.00 519.00 NOTE
r-release-osx-x86_64 1.1-3 NOTE
r-oldrel-windows-ix86+x86_64 1.1-3 253.00 140.00 393.00 NOTE
r-oldrel-osx-x86_64 1.1-3 NOTE

Check Details

Version: 1.1-3
Check: installed package size
Result: NOTE
     installed size is 9.1Mb
     sub-directories of 1Mb or more:
     doc 2.4Mb
     libs 6.3Mb
Flavors: r-devel-linux-x86_64-fedora-clang, r-devel-windows-ix86+x86_64, r-release-windows-ix86+x86_64, r-release-osx-x86_64, r-oldrel-windows-ix86+x86_64, r-oldrel-osx-x86_64