CRAN Package Check Results for Package dbscan

Last updated on 2018-09-19 12:49:47 CEST.

Flavor Version Tinstall Tcheck Ttotal Status Flags
r-devel-linux-x86_64-debian-clang 1.1-2 108.69 79.53 188.22 OK
r-devel-linux-x86_64-debian-gcc 1.1-2 95.02 61.06 156.08 OK
r-devel-linux-x86_64-fedora-clang 1.1-2 288.08 NOTE
r-devel-linux-x86_64-fedora-gcc 1.1-2 247.55 OK
r-devel-windows-ix86+x86_64 1.1-2 253.00 199.00 452.00 OK
r-patched-linux-x86_64 1.1-2 116.62 73.49 190.11 OK
r-patched-solaris-x86 1.1-2 266.90 OK
r-release-linux-x86_64 1.1-2 117.49 73.22 190.71 OK
r-release-windows-ix86+x86_64 1.1-2 330.00 140.00 470.00 OK
r-release-osx-x86_64 1.1-2 NOTE
r-oldrel-windows-ix86+x86_64 1.1-2 281.00 137.00 418.00 OK
r-oldrel-osx-x86_64 1.1-2 NOTE

Check Details

Version: 1.1-2
Check: installed package size
Result: NOTE
     installed size is 8.0Mb
     sub-directories of 1Mb or more:
     libs 6.7Mb
Flavors: r-devel-linux-x86_64-fedora-clang, r-release-osx-x86_64, r-oldrel-osx-x86_64