CRAN Package Check Results for Package dbscan

Last updated on 2017-05-25 21:51:39.

Flavor Version Tinstall Tcheck Ttotal Status Flags
r-devel-linux-x86_64-debian-clang 1.1-1 74.33 55.32 129.65 OK
r-devel-linux-x86_64-debian-gcc 1.1-1 75.79 52.07 127.86 OK
r-devel-linux-x86_64-fedora-clang 1.1-1 261.93 NOTE --no-stop-on-test-error
r-devel-linux-x86_64-fedora-gcc 1.1-1 243.42 NOTE --no-stop-on-test-error
r-devel-windows-ix86+x86_64 1.1-1 247.00 142.00 389.00 OK
r-patched-linux-x86_64 1.1-1 63.96 50.63 114.59 OK
r-patched-solaris-sparc 1.1-1 1170.80 NOTE
r-patched-solaris-x86 1.1-1 246.90 NOTE --no-stop-on-test-error
r-release-linux-x86_64 1.1-1 65.73 51.22 116.95 OK
r-release-windows-ix86+x86_64 1.1-1 300.00 141.00 441.00 OK
r-release-osx-x86_64 1.1-1 NOTE
r-oldrel-windows-ix86+x86_64 1.1-1 307.00 124.00 431.00 OK
r-oldrel-osx-x86_64 1.1-1 NOTE

Check Details

Version: 1.1-1
Flags: --no-stop-on-test-error
Check: installed package size
Result: NOTE
     installed size is 8.9Mb
     sub-directories of 1Mb or more:
     doc 2.4Mb
     libs 6.2Mb
Flavors: r-devel-linux-x86_64-fedora-clang, r-devel-linux-x86_64-fedora-gcc

Version: 1.1-1
Check: package dependencies
Result: NOTE
    Package suggested but not available for checking: ‘microbenchmark’
Flavor: r-patched-solaris-sparc

Version: 1.1-1
Flags: --no-stop-on-test-error
Check: package dependencies
Result: NOTE
    Package suggested but not available for checking: ‘microbenchmark’
Flavor: r-patched-solaris-x86

Version: 1.1-1
Check: installed package size
Result: NOTE
     installed size is 7.5Mb
     sub-directories of 1Mb or more:
     doc 2.4Mb
     libs 4.9Mb
Flavors: r-release-osx-x86_64, r-oldrel-osx-x86_64

Version: 1.1-1
Check: re-building of vignette outputs
Result: NOTE
    Error in re-building vignettes:
     ...
    Warning in engine$weave(file, quiet = quiet, encoding = enc) :
     Pandoc (>= 1.12.3) and/or pandoc-citeproc not available. Falling back to R Markdown v1.
    Error in texi2dvi(file = file, pdf = TRUE, clean = clean, quiet = quiet, :
     Running 'texi2dvi' on 'dbscan.tex' failed.
    LaTeX errors:
    ! LaTeX Error: File `appendix.sty' not found.
    
    Type X to quit or <RETURN> to proceed,
    or enter new name. (Default extension: sty)
    
    ! Emergency stop.
    <read *>
    
    l.20 ^^M
    
    ! ==> Fatal error occurred, no output PDF file produced!
    Calls: buildVignettes -> texi2pdf -> texi2dvi
    Execution halted
Flavor: r-release-osx-x86_64