CRAN Package Check Results for Package dbscan

Last updated on 2018-06-23 21:47:17 CEST.

Flavor Version Tinstall Tcheck Ttotal Status Flags
r-devel-linux-x86_64-debian-clang 1.1-2 114.50 79.40 193.90 OK
r-devel-linux-x86_64-debian-gcc 1.1-2 78.32 59.75 138.07 OK
r-devel-linux-x86_64-fedora-clang 1.1-2 273.43 NOTE
r-devel-linux-x86_64-fedora-gcc 1.1-2 242.36 OK
r-devel-windows-ix86+x86_64 1.1-2 332.00 137.00 469.00 OK
r-patched-linux-x86_64 1.1-2 110.14 74.53 184.67 OK
r-patched-solaris-x86 1.1-2 266.60 OK
r-release-linux-x86_64 1.1-2 110.64 73.28 183.92 OK
r-release-windows-ix86+x86_64 1.1-2 307.00 154.00 461.00 OK
r-release-osx-x86_64 1.1-2 NOTE
r-oldrel-windows-ix86+x86_64 1.1-2 329.00 141.00 470.00 OK
r-oldrel-osx-x86_64 1.1-2 NOTE

Check Details

Version: 1.1-2
Check: installed package size
Result: NOTE
     installed size is 7.8Mb
     sub-directories of 1Mb or more:
     libs 6.5Mb
Flavors: r-devel-linux-x86_64-fedora-clang, r-release-osx-x86_64, r-oldrel-osx-x86_64