CRAN Package Check Results for Package dbscan

Last updated on 2017-07-25 03:49:18.

Flavor Version Tinstall Tcheck Ttotal Status Flags
r-devel-linux-x86_64-debian-clang 1.1-1 75.39 60.79 136.18 OK
r-devel-linux-x86_64-debian-gcc 1.1-1 80.10 60.40 140.50 OK
r-devel-linux-x86_64-fedora-clang 1.1-1 265.38 NOTE
r-devel-linux-x86_64-fedora-gcc 1.1-1 244.93 NOTE
r-devel-windows-ix86+x86_64 1.1-1 340.00 144.00 484.00 OK
r-patched-linux-x86_64 1.1-1 76.83 58.98 135.81 OK
r-patched-solaris-x86 1.1-1 278.00 NOTE
r-release-linux-x86_64 1.1-1 77.26 61.06 138.32 OK
r-release-windows-ix86+x86_64 1.1-1 249.00 202.00 451.00 OK
r-release-osx-x86_64 1.1-1 NOTE
r-oldrel-windows-ix86+x86_64 1.1-1 244.00 137.00 381.00 OK
r-oldrel-osx-x86_64 1.1-1 NOTE

Check Details

Version: 1.1-1
Check: installed package size
Result: NOTE
     installed size is 8.9Mb
     sub-directories of 1Mb or more:
     doc 2.4Mb
     libs 6.2Mb
Flavors: r-devel-linux-x86_64-fedora-clang, r-devel-linux-x86_64-fedora-gcc, r-release-osx-x86_64, r-oldrel-osx-x86_64

Version: 1.1-1
Check: package dependencies
Result: NOTE
    Package suggested but not available for checking: ‘microbenchmark’
Flavor: r-patched-solaris-x86

Version: 1.1-1
Check: re-building of vignette outputs
Result: NOTE
    Error in re-building vignettes:
     ...
    Warning in engine$weave(file, quiet = quiet, encoding = enc) :
     Pandoc (>= 1.12.3) and/or pandoc-citeproc not available. Falling back to R Markdown v1.
    Error in texi2dvi(file = file, pdf = TRUE, clean = clean, quiet = quiet, :
     Running 'texi2dvi' on 'dbscan.tex' failed.
    LaTeX errors:
    ! LaTeX Error: File `appendix.sty' not found.
    
    Type X to quit or <RETURN> to proceed,
    or enter new name. (Default extension: sty)
    
    ! Emergency stop.
    <read *>
    
    l.20 ^^M
    
    ! ==> Fatal error occurred, no output PDF file produced!
    Calls: buildVignettes -> texi2pdf -> texi2dvi
    Execution halted
Flavor: r-release-osx-x86_64