CRAN Package Check Results for Package dbscan

Last updated on 2018-02-24 10:48:43 CET.

Flavor Version Tinstall Tcheck Ttotal Status Flags
r-devel-linux-x86_64-debian-clang 1.1-1 110.13 75.22 185.35 OK
r-devel-linux-x86_64-debian-gcc 1.1-1 75.03 55.02 130.05 OK
r-devel-linux-x86_64-fedora-clang 1.1-1 275.25 NOTE
r-devel-linux-x86_64-fedora-gcc 1.1-1 239.78 NOTE
r-devel-windows-ix86+x86_64 1.1-1 337.00 169.00 506.00 OK
r-patched-linux-x86_64 1.1-1 111.39 80.39 191.78 OK
r-patched-solaris-x86 1.1-1 278.10 OK
r-release-linux-x86_64 1.1-1 106.19 80.11 186.30 OK
r-release-windows-ix86+x86_64 1.1-1 226.00 183.00 409.00 OK
r-release-osx-x86_64 1.1-1 NOTE
r-oldrel-windows-ix86+x86_64 1.1-1 247.00 136.00 383.00 OK
r-oldrel-osx-x86_64 1.1-1 NOTE

Check Details

Version: 1.1-1
Check: installed package size
Result: NOTE
     installed size is 9.2Mb
     sub-directories of 1Mb or more:
     doc 2.4Mb
     libs 6.5Mb
Flavors: r-devel-linux-x86_64-fedora-clang, r-devel-linux-x86_64-fedora-gcc, r-release-osx-x86_64, r-oldrel-osx-x86_64

Version: 1.1-1
Check: re-building of vignette outputs
Result: NOTE
    Error in re-building vignettes:
     ...
    Warning in engine$weave(file, quiet = quiet, encoding = enc) :
     Pandoc (>= 1.12.3) and/or pandoc-citeproc not available. Falling back to R Markdown v1.
    Error in texi2dvi(file = file, pdf = TRUE, clean = clean, quiet = quiet, :
     Running 'texi2dvi' on 'dbscan.tex' failed.
    LaTeX errors:
    ! LaTeX Error: File `appendix.sty' not found.
    
    Type X to quit or <RETURN> to proceed,
    or enter new name. (Default extension: sty)
    
    ! Emergency stop.
    <read *>
    
    l.20 ^^M
    
    ! ==> Fatal error occurred, no output PDF file produced!
    Calls: buildVignettes -> texi2pdf -> texi2dvi
    Execution halted
Flavor: r-release-osx-x86_64