CRAN Package Check Results for Package dbstats

Last updated on 2014-09-03 08:53:27.

Flavor Version Tinstall Tcheck Ttotal Status Flags
r-devel-linux-x86_64-debian-clang 1.0.3 1.01 31.80 32.81 NOTE
r-devel-linux-x86_64-debian-gcc 1.0.3 0.99 29.74 30.73 NOTE
r-devel-linux-x86_64-fedora-clang 1.0.3 62.70 NOTE
r-devel-linux-x86_64-fedora-gcc 1.0.3 60.62 NOTE
r-devel-osx-x86_64-clang 1.0.3 56.43 NOTE
r-devel-windows-ix86+x86_64 1.0.3 4.00 44.00 48.00 NOTE
r-patched-linux-x86_64 1.0.3 1.03 32.10 33.13 NOTE
r-patched-solaris-sparc 1.0.3 400.50 NOTE
r-patched-solaris-x86 1.0.3 77.40 NOTE
r-release-linux-ix86 1.0.3 1.46 41.06 42.52 NOTE
r-release-linux-x86_64 1.0.3 1.05 32.57 33.62 NOTE
r-release-osx-x86_64-mavericks 1.0.3 NOTE
r-release-osx-x86_64-snowleopard 1.0.3 OK
r-release-windows-ix86+x86_64 1.0.3 4.00 46.00 50.00 NOTE
r-oldrel-windows-ix86+x86_64 1.0.3 4.00 43.00 47.00 NOTE

Check Details

Version: 1.0.3
Check: dependencies in R code
Result: NOTE
    Packages in Depends field not imported from:
     ‘cluster’ ‘pls’
     These packages need to be imported from (in the NAMESPACE file)
     for when this namespace is loaded but not attached.
    See the information on DESCRIPTION files in the chapter ‘Creating R
    packages’ of the ‘Writing R Extensions’ manual.
Flavors: r-devel-linux-x86_64-debian-clang, r-devel-linux-x86_64-debian-gcc, r-devel-linux-x86_64-fedora-clang, r-devel-linux-x86_64-fedora-gcc, r-devel-osx-x86_64-clang, r-devel-windows-ix86+x86_64, r-patched-linux-x86_64, r-patched-solaris-sparc, r-patched-solaris-x86, r-release-linux-ix86, r-release-linux-x86_64, r-release-osx-x86_64-mavericks, r-release-windows-ix86+x86_64, r-oldrel-windows-ix86+x86_64

Version: 1.0.3
Check: R code for possible problems
Result: NOTE
    predict.dbglm: no visible global function definition for ‘daisy’
    predict.dblm: no visible global function definition for ‘daisy’
    predict.dbplsr: no visible global function definition for ‘daisy’
    predict.ldbglm: no visible global function definition for ‘daisy’
    predict.ldblm: no visible global function definition for ‘daisy’
    z_to_dist: no visible global function definition for ‘daisy’
Flavors: r-devel-linux-x86_64-debian-clang, r-devel-linux-x86_64-debian-gcc, r-devel-linux-x86_64-fedora-clang, r-devel-linux-x86_64-fedora-gcc, r-devel-osx-x86_64-clang, r-devel-windows-ix86+x86_64