CRAN Package Check Results for Package dbstats

Last updated on 2016-12-05 02:46:48.

Flavor Version Tinstall Tcheck Ttotal Status Flags
r-devel-linux-x86_64-debian-clang 1.0.4 1.16 34.73 35.88 NOTE
r-devel-linux-x86_64-debian-gcc 1.0.4 0.99 34.70 35.69 NOTE
r-devel-linux-x86_64-fedora-clang 1.0.4 66.65 NOTE --no-stop-on-test-error
r-devel-linux-x86_64-fedora-gcc 1.0.4 64.67 NOTE --no-stop-on-test-error
r-devel-macos-x86_64-clang 1.0.4 53.24 NOTE
r-devel-windows-ix86+x86_64 1.0.4 5.00 81.00 86.00 NOTE
r-patched-linux-x86_64 1.0.4 0.99 32.21 33.20 NOTE
r-patched-solaris-sparc 1.0.4 390.30 NOTE
r-patched-solaris-x86 1.0.4 72.60 NOTE
r-release-linux-x86_64 1.0.4 0.96 31.84 32.80 NOTE
r-release-osx-x86_64-mavericks 1.0.4 NOTE
r-release-windows-ix86+x86_64 1.0.4 7.00 52.00 59.00 NOTE
r-oldrel-windows-ix86+x86_64 1.0.4 4.00 60.00 64.00 OK

Check Details

Version: 1.0.4
Check: R code for possible problems
Result: NOTE
    D2toDist: no visible global function definition for ‘as.dist’
    controls_ldblm: no visible global function definition for ‘quantile’
    controls_ldblm: no visible global function definition for ‘as.dist’
    dbglm.D2: no visible binding for global variable ‘gaussian’
    dbglm.D2: no visible global function definition for ‘optimise’
    dbglm.Gram: no visible binding for global variable ‘gaussian’
    dbglm.dist: no visible binding for global variable ‘gaussian’
    dbglm.formula: no visible binding for global variable ‘gaussian’
    dbglm.iteration: no visible global function definition for ‘predict’
    dbglm.yz: no visible binding for global variable ‘gaussian’
    dblm.Gram: no visible global function definition for ‘optimise’
    formula_to_zy: no visible global function definition for ‘model.matrix’
    formula_to_zy: no visible global function definition for
     ‘model.response’
    ldbglm.D2: no visible global function definition for ‘gaussian’
    ldbglm.D2: no visible global function definition for ‘quantile’
    ldbglm.Gram: no visible global function definition for ‘gaussian’
    ldbglm.dist: no visible global function definition for ‘gaussian’
    ldbglm.dist: no visible global function definition for ‘quantile’
    ldbglm.formula: no visible global function definition for ‘gaussian’
    ldbglm.yz: no visible global function definition for ‘gaussian’
    ldblm.D2: no visible global function definition for ‘quantile’
    ldblm.dist: no visible global function definition for ‘quantile’
    plot.dblm: no visible global function definition for ‘par’
    plot.dblm: no visible global function definition for ‘devAskNewPage’
    plot.dblm: no visible global function definition for ‘extendrange’
    plot.dblm: no visible global function definition for ‘plot’
    plot.dblm: no visible global function definition for ‘abline’
    plot.dblm: no visible global function definition for ‘lines’
    plot.dblm: no visible global function definition for ‘lowess’
    plot.dblm: no visible global function definition for ‘strheight’
    plot.dblm: no visible global function definition for ‘text’
    plot.dblm: no visible global function definition for ‘qqnorm’
    plot.dblm: no visible global function definition for ‘qqline’
    plot.dblm: no visible global function definition for ‘legend’
    plot.dblm: no visible global function definition for ‘axis’
    plot.dbplsr: no visible global function definition for ‘par’
    plot.dbplsr: no visible global function definition for ‘devAskNewPage’
    plot.dbplsr: no visible global function definition for ‘plot’
    plot.dbplsr: no visible global function definition for ‘lines’
    plot.ldblm: no visible global function definition for ‘par’
    plot.ldblm: no visible global function definition for ‘devAskNewPage’
    plot.ldblm: no visible global function definition for ‘extendrange’
    plot.ldblm: no visible global function definition for ‘plot’
    plot.ldblm: no visible global function definition for ‘abline’
    plot.ldblm: no visible global function definition for ‘text’
    predict.dbglm: no visible global function definition for ‘model.matrix’
    predict.dbglm: no visible global function definition for ‘formula’
    predict.dbglm: no visible global function definition for ‘predict’
    predict.dblm: no visible global function definition for ‘model.matrix’
    predict.dblm: no visible global function definition for ‘formula’
    predict.dbplsr: no visible global function definition for
     ‘model.matrix’
    predict.dbplsr: no visible global function definition for ‘formula’
    predict.ldbglm: no visible global function definition for
     ‘model.matrix’
    predict.ldbglm: no visible global function definition for ‘formula’
    predict.ldbglm: no visible global function definition for ‘predict’
    predict.ldblm: no visible global function definition for ‘model.matrix’
    predict.ldblm: no visible global function definition for ‘formula’
    predict.ldblm: no visible global function definition for ‘predict’
    Undefined global functions or variables:
     abline as.dist axis devAskNewPage extendrange formula gaussian legend
     lines lowess model.matrix model.response optimise par plot predict
     qqline qqnorm quantile strheight text
    Consider adding
     importFrom("grDevices", "devAskNewPage", "extendrange")
     importFrom("graphics", "abline", "axis", "legend", "lines", "par",
     "plot", "strheight", "text")
     importFrom("stats", "as.dist", "formula", "gaussian", "lowess",
     "model.matrix", "model.response", "optimise", "predict",
     "qqline", "qqnorm", "quantile")
    to your NAMESPACE file.
Flavors: r-devel-linux-x86_64-debian-clang, r-devel-linux-x86_64-debian-gcc, r-devel-macos-x86_64-clang, r-devel-windows-ix86+x86_64, r-patched-linux-x86_64, r-patched-solaris-sparc, r-patched-solaris-x86, r-release-linux-x86_64, r-release-osx-x86_64-mavericks, r-release-windows-ix86+x86_64

Version: 1.0.4
Flags: --no-stop-on-test-error
Check: R code for possible problems
Result: NOTE
    D2toDist: no visible global function definition for ‘as.dist’
    controls_ldblm: no visible global function definition for ‘quantile’
    controls_ldblm: no visible global function definition for ‘as.dist’
    dbglm.D2: no visible binding for global variable ‘gaussian’
    dbglm.D2: no visible global function definition for ‘optimise’
    dbglm.Gram: no visible binding for global variable ‘gaussian’
    dbglm.dist: no visible binding for global variable ‘gaussian’
    dbglm.formula: no visible binding for global variable ‘gaussian’
    dbglm.iteration: no visible global function definition for ‘predict’
    dbglm.yz: no visible binding for global variable ‘gaussian’
    dblm.Gram: no visible global function definition for ‘optimise’
    formula_to_zy: no visible global function definition for ‘model.matrix’
    formula_to_zy: no visible global function definition for
     ‘model.response’
    ldbglm.D2: no visible global function definition for ‘gaussian’
    ldbglm.D2: no visible global function definition for ‘quantile’
    ldbglm.Gram: no visible global function definition for ‘gaussian’
    ldbglm.dist: no visible global function definition for ‘gaussian’
    ldbglm.dist: no visible global function definition for ‘quantile’
    ldbglm.formula: no visible global function definition for ‘gaussian’
    ldbglm.yz: no visible global function definition for ‘gaussian’
    ldblm.D2: no visible global function definition for ‘quantile’
    ldblm.dist: no visible global function definition for ‘quantile’
    plot.dblm: no visible global function definition for ‘par’
    plot.dblm: no visible global function definition for ‘devAskNewPage’
    plot.dblm: no visible global function definition for ‘extendrange’
    plot.dblm: no visible global function definition for ‘plot’
    plot.dblm: no visible global function definition for ‘abline’
    plot.dblm: no visible global function definition for ‘lines’
    plot.dblm: no visible global function definition for ‘lowess’
    plot.dblm: no visible global function definition for ‘strheight’
    plot.dblm: no visible global function definition for ‘text’
    plot.dblm: no visible global function definition for ‘qqnorm’
    plot.dblm: no visible global function definition for ‘qqline’
    plot.dblm: no visible global function definition for ‘legend’
    plot.dblm: no visible global function definition for ‘axis’
    plot.dbplsr: no visible global function definition for ‘par’
    plot.dbplsr: no visible global function definition for ‘devAskNewPage’
    plot.dbplsr: no visible global function definition for ‘plot’
    plot.dbplsr: no visible global function definition for ‘lines’
    plot.ldblm: no visible global function definition for ‘par’
    plot.ldblm: no visible global function definition for ‘devAskNewPage’
    plot.ldblm: no visible global function definition for ‘extendrange’
    plot.ldblm: no visible global function definition for ‘plot’
    plot.ldblm: no visible global function definition for ‘abline’
    plot.ldblm: no visible global function definition for ‘text’
    predict.dbglm: no visible global function definition for ‘model.matrix’
    predict.dbglm: no visible global function definition for ‘formula’
    predict.dbglm: no visible global function definition for ‘predict’
    predict.dblm: no visible global function definition for ‘model.matrix’
    predict.dblm: no visible global function definition for ‘formula’
    predict.dbplsr: no visible global function definition for
     ‘model.matrix’
    predict.dbplsr: no visible global function definition for ‘formula’
    predict.ldbglm: no visible global function definition for
     ‘model.matrix’
    predict.ldbglm: no visible global function definition for ‘formula’
    predict.ldbglm: no visible global function definition for ‘predict’
    predict.ldblm: no visible global function definition for ‘model.matrix’
    predict.ldblm: no visible global function definition for ‘formula’
    predict.ldblm: no visible global function definition for ‘predict’
    Undefined global functions or variables:
     abline as.dist axis devAskNewPage extendrange formula gaussian legend
     lines lowess model.matrix model.response optimise par plot predict
     qqline qqnorm quantile strheight text
    Consider adding
     importFrom("grDevices", "devAskNewPage", "extendrange")
     importFrom("graphics", "abline", "axis", "legend", "lines", "par",
     "plot", "strheight", "text")
     importFrom("stats", "as.dist", "formula", "gaussian", "lowess",
     "model.matrix", "model.response", "optimise", "predict",
     "qqline", "qqnorm", "quantile")
    to your NAMESPACE file.
Flavors: r-devel-linux-x86_64-fedora-clang, r-devel-linux-x86_64-fedora-gcc