CRAN Package Check Results for Package dbstats

Last updated on 2014-04-24 23:48:01.

Flavor Version Tinstall Tcheck Ttotal Status Flags
r-devel-linux-x86_64-debian-clang 1.0.3 1.09 33.35 34.44 NOTE
r-devel-linux-x86_64-debian-gcc 1.0.3 1.09 33.34 34.43 NOTE
r-devel-linux-x86_64-fedora-clang 1.0.3 67.13 NOTE
r-devel-linux-x86_64-fedora-gcc 1.0.3 64.41 NOTE
r-devel-osx-x86_64-clang 1.0.3 54.11 NOTE
r-devel-osx-x86_64-gcc 1.0.3 NOTE
r-devel-windows-ix86+x86_64 1.0.3 3.00 44.00 47.00 NOTE
r-patched-linux-x86_64 1.0.3 1.08 32.84 33.92 NOTE
r-patched-solaris-sparc 1.0.3 394.40 NOTE
r-patched-solaris-x86 1.0.3 78.80 NOTE
r-release-linux-ix86 1.0.3 2.00 53.00 55.00 NOTE
r-release-linux-x86_64 1.0.3 1.08 32.89 33.96 NOTE
r-release-osx-x86_64-mavericks 1.0.3 WARN
r-release-osx-x86_64-snowleopard 1.0.3 OK
r-release-windows-ix86+x86_64 1.0.3 4.00 47.00 51.00 NOTE
r-oldrel-windows-ix86+x86_64 1.0.3 4.00 46.00 50.00 NOTE

Check Details

Version: 1.0.3
Check: dependencies in R code
Result: NOTE
    Packages in Depends field not imported from:
     ‘cluster’ ‘pls’
     These packages need to be imported from (in the NAMESPACE file)
     for when this namespace is loaded but not attached.
    See the information on DESCRIPTION files in the chapter ‘Creating R
    packages’ of the ‘Writing R Extensions’ manual.
Flavors: r-devel-linux-x86_64-debian-clang, r-devel-linux-x86_64-debian-gcc, r-devel-linux-x86_64-fedora-clang, r-devel-linux-x86_64-fedora-gcc, r-devel-osx-x86_64-clang, r-devel-osx-x86_64-gcc, r-devel-windows-ix86+x86_64, r-patched-linux-x86_64, r-patched-solaris-sparc, r-patched-solaris-x86, r-release-linux-ix86, r-release-linux-x86_64, r-release-osx-x86_64-mavericks, r-release-windows-ix86+x86_64, r-oldrel-windows-ix86+x86_64

Version: 1.0.3
Check: package dependencies
Result: NOTE
    Package suggested but not available for checking: ‘proxy’
Flavor: r-devel-osx-x86_64-gcc

Version: 1.0.3
Check: Rd cross-references
Result: NOTE
    Package unavailable to check Rd xrefs: ‘proxy’
Flavor: r-devel-osx-x86_64-gcc

Version: 1.0.3
Check: PDF version of manual
Result: WARNING
    LaTeX errors when creating PDF version.
    This typically indicates Rd problems.
    LaTeX errors found:
    ! LaTeX Error: File `upquote.sty' not found.
    
    Type X to quit or <RETURN> to proceed,
    or enter new name. (Default extension: sty)
    
    1852d02/Rd2.tex:8: ==> Fatal error occurred, no output PDF file produced!
Flavor: r-release-osx-x86_64-mavericks