CRAN Package Check Results for Package dbstats

Last updated on 2025-01-19 14:48:18 CET.

Flavor Version Tinstall Tcheck Ttotal Status Flags
r-devel-linux-x86_64-debian-clang 2.0.2 5.86 49.73 55.59 NOTE
r-devel-linux-x86_64-debian-gcc 2.0.2 3.95 33.51 37.46 NOTE
r-devel-linux-x86_64-fedora-clang 2.0.2 91.04 OK
r-devel-linux-x86_64-fedora-gcc 2.0.2 87.32 OK
r-devel-windows-x86_64 2.0.2 7.00 71.00 78.00 NOTE
r-patched-linux-x86_64 2.0.2 7.20 49.52 56.72 OK
r-release-linux-x86_64 2.0.2 5.79 49.98 55.77 OK
r-release-macos-arm64 2.0.2 26.00 OK
r-release-macos-x86_64 2.0.2 44.00 OK
r-release-windows-x86_64 2.0.2 8.00 72.00 80.00 OK
r-oldrel-macos-arm64 2.0.2 32.00 OK
r-oldrel-macos-x86_64 2.0.2 80.00 OK
r-oldrel-windows-x86_64 2.0.2 8.00 84.00 92.00 OK

Check Details

Version: 2.0.2
Check: Rd cross-references
Result: NOTE Found the following Rd file(s) with Rd \link{} targets missing package anchors: dbglm.Rd: daisy dblm.Rd: daisy dbplsr.Rd: plsr, daisy disttoD2.rd: daisy Please provide package anchors for all Rd \link{} targets not in the package itself and the base packages. Flavors: r-devel-linux-x86_64-debian-clang, r-devel-linux-x86_64-debian-gcc, r-devel-windows-x86_64