CRAN Package Check Results for Package dbstats

Last updated on 2015-05-23 03:48:39.

Flavor Version Tinstall Tcheck Ttotal Status Flags
r-devel-linux-x86_64-debian-clang 1.0.4 1.16 30.53 31.69 OK
r-devel-linux-x86_64-debian-gcc 1.0.4 1.04 30.93 31.97 OK
r-devel-linux-x86_64-fedora-clang 1.0.4 60.38 OK
r-devel-linux-x86_64-fedora-gcc 1.0.4 58.05 OK
r-devel-osx-x86_64-clang 1.0.4 61.28 OK
r-devel-windows-ix86+x86_64 1.0.4 4.00 42.00 46.00 OK
r-patched-linux-x86_64 1.0.4 1.01 38.29 39.30 OK
r-patched-solaris-sparc 1.0.4 399.60 OK
r-patched-solaris-x86 1.0.4 73.80 OK
r-release-linux-x86_64 1.0.4 1.05 31.04 32.09 OK
r-release-osx-x86_64-mavericks 1.0.4 OK
r-release-osx-x86_64-snowleopard 1.0.4 NOTE
r-release-windows-ix86+x86_64 1.0.4 4.00 50.00 54.00 OK
r-oldrel-windows-ix86+x86_64 1.0.4 4.00 72.00 76.00 OK

Check Details

Version: 1.0.4
Check: package dependencies
Result: NOTE
    Package suggested but not available for checking: ‘proxy’
Flavor: r-release-osx-x86_64-snowleopard

Version: 1.0.4
Check: Rd cross-references
Result: NOTE
    Package unavailable to check Rd xrefs: ‘proxy’
Flavor: r-release-osx-x86_64-snowleopard