CRAN Package Check Results for Package dbstats

Last updated on 2014-11-22 03:49:26.

Flavor Version Tinstall Tcheck Ttotal Status Flags
r-devel-linux-x86_64-debian-clang 1.0.3 1.06 31.38 32.44 NOTE
r-devel-linux-x86_64-debian-gcc 1.0.3 1.03 31.28 32.32 NOTE
r-devel-linux-x86_64-fedora-clang 1.0.3 66.29 NOTE
r-devel-linux-x86_64-fedora-gcc 1.0.3 62.11 NOTE
r-devel-osx-x86_64-clang 1.0.3 60.27 NOTE
r-devel-windows-ix86+x86_64 1.0.3 4.00 47.00 51.00 NOTE
r-patched-linux-x86_64 1.0.3 1.17 33.39 34.56 NOTE
r-patched-solaris-sparc 1.0.3 391.60 NOTE
r-patched-solaris-x86 1.0.3 80.10 NOTE
r-release-linux-ix86 1.0.3 1.43 40.09 41.52 NOTE
r-release-linux-x86_64 1.0.3 1.08 32.88 33.96 NOTE
r-release-osx-x86_64-mavericks 1.0.3 NOTE
r-release-osx-x86_64-snowleopard 1.0.3 OK
r-release-windows-ix86+x86_64 1.0.3 5.00 47.00 52.00 NOTE
r-oldrel-windows-ix86+x86_64 1.0.3 4.00 51.00 55.00 NOTE

Check Details

Version: 1.0.3
Check: dependencies in R code
Result: NOTE
    Packages in Depends field not imported from:
     ‘cluster’ ‘pls’
     These packages need to be imported from (in the NAMESPACE file)
     for when this namespace is loaded but not attached.
    See the information on DESCRIPTION files in the chapter ‘Creating R
    packages’ of the ‘Writing R Extensions’ manual.
Flavors: r-devel-linux-x86_64-debian-clang, r-devel-linux-x86_64-debian-gcc, r-devel-linux-x86_64-fedora-clang, r-devel-linux-x86_64-fedora-gcc, r-devel-osx-x86_64-clang, r-devel-windows-ix86+x86_64, r-patched-linux-x86_64, r-patched-solaris-sparc, r-patched-solaris-x86, r-release-linux-ix86, r-release-linux-x86_64, r-release-osx-x86_64-mavericks, r-release-windows-ix86+x86_64, r-oldrel-windows-ix86+x86_64

Version: 1.0.3
Check: R code for possible problems
Result: NOTE
    predict.dbglm: no visible global function definition for ‘daisy’
    predict.dblm: no visible global function definition for ‘daisy’
    predict.dbplsr: no visible global function definition for ‘daisy’
    predict.ldbglm: no visible global function definition for ‘daisy’
    predict.ldblm: no visible global function definition for ‘daisy’
    z_to_dist: no visible global function definition for ‘daisy’
Flavors: r-devel-linux-x86_64-debian-clang, r-devel-linux-x86_64-debian-gcc, r-devel-linux-x86_64-fedora-clang, r-devel-linux-x86_64-fedora-gcc, r-devel-osx-x86_64-clang, r-devel-windows-ix86+x86_64, r-patched-linux-x86_64, r-patched-solaris-sparc, r-patched-solaris-x86, r-release-linux-ix86, r-release-linux-x86_64, r-release-windows-ix86+x86_64