CRAN Package Check Results for Package dbstats

Last updated on 2024-07-14 09:51:09 CEST.

Flavor Version Tinstall Tcheck Ttotal Status Flags
r-devel-linux-x86_64-debian-clang 2.0.2 6.50 64.96 71.46 OK
r-devel-linux-x86_64-debian-gcc 2.0.2 6.01 49.16 55.17 OK
r-devel-linux-x86_64-fedora-clang 2.0.2 90.63 OK
r-devel-linux-x86_64-fedora-gcc 2.0.2 86.93 OK
r-devel-windows-x86_64 2.0.2 7.00 69.00 76.00 NOTE
r-patched-linux-x86_64 2.0.2 7.99 63.52 71.51 OK
r-release-linux-x86_64 2.0.2 5.56 64.68 70.24 OK
r-release-macos-arm64 2.0.2 26.00 OK
r-release-macos-x86_64 2.0.2 44.00 OK
r-release-windows-x86_64 2.0.2 6.00 72.00 78.00 OK
r-oldrel-macos-arm64 2.0.2 32.00 OK
r-oldrel-macos-x86_64 2.0.2 80.00 OK
r-oldrel-windows-x86_64 2.0.2 6.00 81.00 87.00 OK

Check Details

Version: 2.0.2
Check: Rd cross-references
Result: NOTE Found the following Rd file(s) with Rd \link{} targets missing package anchors: dbglm.Rd: daisy dblm.Rd: daisy dbplsr.Rd: plsr, daisy disttoD2.rd: daisy Please provide package anchors for all Rd \link{} targets not in the package itself and the base packages. Flavor: r-devel-windows-x86_64