CRAN Package Check Results for Package dbstats

Last updated on 2015-04-27 19:47:11.

Flavor Version Tinstall Tcheck Ttotal Status Flags
r-devel-linux-x86_64-debian-clang 1.0.4 1.04 30.98 32.02 OK
r-devel-linux-x86_64-debian-gcc 1.0.4 1.03 30.99 32.02 OK
r-devel-linux-x86_64-fedora-clang 1.0.4 61.26 OK
r-devel-linux-x86_64-fedora-gcc 1.0.4 59.01 OK
r-devel-osx-x86_64-clang 1.0.4 58.71 OK
r-devel-windows-ix86+x86_64 1.0.4 4.00 63.00 67.00 OK
r-patched-linux-x86_64 1.0.4 1.02 30.97 31.99 OK
r-patched-solaris-sparc 1.0.4 418.80 OK
r-patched-solaris-x86 1.0.4 75.20 OK
r-release-linux-x86_64 1.0.4 1.04 32.40 33.43 OK
r-release-osx-x86_64-mavericks 1.0.4 OK
r-release-osx-x86_64-snowleopard 1.0.4 NOTE
r-release-windows-ix86+x86_64 1.0.4 6.00 58.00 64.00 OK
r-oldrel-windows-ix86+x86_64 1.0.4 3.00 53.00 56.00 OK

Check Details

Version: 1.0.4
Check: package dependencies
Result: NOTE
    Package suggested but not available for checking: ‘proxy’
Flavor: r-release-osx-x86_64-snowleopard

Version: 1.0.4
Check: Rd cross-references
Result: NOTE
    Package unavailable to check Rd xrefs: ‘proxy’
Flavor: r-release-osx-x86_64-snowleopard