CRAN Package Check Results for Package dbstats

Last updated on 2015-07-06 14:48:30.

Flavor Version Tinstall Tcheck Ttotal Status Flags
r-devel-linux-x86_64-debian-clang 1.0.4 0.98 29.71 30.69 NOTE
r-devel-linux-x86_64-debian-gcc 1.0.4 1.07 29.69 30.76 NOTE
r-devel-linux-x86_64-fedora-clang 1.0.4 58.61 NOTE
r-devel-linux-x86_64-fedora-gcc 1.0.4 56.26 NOTE
r-devel-osx-x86_64-clang 1.0.4 52.36 OK
r-devel-windows-ix86+x86_64 1.0.4 8.00 67.00 75.00 NOTE
r-patched-linux-x86_64 1.0.4 1.09 30.73 31.82 OK
r-patched-solaris-sparc 1.0.4 399.60 OK
r-patched-solaris-x86 1.0.4 75.70 OK
r-release-linux-x86_64 1.0.4 1.01 30.55 31.56 OK
r-release-osx-x86_64-mavericks 1.0.4 OK
r-release-windows-ix86+x86_64 1.0.4 7.00 49.00 56.00 OK
r-oldrel-windows-ix86+x86_64 1.0.4 7.00 76.00 83.00 OK

Check Details

Version: 1.0.4
Check: R code for possible problems
Result: NOTE
    D2toDist: no visible global function definition for ‘as.dist’
    controls_ldblm: no visible global function definition for ‘quantile’
    controls_ldblm: no visible global function definition for ‘as.dist’
    dbglm.D2: no visible binding for global variable ‘gaussian’
    dbglm.D2: no visible global function definition for ‘optimise’
    dbglm.Gram: no visible binding for global variable ‘gaussian’
    dbglm.dist: no visible binding for global variable ‘gaussian’
    dbglm.formula: no visible binding for global variable ‘gaussian’
    dbglm.iteration: no visible global function definition for ‘predict’
    dbglm.yz: no visible binding for global variable ‘gaussian’
    dblm.Gram: no visible global function definition for ‘optimise’
    formula_to_zy: no visible global function definition for ‘model.matrix’
    formula_to_zy: no visible global function definition for
     ‘model.response’
    ldbglm.D2: Error while checking: invalid ‘envir’ argument
    ldbglm.Gram: Error while checking: invalid ‘envir’ argument
    ldbglm.dist: Error while checking: invalid ‘envir’ argument
    ldbglm.formula: Error while checking: invalid ‘envir’ argument
    ldbglm.yz: Error while checking: invalid ‘envir’ argument
    ldblm.D2: no visible global function definition for ‘quantile’
    ldblm.dist: no visible global function definition for ‘quantile’
    plot.dblm: no visible global function definition for ‘par’
    plot.dblm: no visible global function definition for ‘devAskNewPage’
    plot.dblm: no visible global function definition for ‘extendrange’
    plot.dblm: no visible global function definition for ‘plot’
    plot.dblm: no visible global function definition for ‘abline’
    plot.dblm: no visible global function definition for ‘lines’
    plot.dblm: no visible global function definition for ‘lowess’
    plot.dblm: no visible global function definition for ‘strheight’
    plot.dblm: no visible global function definition for ‘text’
    plot.dblm: no visible global function definition for ‘qqnorm’
    plot.dblm: no visible global function definition for ‘qqline’
    plot.dblm: no visible global function definition for ‘legend’
    plot.dblm: no visible global function definition for ‘axis’
    plot.dbplsr: no visible global function definition for ‘par’
    plot.dbplsr: no visible global function definition for ‘devAskNewPage’
    plot.dbplsr: no visible global function definition for ‘plot’
    plot.dbplsr: no visible global function definition for ‘lines’
    plot.ldblm: no visible global function definition for ‘par’
    plot.ldblm: no visible global function definition for ‘devAskNewPage’
    plot.ldblm: no visible global function definition for ‘extendrange’
    plot.ldblm: no visible global function definition for ‘plot’
    plot.ldblm: no visible global function definition for ‘abline’
    plot.ldblm: no visible global function definition for ‘text’
    predict.dbglm: no visible global function definition for ‘model.matrix’
    predict.dbglm: no visible global function definition for ‘formula’
    predict.dbglm: no visible global function definition for ‘predict’
    predict.dblm: no visible global function definition for ‘model.matrix’
    predict.dblm: no visible global function definition for ‘formula’
    predict.dbplsr: no visible global function definition for
     ‘model.matrix’
    predict.dbplsr: no visible global function definition for ‘formula’
    predict.ldbglm: no visible global function definition for
     ‘model.matrix’
    predict.ldbglm: no visible global function definition for ‘formula’
    predict.ldbglm: no visible global function definition for ‘predict’
    predict.ldblm: no visible global function definition for ‘model.matrix’
    predict.ldblm: no visible global function definition for ‘formula’
    predict.ldblm: no visible global function definition for ‘predict’
    Undefined global functions or variables:
     abline as.dist axis devAskNewPage extendrange formula gaussian legend
     lines lowess model.matrix model.response optimise par plot predict
     qqline qqnorm quantile strheight text
Flavors: r-devel-linux-x86_64-debian-clang, r-devel-linux-x86_64-debian-gcc, r-devel-linux-x86_64-fedora-clang, r-devel-linux-x86_64-fedora-gcc

Version: 1.0.4
Check: R code for possible problems
Result: NOTE
    D2toDist: no visible global function definition for 'as.dist'
    controls_ldblm: no visible global function definition for 'quantile'
    controls_ldblm: no visible global function definition for 'as.dist'
    dbglm.D2: no visible binding for global variable 'gaussian'
    dbglm.D2: no visible global function definition for 'optimise'
    dbglm.Gram: no visible binding for global variable 'gaussian'
    dbglm.dist: no visible binding for global variable 'gaussian'
    dbglm.formula: no visible binding for global variable 'gaussian'
    dbglm.iteration: no visible global function definition for 'predict'
    dbglm.yz: no visible binding for global variable 'gaussian'
    dblm.Gram: no visible global function definition for 'optimise'
    formula_to_zy: no visible global function definition for 'model.matrix'
    formula_to_zy: no visible global function definition for
     'model.response'
    ldbglm.D2: no visible global function definition for 'gaussian'
    ldbglm.D2: no visible global function definition for 'quantile'
    ldbglm.Gram: no visible global function definition for 'gaussian'
    ldbglm.dist: no visible global function definition for 'gaussian'
    ldbglm.dist: no visible global function definition for 'quantile'
    ldbglm.formula: no visible global function definition for 'gaussian'
    ldbglm.yz: no visible global function definition for 'gaussian'
    ldblm.D2: no visible global function definition for 'quantile'
    ldblm.dist: no visible global function definition for 'quantile'
    plot.dblm: no visible global function definition for 'par'
    plot.dblm: no visible global function definition for 'devAskNewPage'
    plot.dblm: no visible global function definition for 'extendrange'
    plot.dblm: no visible global function definition for 'plot'
    plot.dblm: no visible global function definition for 'abline'
    plot.dblm: no visible global function definition for 'lines'
    plot.dblm: no visible global function definition for 'lowess'
    plot.dblm: no visible global function definition for 'strheight'
    plot.dblm: no visible global function definition for 'text'
    plot.dblm: no visible global function definition for 'qqnorm'
    plot.dblm: no visible global function definition for 'qqline'
    plot.dblm: no visible global function definition for 'legend'
    plot.dblm: no visible global function definition for 'axis'
    plot.dbplsr: no visible global function definition for 'par'
    plot.dbplsr: no visible global function definition for 'devAskNewPage'
    plot.dbplsr: no visible global function definition for 'plot'
    plot.dbplsr: no visible global function definition for 'lines'
    plot.ldblm: no visible global function definition for 'par'
    plot.ldblm: no visible global function definition for 'devAskNewPage'
    plot.ldblm: no visible global function definition for 'extendrange'
    plot.ldblm: no visible global function definition for 'plot'
    plot.ldblm: no visible global function definition for 'abline'
    plot.ldblm: no visible global function definition for 'text'
    predict.dbglm: no visible global function definition for 'model.matrix'
    predict.dbglm: no visible global function definition for 'formula'
    predict.dbglm: no visible global function definition for 'predict'
    predict.dblm: no visible global function definition for 'model.matrix'
    predict.dblm: no visible global function definition for 'formula'
    predict.dbplsr: no visible global function definition for
     'model.matrix'
    predict.dbplsr: no visible global function definition for 'formula'
    predict.ldbglm: no visible global function definition for
     'model.matrix'
    predict.ldbglm: no visible global function definition for 'formula'
    predict.ldbglm: no visible global function definition for 'predict'
    predict.ldblm: no visible global function definition for 'model.matrix'
    predict.ldblm: no visible global function definition for 'formula'
    predict.ldblm: no visible global function definition for 'predict'
    Undefined global functions or variables:
     abline as.dist axis devAskNewPage extendrange formula gaussian legend
     lines lowess model.matrix model.response optimise par plot predict
     qqline qqnorm quantile strheight text
Flavor: r-devel-windows-ix86+x86_64